{"id":22956,"date":"2025-08-01T17:07:09","date_gmt":"2025-08-01T15:07:09","guid":{"rendered":"https:\/\/uj.adatbank.ro\/lexikon\/termek\/teutsch-andreas\/"},"modified":"2025-08-01T17:07:09","modified_gmt":"2025-08-01T15:07:09","slug":"teutsch-andreas","status":"publish","type":"product","link":"https:\/\/uj.adatbank.ro\/lexikon\/termek\/teutsch-andreas\/","title":{"rendered":"TEUTSCH, Andreas"},"content":{"rendered":"<p>Segesv\u00e1r, 1669., \u2020 Nagyszeben, 1730. (vagy 1739.) aug. 18.: orvosdoktor, teol\u00f3gus, f\u00f6ldrajzkutat\u00f3, a sz\u00e1szok gr\u00f3fja, egyh\u00e1zi \u00e9nekk\u00f6lt\u0151. \u2013 Apja T. Andreas Segesv\u00e1ron aranym\u0171ves volt. Wittenbergben (1688\u2013), Utrechben \u00e9s J\u00e9n\u00e1ban tanult (1693\u2013). Nagyszebenben telepedett le, ahol a v\u00e1ros tisztif\u0151orvosa, ker\u00fcleti jegyz\u0151 (1701\u2013), v\u00e1rosi tan\u00e1csos (1702\u2013), polg\u00e1rmester (1704\u2013), kir\u00e1lyi b\u00edr\u00f3 volt (1710\u2013), a sz\u00e1szok gr\u00f3fja. K\u00fczd\u00f6tt a t\u00f6r\u00f6k hatalom ellen, haz\u00e1ja felszabad\u00edt\u00e1s\u00e1\u00e9rt, az iskol\u00e1k radik\u00e1lis meg\u00faj\u00edt\u00e1s\u00e1\u00e9rt, a pietizmus erd\u00e9lyi elterjed\u00e9s\u00e9\u00e9rt. A neki al\u00e1rendelt ter\u00fcleteken megsz\u00fcntette a boszork\u00e1nypereket. Irodalmilag a jog- \u00e9s orvostudom\u00e1ny, valamint a teol\u00f3gia ter\u00e9n m\u0171k\u00f6d\u00f6tt. Cartesiusnak \u00e9s Poiret-nek volt k\u00f6vet\u0151je s p\u00e1rtolta a pietizmust is. T\u00f6rt\u00e9nelmi \u00e9s f\u00f6ldrajzi t\u00e1rgy\u00fa \u00edr\u00e1sai k\u00f6z\u00fcl a Historica geographica et topographica descriptio hodiernae DaciaeTransylvanicae c. m\u0171v\u00e9ben az erd\u00e9lyi rom\u00e1nokkal behat\u00f3an foglalkozott. Egyh\u00e1zi \u00e9nekk\u00f6lt\u00e9szet\u00e9ben a zsolt\u00e1r k\u00f6r\u00fcl\u00edr\u00e1s, parafraz\u00e1l\u00e1s hagyom\u00e1ny\u00e1hoz z\u00e1rk\u00f3zott fel Opitzig visszamen\u0151en. \u00dajra kiadta egy n\u00e9met tud\u00f3snak \u201eDie Frage: was fehlet mir noch? Matth. XIX. v. 20. beantwortet\u2026\u201d c. munk\u00e1j\u00e1t (1705.) \u00e9s Erasmusnak \u201ePrecationes\u201d c. m\u0171v\u00e9t (1720.). Teutsch-h\u00e1z, Segesv\u00e1ron \u00e9p\u00fclt a 16\u201318. sz. -ban, \u00e1talak\u00edtott\u00e1k 1850\u20131915. k\u00f6z\u00f6tt, az \u201eA\u201d kateg\u00f3ri\u00e1ba tartoz\u00f3 m\u0171eml\u00e9k (M\u0103n\u0103stirii u. 6.); a m\u00e1sik Teutsch-h\u00e1z a 17. sz. ban \u00e9p\u00fclt (\u015ecolii u. 17.). \u2013  <strong>F. m..:<\/strong> E naturali atque medica scientia positiones miscellaneae (Wittenbergae, 1690).; Dissertatio chymico-medica de tincturis martialibus (Trajecti ad Rhenum, 1693).; Die Frage: Was fehlet mir noch? (Hermannstadt, 1705). \u00dcbung des wahren Christenthums. (Hermannstadt, 1706); Davidische Harffen, oder des Heiligen K\u00f6niges und Propheten Davids mehriste Psalmen. (Hermannstadt, 1707); Kurzer und einf\u00e4ltiger Unterricht, wie man die Heilige Schrift zu einer wahren Erbauung lesen solte (Hermannstadt, 1707); Nachfolgung Christi (Kempis Tam\u00e1s ut\u00e1n ford\u00edtotta \u00e9s el\u0151sz\u00f3val ell\u00e1tta). (Nagyszeben, 1709.). <br \/><strong>\u2013 Irod.:<\/strong> Barth, Hans; Czir\u00e1ki Zsuzsanna: Az erd\u00e9lyi sz\u00e1szok t\u00f6rt\u00e9nete \u2013 Erd\u00e9lyi sz\u00e1sz irodalomt\u00f6rt\u00e9net (Koz\u00e1rmisleny, 2006); Font; Gy\u0151ry; LSS; Pataki; Pint\u00e9r; Puk\u00e1nszky B\u00e9la: A mo.-i n\u00e9met irodalom t\u00f6rt\u00e9nete (Bp., 1926), RMK; S\u00e2n-Giorgiu, Ion: Aspecte literare (Sibiu, 1938); Szinnyei; Szinnyei J. \u2013 Sz. J., Todea; Valori mure\u015fene de patrimoniu, Zov\u00e1nyi.<\/br><\/p>\n","protected":false},"excerpt":{"rendered":"<p>Segesv\u00e1r, 1669., \u2020 Nagyszeben, 1730. (vagy 1739.) aug. 18.: orvosdoktor, teol\u00f3gus, f\u00f6ldrajzkutat\u00f3, a sz\u00e1szok gr\u00f3fja, egyh\u00e1zi \u00e9nekk\u00f6lt\u0151. \u2013 Apja T. Andreas Segesv\u00e1ron aranym\u0171ves volt. Wittenbergben (1688\u2013), Utrechben \u00e9s J\u00e9n\u00e1ban tanult (1693\u2013). Nagyszebenben telepedett le, ahol a v\u00e1ros tisztif\u0151orvosa, ker\u00fcleti jegyz\u0151 (1701\u2013), v\u00e1rosi tan\u00e1csos (1702\u2013), polg\u00e1rmester (1704\u2013), kir\u00e1lyi b\u00edr\u00f3 volt (1710\u2013), a sz\u00e1szok gr\u00f3fja. K\u00fczd\u00f6tt a [&hellip;]<\/p>\n","protected":false},"featured_media":0,"comment_status":"open","ping_status":"closed","template":"","meta":[],"product_brand":[],"product_cat":[137],"product_tag":[],"class_list":{"0":"post-22956","1":"product","2":"type-product","3":"status-publish","5":"product_cat-maros-megyei-eletrajzi-lexikon","7":"first","8":"instock","9":"shipping-taxable","10":"product-type-simple"},"_links":{"self":[{"href":"https:\/\/uj.adatbank.ro\/lexikon\/wp-json\/wp\/v2\/product\/22956","targetHints":{"allow":["GET"]}}],"collection":[{"href":"https:\/\/uj.adatbank.ro\/lexikon\/wp-json\/wp\/v2\/product"}],"about":[{"href":"https:\/\/uj.adatbank.ro\/lexikon\/wp-json\/wp\/v2\/types\/product"}],"replies":[{"embeddable":true,"href":"https:\/\/uj.adatbank.ro\/lexikon\/wp-json\/wp\/v2\/comments?post=22956"}],"wp:attachment":[{"href":"https:\/\/uj.adatbank.ro\/lexikon\/wp-json\/wp\/v2\/media?parent=22956"}],"wp:term":[{"taxonomy":"product_brand","embeddable":true,"href":"https:\/\/uj.adatbank.ro\/lexikon\/wp-json\/wp\/v2\/product_brand?post=22956"},{"taxonomy":"product_cat","embeddable":true,"href":"https:\/\/uj.adatbank.ro\/lexikon\/wp-json\/wp\/v2\/product_cat?post=22956"},{"taxonomy":"product_tag","embeddable":true,"href":"https:\/\/uj.adatbank.ro\/lexikon\/wp-json\/wp\/v2\/product_tag?post=22956"}],"curies":[{"name":"wp","href":"https:\/\/api.w.org\/{rel}","templated":true}]}}

<p>Segesvár, 1669., † Nagyszeben, 1730. (vagy 1739.) aug. 18.: orvosdoktor, teológus, földrajzkutató, a szászok grófja, egyházi énekköltő. – Apja T. Andreas Segesváron aranyműves volt. Wittenbergben (1688–), Utrechben és Jénában tanult (1693–). Nagyszebenben telepedett le, ahol a város tisztifőorvosa, kerületi jegyző (1701–), városi tanácsos (1702–), polgármester (1704–), királyi bíró volt (1710–), a szászok grófja. Küzdött a török hatalom ellen, hazája felszabadításáért, az iskolák radikális megújításáért, a pietizmus erdélyi elterjedéséért. A neki alárendelt területeken megszüntette a boszorkánypereket. Irodalmilag a jog- és orvostudomány, valamint a teológia terén működött. Cartesiusnak és Poiret-nek volt követője s pártolta a pietizmust is. Történelmi és földrajzi tárgyú írásai közül a Historica geographica et topographica descriptio hodiernae DaciaeTransylvanicae c. művében az erdélyi románokkal behatóan foglalkozott. Egyházi énekköltészetében a zsoltár körülírás, parafrazálás hagyományához zárkózott fel Opitzig visszamenően. Újra kiadta egy német tudósnak „Die Frage: was fehlet mir noch? Matth. XIX. v. 20. beantwortet…” c. munkáját (1705.) és Erasmusnak „Precationes” c. művét (1720.). Teutsch-ház, Segesváron épült a 16–18. sz. -ban, átalakították 1850–1915. között, az „A” kategóriába tartozó műemlék (Mănăstirii u. 6.); a másik Teutsch-ház a 17. sz. ban épült (Şcolii u. 17.). –  <strong>F. m..:</strong> E naturali atque medica scientia positiones miscellaneae (Wittenbergae, 1690).; Dissertatio chymico-medica de tincturis martialibus (Trajecti ad Rhenum, 1693).; Die Frage: Was fehlet mir noch? (Hermannstadt, 1705). Übung des wahren Christenthums. (Hermannstadt, 1706); Davidische Harffen, oder des Heiligen Königes und Propheten Davids mehriste Psalmen. (Hermannstadt, 1707); Kurzer und einfältiger Unterricht, wie man die Heilige Schrift zu einer wahren Erbauung lesen solte (Hermannstadt, 1707); Nachfolgung Christi (Kempis Tamás után fordította és előszóval ellátta). (Nagyszeben, 1709.). <br /><strong>– Irod.:</strong> Barth, Hans; Cziráki Zsuzsanna: Az erdélyi szászok története – Erdélyi szász irodalomtörténet (Kozármisleny, 2006); Font; Győry; LSS; Pataki; Pintér; Pukánszky Béla: A mo.-i német irodalom története (Bp., 1926), RMK; Sân-Giorgiu, Ion: Aspecte literare (Sibiu, 1938); Szinnyei; Szinnyei J. – Sz. J., Todea; Valori mureşene de patrimoniu, Zoványi.</br></p>

<p>Segesvár, 1669., † Nagyszeben, 1730. (vagy 1739.) aug. 18.: orvosdoktor, teológus, földrajzkutató, a szászok grófja, egyházi énekköltő. – Apja T. Andreas Segesváron aranyműves volt. Wittenbergben (1688–), Utrechben és Jénában tanult (1693–). Nagyszebenben telepedett le, ahol a város tisztifőorvosa, kerületi jegyző (1701–), városi tanácsos (1702–), polgármester (1704–), királyi bíró volt (1710–), a szászok grófja. Küzdött a [&hellip;]</p>
