{"id":22958,"date":"2025-08-01T17:07:14","date_gmt":"2025-08-01T15:07:14","guid":{"rendered":"https:\/\/uj.adatbank.ro\/lexikon\/termek\/teutsch-friedrich-m-%c2%a7-frigyes\/"},"modified":"2025-08-01T17:07:14","modified_gmt":"2025-08-01T15:07:14","slug":"teutsch-friedrich-m-%c2%a7-frigyes","status":"publish","type":"product","link":"https:\/\/uj.adatbank.ro\/lexikon\/termek\/teutsch-friedrich-m-%c2%a7-frigyes\/","title":{"rendered":"TEUTSCH, Friedrich M., \u00a7 Frigyes"},"content":{"rendered":"<p>Segesv\u00e1r, 1852. szept. 16., \u2020 Szeben, 1933. febr. 11.: t\u00f6rt\u00e9n\u00e9sz, lelk\u00e9sz, ev. p\u00fcsp\u00f6k. \u2013 G. D. Teutsch p\u00fcsp\u00f6k fia. Tanult a szebeni jogakad.-\u00e1n (1869\u201370), t\u00f6rt\u00e9nelmet \u00e9s teol\u00f3gi\u00e1t a Heidelbergi Egy Hittud. \u00e9s B\u00f6lcs Kar\u00e1n (1870\u201372), Lipcs\u00e9ben az egy. Hittud. \u00e9s B\u00f6lcs. Kar\u00e1n (1872\u201373) \u00e9s Berlinben az egy B\u00f6lcs. Kar\u00e1n (1873\u201374). Disszert\u00e1ci\u00f3j\u00e1t a H\u00e1rom erd\u00e9lyi nemzet uni\u00f3j\u00e1r\u00f3l Heidelbergben v\u00e9dte meg (1874), b\u00f6lcs\u00e9szdoktori oklevelet szerzett. Tan\u00e1r volt a szebeni gimn\u00e1zium papi szemin\u00e1rium\u00e1ban (1876\u2013), majd rektor (1889\u2013). Nagycs\u0171r\u00f6n ev. lelk\u00e9sz (1896\u20131903), p\u00fcsp\u00f6ki vik\u00e1rius (1899\u2013), a j\u00e9nai egy. t. teol. doktora (1899), a nagyszebeni ev. egyh\u00e1zk\u00f6zs\u00e9g papja (1903. dec.-\u201306); lelk\u00e9sz Sz\u00e1szd\u00e1ny\u00e1nban (1906\u201332), p\u00fcsp\u00f6kk\u00e9 v\u00e1lasztott\u00e1k (1906. okt. 31.) nyugalomba vonult (1932. szept. 17.). Mv.-en r\u00e9szt vett a luther\u00e1nus egyh\u00e1z fenn\u00e1ll\u00e1s\u00e1nak \u00e9s templom\u00e1nak sz\u00e1zadik \u00e9vfordul\u00f3j\u00e1n tartott \u00fcnneps\u00e9geken (1929), valamint Beyer F\u00fcl\u00f6p lelk\u00e9sz m\u0171k\u00f6d\u00e9s\u00e9nek 25. \u00e9vfordul\u00f3j\u00e1n. Egyszem\u00e9lyben volt term\u00e9keny t\u00f6rt\u00e9n\u00e9sz, publicista, pedag\u00f3gus, jogtud\u00f3s, n\u00e9pvez\u00e9r, lelk\u00e9sz, p\u00fcsp\u00f6k. T\u00f6rt\u00e9n\u00e9szk\u00e9nt folytatta \u00e9desapja m\u0171v\u00e9t, a Geschichte der Siebenb\u00fcrger Sachsen f\u00fcr das s\u00e4chsische Volk, melynek els\u0151 k\u00f6tet\u00e9t apja G. D. T. \u00edrta (1699-ig), \u00e9s amely gerince a sz\u00e1sz tudom\u00e1nyos irodalomnak. Hozz\u00e1j\u00e1rult az erd\u00e9lyi sz\u00e1sz iskola\u00fcgy fejleszt\u00e9s\u00e9hez. A Siebenb\u00fcrgisch-deutsches Tageblattban k\u00f6z\u00f6lt publicisztik\u00e1ja a nemzetis\u00e9gi harc \u00e9s kult\u00far\u00e9let szolg\u00e1lat\u00e1ban \u00e1llt. Az Erd\u00e9lyi Orsz\u00e1gismereti Egyes\u00fclet (V\u00e4rein f\u00fcr siebenb\u00fcrgische Landeskunde) eln\u00f6ke (1893). A k\u00f6nigsbergi Guszt\u00e1v Adolf Egyes. k\u00f6zgy\u0171l\u00e9se (1900-t\u00f3l), a sz\u00e1sz nemzeti egy., a ker. \u00e9s orsz. konziszt\u00f3rium tagja. A Rom\u00e1n Akad. tb. tagja (1919. j\u00fan. 7.). \u2013  <strong>F. m..:<\/strong> Die \u201eUnionen\u201d der st\u00e4ndischen \u201eNationen\u201d in Siebenb\u00fcrgen bis 1542 (Hermannstadt, 1874); Der Sachsengraf Albert Huet (Nagyszeben, 1875.); Die Seminarfrage der ev. Landeskirche (Nagyszeben, 1884.); Denkrede auf D. Georg Daniel Teutsch (Nagyszeben, 1894.); Die Art der Ansiedelung der Siebenb\u00fcrger Sachsen (Stuttgart, 1895); Die siebenb\u00fcrgisch-s\u00e4chsischen Schulordnungen 1543\u20131883, 1\u20132. (Berlin, 1888\u201392); Bilder aus der vaterl\u00e4ndischen Geschichte. Kiad. t\u00f6bbekkel (Hermannstadt, 1895); Kurze Mitteilungen \u00fcber die Volksschule der Siebenb\u00fcrgischen Sachsen (Hermannstadt, 1896); Stille Jahre 1805\u20131830. \u2013 Die Sachsen im Jahre 1848\u201349 (Hermannstadt, 1896); Geschichte der Siebenb\u00fcrger Sachsen f\u00fcr das s\u00e4chsische Volk (Hermannstadt, 1899); Denkrede auf Albert Arz von Straussenburg&#8230; (Hermannstadt, 1901); Von dem Arbeitsfeld der evangelischen Kirche A. B. in Siebenb\u00fcrgen (Hermannstadt, 1902); Samuel von Bruckenthal (Hermannstadt, 1903); Vorstellung des Landeskonsistoriums betr. den Volksschul-Gesetzentwurf (Hermannstadt, 1907); Georg Daniel T.: Geschichte seines Lebens (Hermannstadt, 1894; 1909), Die siebenb\u00fcrger Sachsen (Hermannstadt, 1916); Geschichte der Ev. Kirche in Siebenb\u00fcrgen (Hermannstadtm 1921-.22). <br \/><strong>\u2013 Irod.:<\/strong> Apold; Bartoniek Emma: Magyar t\u00f6rt\u00e9neti forr\u00e1skiadv\u00e1nyok (Bp., 1929); Czir\u00e1ki Zsuzsanna: Az erd\u00e9lyi sz\u00e1szok t\u00f6rt\u00e9nete \u2013 Erd\u00e9lyi sz\u00e1sz irodalomt\u00f6rt\u00e9net (Koz\u00e1rmisleny, 2006); Degener; Deutsch-ungarische Begegnungen (Bp.\u2013Leipzig\u2013Milano, 1943); Endes Mikl\u00f3s: Erd\u00e9ly h\u00e1rom nemzete \u00e9s n\u00e9gy vall\u00e1sa auton\u00f3mi\u00e1j\u00e1nak t\u00f6rt\u00e9nete (Bp., 1935); Homan; Id\u0151t\u00e1r 3; Iorga, N.: Oameni cari am fost (V\u0103lenii de Munte, 1911\u201339); Kem\u00e9ny B\u00e9la: Ungarn (Bp., 1931); LSS; Mik\u00f3 Imre: Nemzetis\u00e9gi jog \u00e9s nemzetis\u00e9gi politika (Kv., 1944); Neugeboren Emil: Az erd\u00e9lyi sz\u00e1szok (Bp., 1913); Osv\u00e1t; Pascu; Puk\u00e1nszky B\u00e9la: A mo.-i n\u00e9met irodalom t\u00f6rt\u00e9nete (Bp., 1926), R\u00e9v\u00e9sz Imre: A magyaro.-i protestantizmus tudom\u00e1nyos t\u00f6rt\u00e9net\u00edr\u00e1sa (Debrecen, 1924); RNL; S\u00e2n-Giorgiu, Ion: Aspecte literare (Sibiu, 1938); S\u00f3lyom Jen\u0151: Luther \u00e9s Mo. (Bp., 1933); Szab\u00f3\u2013Simon\u2013Sz\u00f6gi; Szinnyei; Transilvania; \u00daM\u00c9L.<\/br><\/p>\n","protected":false},"excerpt":{"rendered":"<p>Segesv\u00e1r, 1852. szept. 16., \u2020 Szeben, 1933. febr. 11.: t\u00f6rt\u00e9n\u00e9sz, lelk\u00e9sz, ev. p\u00fcsp\u00f6k. \u2013 G. D. Teutsch p\u00fcsp\u00f6k fia. Tanult a szebeni jogakad.-\u00e1n (1869\u201370), t\u00f6rt\u00e9nelmet \u00e9s teol\u00f3gi\u00e1t a Heidelbergi Egy Hittud. \u00e9s B\u00f6lcs Kar\u00e1n (1870\u201372), Lipcs\u00e9ben az egy. Hittud. \u00e9s B\u00f6lcs. Kar\u00e1n (1872\u201373) \u00e9s Berlinben az egy B\u00f6lcs. Kar\u00e1n (1873\u201374). Disszert\u00e1ci\u00f3j\u00e1t a H\u00e1rom erd\u00e9lyi nemzet [&hellip;]<\/p>\n","protected":false},"featured_media":0,"comment_status":"open","ping_status":"closed","template":"","meta":[],"product_brand":[],"product_cat":[137],"product_tag":[],"class_list":{"0":"post-22958","1":"product","2":"type-product","3":"status-publish","5":"product_cat-maros-megyei-eletrajzi-lexikon","7":"first","8":"instock","9":"shipping-taxable","10":"product-type-simple"},"_links":{"self":[{"href":"https:\/\/uj.adatbank.ro\/lexikon\/wp-json\/wp\/v2\/product\/22958","targetHints":{"allow":["GET"]}}],"collection":[{"href":"https:\/\/uj.adatbank.ro\/lexikon\/wp-json\/wp\/v2\/product"}],"about":[{"href":"https:\/\/uj.adatbank.ro\/lexikon\/wp-json\/wp\/v2\/types\/product"}],"replies":[{"embeddable":true,"href":"https:\/\/uj.adatbank.ro\/lexikon\/wp-json\/wp\/v2\/comments?post=22958"}],"wp:attachment":[{"href":"https:\/\/uj.adatbank.ro\/lexikon\/wp-json\/wp\/v2\/media?parent=22958"}],"wp:term":[{"taxonomy":"product_brand","embeddable":true,"href":"https:\/\/uj.adatbank.ro\/lexikon\/wp-json\/wp\/v2\/product_brand?post=22958"},{"taxonomy":"product_cat","embeddable":true,"href":"https:\/\/uj.adatbank.ro\/lexikon\/wp-json\/wp\/v2\/product_cat?post=22958"},{"taxonomy":"product_tag","embeddable":true,"href":"https:\/\/uj.adatbank.ro\/lexikon\/wp-json\/wp\/v2\/product_tag?post=22958"}],"curies":[{"name":"wp","href":"https:\/\/api.w.org\/{rel}","templated":true}]}}

<p>Segesvár, 1852. szept. 16., † Szeben, 1933. febr. 11.: történész, lelkész, ev. püspök. – G. D. Teutsch püspök fia. Tanult a szebeni jogakad.-án (1869–70), történelmet és teológiát a Heidelbergi Egy Hittud. és Bölcs Karán (1870–72), Lipcsében az egy. Hittud. és Bölcs. Karán (1872–73) és Berlinben az egy Bölcs. Karán (1873–74). Disszertációját a Három erdélyi nemzet uniójáról Heidelbergben védte meg (1874), bölcsészdoktori oklevelet szerzett. Tanár volt a szebeni gimnázium papi szemináriumában (1876–), majd rektor (1889–). Nagycsűrön ev. lelkész (1896–1903), püspöki vikárius (1899–), a jénai egy. t. teol. doktora (1899), a nagyszebeni ev. egyházközség papja (1903. dec.-–06); lelkész Szászdányánban (1906–32), püspökké választották (1906. okt. 31.) nyugalomba vonult (1932. szept. 17.). Mv.-en részt vett a lutheránus egyház fennállásának és templomának századik évfordulóján tartott ünnepségeken (1929), valamint Beyer Fülöp lelkész működésének 25. évfordulóján. Egyszemélyben volt termékeny történész, publicista, pedagógus, jogtudós, népvezér, lelkész, püspök. Történészként folytatta édesapja művét, a Geschichte der Siebenbürger Sachsen für das sächsische Volk, melynek első kötetét apja G. D. T. írta (1699-ig), és amely gerince a szász tudományos irodalomnak. Hozzájárult az erdélyi szász iskolaügy fejlesztéséhez. A Siebenbürgisch-deutsches Tageblattban közölt publicisztikája a nemzetiségi harc és kultúrélet szolgálatában állt. Az Erdélyi Országismereti Egyesület (Värein für siebenbürgische Landeskunde) elnöke (1893). A königsbergi Gusztáv Adolf Egyes. közgyűlése (1900-tól), a szász nemzeti egy., a ker. és orsz. konzisztórium tagja. A Román Akad. tb. tagja (1919. jún. 7.). –  <strong>F. m..:</strong> Die „Unionen” der ständischen „Nationen” in Siebenbürgen bis 1542 (Hermannstadt, 1874); Der Sachsengraf Albert Huet (Nagyszeben, 1875.); Die Seminarfrage der ev. Landeskirche (Nagyszeben, 1884.); Denkrede auf D. Georg Daniel Teutsch (Nagyszeben, 1894.); Die Art der Ansiedelung der Siebenbürger Sachsen (Stuttgart, 1895); Die siebenbürgisch-sächsischen Schulordnungen 1543–1883, 1–2. (Berlin, 1888–92); Bilder aus der vaterländischen Geschichte. Kiad. többekkel (Hermannstadt, 1895); Kurze Mitteilungen über die Volksschule der Siebenbürgischen Sachsen (Hermannstadt, 1896); Stille Jahre 1805–1830. – Die Sachsen im Jahre 1848–49 (Hermannstadt, 1896); Geschichte der Siebenbürger Sachsen für das sächsische Volk (Hermannstadt, 1899); Denkrede auf Albert Arz von Straussenburg&#8230; (Hermannstadt, 1901); Von dem Arbeitsfeld der evangelischen Kirche A. B. in Siebenbürgen (Hermannstadt, 1902); Samuel von Bruckenthal (Hermannstadt, 1903); Vorstellung des Landeskonsistoriums betr. den Volksschul-Gesetzentwurf (Hermannstadt, 1907); Georg Daniel T.: Geschichte seines Lebens (Hermannstadt, 1894; 1909), Die siebenbürger Sachsen (Hermannstadt, 1916); Geschichte der Ev. Kirche in Siebenbürgen (Hermannstadtm 1921-.22). <br /><strong>– Irod.:</strong> Apold; Bartoniek Emma: Magyar történeti forráskiadványok (Bp., 1929); Cziráki Zsuzsanna: Az erdélyi szászok története – Erdélyi szász irodalomtörténet (Kozármisleny, 2006); Degener; Deutsch-ungarische Begegnungen (Bp.–Leipzig–Milano, 1943); Endes Miklós: Erdély három nemzete és négy vallása autonómiájának története (Bp., 1935); Homan; Időtár 3; Iorga, N.: Oameni cari am fost (Vălenii de Munte, 1911–39); Kemény Béla: Ungarn (Bp., 1931); LSS; Mikó Imre: Nemzetiségi jog és nemzetiségi politika (Kv., 1944); Neugeboren Emil: Az erdélyi szászok (Bp., 1913); Osvát; Pascu; Pukánszky Béla: A mo.-i német irodalom története (Bp., 1926), Révész Imre: A magyaro.-i protestantizmus tudományos történetírása (Debrecen, 1924); RNL; Sân-Giorgiu, Ion: Aspecte literare (Sibiu, 1938); Sólyom Jenő: Luther és Mo. (Bp., 1933); Szabó–Simon–Szögi; Szinnyei; Transilvania; ÚMÉL.</br></p>

<p>Segesvár, 1852. szept. 16., † Szeben, 1933. febr. 11.: történész, lelkész, ev. püspök. – G. D. Teutsch püspök fia. Tanult a szebeni jogakad.-án (1869–70), történelmet és teológiát a Heidelbergi Egy Hittud. és Bölcs Karán (1870–72), Lipcsében az egy. Hittud. és Bölcs. Karán (1872–73) és Berlinben az egy Bölcs. Karán (1873–74). Disszertációját a Három erdélyi nemzet [&hellip;]</p>
