{"id":22961,"date":"2025-08-01T17:07:22","date_gmt":"2025-08-01T15:07:22","guid":{"rendered":"https:\/\/uj.adatbank.ro\/lexikon\/termek\/teutsch-johann-friedrich\/"},"modified":"2025-08-01T17:07:22","modified_gmt":"2025-08-01T15:07:22","slug":"teutsch-johann-friedrich","status":"publish","type":"product","link":"https:\/\/uj.adatbank.ro\/lexikon\/termek\/teutsch-johann-friedrich\/","title":{"rendered":"TEUTSCH Johann Friedrich"},"content":{"rendered":"<p>Segesv\u00e1r, 1835. \u00e1pr. 4., \u2020 ?: evang. lelk\u00e9sz. \u2013 Apja szappanf\u0151z\u0151. A f\u0151gimn\u00e1ziumot sz\u00fcl\u0151v\u00e1ros\u00e1ban elv\u00e9gezve (1854) a t\u00fcbingeni egyetemre ment teol\u00f3gi\u00e1ra (1854\u201355); a k\u00f6vetkez\u0151 \u00e9vben Berlinben tanult (1855\u201356). Hazat\u00e9rt sz\u00fcl\u0151v\u00e1ros\u00e1ba \u00e9s ott hitoktat\u00f3 a gimn\u00e1ziumban \u00e9s hitsz\u00f3nok (1856\u201369); azut\u00e1n Benn\u00e9re ment szint\u00e9n papnak, (1869\u2013) majd Sz\u00e1szk\u00e9zdre lelk\u00e9sz-helyettesnek (1876\u201382); azut\u00e1n visszat\u00e9rt Segesv\u00e1rra (1882. m\u00e1rc. 7\u201317.), ahol ism\u00e9t elfoglalta lelk\u00e9szi \u00e1ll\u00e1s\u00e1t. Nyugalomba vonult (?). T\u00f6bb egyh\u00e1zi \u00e9s polg\u00e1ri tiszts\u00e9get is viselt. <br \/><strong>\u2013 Irod.:<\/strong> A magyaro.-i k\u00f6z\u00e9piskol\u00e1kban 1850\u20131855 megjelent \u00f6sszes program\u00e9rtekez\u00e9seknek repert\u00f3riuma (Bp., 1887), Szab\u00f3\u2013Simon\u2013Sz\u00f6gi; Szinnyei, Szinnyei J., Teutsch F.<\/br><\/p>\n","protected":false},"excerpt":{"rendered":"<p>Segesv\u00e1r, 1835. \u00e1pr. 4., \u2020 ?: evang. lelk\u00e9sz. \u2013 Apja szappanf\u0151z\u0151. A f\u0151gimn\u00e1ziumot sz\u00fcl\u0151v\u00e1ros\u00e1ban elv\u00e9gezve (1854) a t\u00fcbingeni egyetemre ment teol\u00f3gi\u00e1ra (1854\u201355); a k\u00f6vetkez\u0151 \u00e9vben Berlinben tanult (1855\u201356). Hazat\u00e9rt sz\u00fcl\u0151v\u00e1ros\u00e1ba \u00e9s ott hitoktat\u00f3 a gimn\u00e1ziumban \u00e9s hitsz\u00f3nok (1856\u201369); azut\u00e1n Benn\u00e9re ment szint\u00e9n papnak, (1869\u2013) majd Sz\u00e1szk\u00e9zdre lelk\u00e9sz-helyettesnek (1876\u201382); azut\u00e1n visszat\u00e9rt Segesv\u00e1rra (1882. m\u00e1rc. 7\u201317.), ahol [&hellip;]<\/p>\n","protected":false},"featured_media":0,"comment_status":"open","ping_status":"closed","template":"","meta":[],"product_brand":[],"product_cat":[137],"product_tag":[],"class_list":{"0":"post-22961","1":"product","2":"type-product","3":"status-publish","5":"product_cat-maros-megyei-eletrajzi-lexikon","7":"first","8":"instock","9":"shipping-taxable","10":"product-type-simple"},"_links":{"self":[{"href":"https:\/\/uj.adatbank.ro\/lexikon\/wp-json\/wp\/v2\/product\/22961","targetHints":{"allow":["GET"]}}],"collection":[{"href":"https:\/\/uj.adatbank.ro\/lexikon\/wp-json\/wp\/v2\/product"}],"about":[{"href":"https:\/\/uj.adatbank.ro\/lexikon\/wp-json\/wp\/v2\/types\/product"}],"replies":[{"embeddable":true,"href":"https:\/\/uj.adatbank.ro\/lexikon\/wp-json\/wp\/v2\/comments?post=22961"}],"wp:attachment":[{"href":"https:\/\/uj.adatbank.ro\/lexikon\/wp-json\/wp\/v2\/media?parent=22961"}],"wp:term":[{"taxonomy":"product_brand","embeddable":true,"href":"https:\/\/uj.adatbank.ro\/lexikon\/wp-json\/wp\/v2\/product_brand?post=22961"},{"taxonomy":"product_cat","embeddable":true,"href":"https:\/\/uj.adatbank.ro\/lexikon\/wp-json\/wp\/v2\/product_cat?post=22961"},{"taxonomy":"product_tag","embeddable":true,"href":"https:\/\/uj.adatbank.ro\/lexikon\/wp-json\/wp\/v2\/product_tag?post=22961"}],"curies":[{"name":"wp","href":"https:\/\/api.w.org\/{rel}","templated":true}]}}

<p>Segesvár, 1835. ápr. 4., † ?: evang. lelkész. – Apja szappanfőző. A főgimnáziumot szülővárosában elvégezve (1854) a tübingeni egyetemre ment teológiára (1854–55); a következő évben Berlinben tanult (1855–56). Hazatért szülővárosába és ott hitoktató a gimnáziumban és hitszónok (1856–69); azután Bennére ment szintén papnak, (1869–) majd Szászkézdre lelkész-helyettesnek (1876–82); azután visszatért Segesvárra (1882. márc. 7–17.), ahol ismét elfoglalta lelkészi állását. Nyugalomba vonult (?). Több egyházi és polgári tisztséget is viselt. <br /><strong>– Irod.:</strong> A magyaro.-i középiskolákban 1850–1855 megjelent összes programértekezéseknek repertóriuma (Bp., 1887), Szabó–Simon–Szögi; Szinnyei, Szinnyei J., Teutsch F.</br></p>

<p>Segesvár, 1835. ápr. 4., † ?: evang. lelkész. – Apja szappanfőző. A főgimnáziumot szülővárosában elvégezve (1854) a tübingeni egyetemre ment teológiára (1854–55); a következő évben Berlinben tanult (1855–56). Hazatért szülővárosába és ott hitoktató a gimnáziumban és hitszónok (1856–69); azután Bennére ment szintén papnak, (1869–) majd Szászkézdre lelkész-helyettesnek (1876–82); azután visszatért Segesvárra (1882. márc. 7–17.), ahol [&hellip;]</p>
