{"id":22963,"date":"2025-08-01T17:07:25","date_gmt":"2025-08-01T15:07:25","guid":{"rendered":"https:\/\/uj.adatbank.ro\/lexikon\/termek\/teutsch-julius-gyula\/"},"modified":"2025-08-01T17:07:25","modified_gmt":"2025-08-01T15:07:25","slug":"teutsch-julius-gyula","status":"publish","type":"product","link":"https:\/\/uj.adatbank.ro\/lexikon\/termek\/teutsch-julius-gyula\/","title":{"rendered":"TEUTSCH, Julius; Gyula"},"content":{"rendered":"<p>Sz\u00e1szk\u00e9zd, 1850. febr. 23., \u2020 ?: takar\u00e9kp\u00e9nzt\u00e1ri hivatalnok. \u2013 Apja keresked\u0151. A gimn\u00e1ziumot Segesv\u00e1rt v\u00e9gezte (1869); nagyb\u00e1tyja Teutsch J. B. r\u00e1besz\u00e9l\u00e9s\u00e9re a kereskedelmi p\u00e1ly\u00e1ra l\u00e9pett \u00e9s Grazba ment a m\u0171egyetem M\u00e9rn\u00f6ki Kar\u00e1ra (1869\u201373), hol a term\u00e9szettudom\u00e1nyi, nemzetgazd\u00e1szati, mezei gazd\u00e1szati \u00e9s kereskedelmi szaktudom\u00e1nyokat hallgatta. Hazat\u00e9rt Segesv\u00e1rra (1874) \u00e9s nagyb\u00e1tyja \u00fczlet\u00e9ben dolgozott, azut\u00e1n a nagyszebeni takar\u00e9kp\u00e9nzt\u00e1rn\u00e1l v\u00e1llalt hivatalt (1890\u2013). Egyidej\u0171leg szerkeszt\u0151 \u00e9s k\u00f6z\u00edr\u00f3 is. Cikkeket \u00edrt az Erd\u00e9lyi K\u00e1rp\u00e1tegyes\u00fclet Jahrbuchj\u00e1ba (1903.), az Arch. \u00c9rtes\u00edt\u0151be (1904., 1906.) \u00e9s az Ethnographi\u00e1ba (1906.). \u2013  <strong>F. m..:<\/strong> Einiges vom Aberglauben der Rum\u00e4nen. (Hermannstadt, 1908). Szerkesztette a Siebenburgisch-Deutsches Tageblattot (1895. decembert\u0151l 1899. szeptemberig Nagyszebenben) \u00e9s kiadta a Mitteilungen des Verbandes Reiffeisenscher Genossenschaften in Hermanstadt c. munk\u00e1t (Nagyszeben, 1897\u2013). <br \/><strong>\u2013 Irod.:<\/strong> Kadic Ottok\u00e1r: A j\u00e9gkor embere Mo.-on (Bp., 1934); Szab\u00f3\u2013Simon\u2013Sz\u00f6gi; Szinnyei; Zilahi Gy\u00f6rgy: Jegyz\u00e9ke a kereskedelmi szakoktat\u00e1s k\u00f6r\u00e9be tartoz\u00f3 Mo.-on megjelent m\u0171veknek.<\/br><\/p>\n","protected":false},"excerpt":{"rendered":"<p>Sz\u00e1szk\u00e9zd, 1850. febr. 23., \u2020 ?: takar\u00e9kp\u00e9nzt\u00e1ri hivatalnok. \u2013 Apja keresked\u0151. A gimn\u00e1ziumot Segesv\u00e1rt v\u00e9gezte (1869); nagyb\u00e1tyja Teutsch J. B. r\u00e1besz\u00e9l\u00e9s\u00e9re a kereskedelmi p\u00e1ly\u00e1ra l\u00e9pett \u00e9s Grazba ment a m\u0171egyetem M\u00e9rn\u00f6ki Kar\u00e1ra (1869\u201373), hol a term\u00e9szettudom\u00e1nyi, nemzetgazd\u00e1szati, mezei gazd\u00e1szati \u00e9s kereskedelmi szaktudom\u00e1nyokat hallgatta. Hazat\u00e9rt Segesv\u00e1rra (1874) \u00e9s nagyb\u00e1tyja \u00fczlet\u00e9ben dolgozott, azut\u00e1n a nagyszebeni takar\u00e9kp\u00e9nzt\u00e1rn\u00e1l v\u00e1llalt [&hellip;]<\/p>\n","protected":false},"featured_media":0,"comment_status":"open","ping_status":"closed","template":"","meta":[],"product_brand":[],"product_cat":[137],"product_tag":[],"class_list":{"0":"post-22963","1":"product","2":"type-product","3":"status-publish","5":"product_cat-maros-megyei-eletrajzi-lexikon","7":"first","8":"instock","9":"shipping-taxable","10":"product-type-simple"},"_links":{"self":[{"href":"https:\/\/uj.adatbank.ro\/lexikon\/wp-json\/wp\/v2\/product\/22963","targetHints":{"allow":["GET"]}}],"collection":[{"href":"https:\/\/uj.adatbank.ro\/lexikon\/wp-json\/wp\/v2\/product"}],"about":[{"href":"https:\/\/uj.adatbank.ro\/lexikon\/wp-json\/wp\/v2\/types\/product"}],"replies":[{"embeddable":true,"href":"https:\/\/uj.adatbank.ro\/lexikon\/wp-json\/wp\/v2\/comments?post=22963"}],"wp:attachment":[{"href":"https:\/\/uj.adatbank.ro\/lexikon\/wp-json\/wp\/v2\/media?parent=22963"}],"wp:term":[{"taxonomy":"product_brand","embeddable":true,"href":"https:\/\/uj.adatbank.ro\/lexikon\/wp-json\/wp\/v2\/product_brand?post=22963"},{"taxonomy":"product_cat","embeddable":true,"href":"https:\/\/uj.adatbank.ro\/lexikon\/wp-json\/wp\/v2\/product_cat?post=22963"},{"taxonomy":"product_tag","embeddable":true,"href":"https:\/\/uj.adatbank.ro\/lexikon\/wp-json\/wp\/v2\/product_tag?post=22963"}],"curies":[{"name":"wp","href":"https:\/\/api.w.org\/{rel}","templated":true}]}}

<p>Szászkézd, 1850. febr. 23., † ?: takarékpénztári hivatalnok. – Apja kereskedő. A gimnáziumot Segesvárt végezte (1869); nagybátyja Teutsch J. B. rábeszélésére a kereskedelmi pályára lépett és Grazba ment a műegyetem Mérnöki Karára (1869–73), hol a természettudományi, nemzetgazdászati, mezei gazdászati és kereskedelmi szaktudományokat hallgatta. Hazatért Segesvárra (1874) és nagybátyja üzletében dolgozott, azután a nagyszebeni takarékpénztárnál vállalt hivatalt (1890–). Egyidejűleg szerkesztő és közíró is. Cikkeket írt az Erdélyi Kárpátegyesület Jahrbuchjába (1903.), az Arch. Értesítőbe (1904., 1906.) és az Ethnographiába (1906.). –  <strong>F. m..:</strong> Einiges vom Aberglauben der Rumänen. (Hermannstadt, 1908). Szerkesztette a Siebenburgisch-Deutsches Tageblattot (1895. decembertől 1899. szeptemberig Nagyszebenben) és kiadta a Mitteilungen des Verbandes Reiffeisenscher Genossenschaften in Hermanstadt c. munkát (Nagyszeben, 1897–). <br /><strong>– Irod.:</strong> Kadic Ottokár: A jégkor embere Mo.-on (Bp., 1934); Szabó–Simon–Szögi; Szinnyei; Zilahi György: Jegyzéke a kereskedelmi szakoktatás körébe tartozó Mo.-on megjelent műveknek.</br></p>

<p>Szászkézd, 1850. febr. 23., † ?: takarékpénztári hivatalnok. – Apja kereskedő. A gimnáziumot Segesvárt végezte (1869); nagybátyja Teutsch J. B. rábeszélésére a kereskedelmi pályára lépett és Grazba ment a műegyetem Mérnöki Karára (1869–73), hol a természettudományi, nemzetgazdászati, mezei gazdászati és kereskedelmi szaktudományokat hallgatta. Hazatért Segesvárra (1874) és nagybátyja üzletében dolgozott, azután a nagyszebeni takarékpénztárnál vállalt [&hellip;]</p>
