{"id":22965,"date":"2025-08-01T17:07:31","date_gmt":"2025-08-01T15:07:31","guid":{"rendered":"https:\/\/uj.adatbank.ro\/lexikon\/termek\/teutschlander-willibald-stephan\/"},"modified":"2025-08-01T17:07:31","modified_gmt":"2025-08-01T15:07:31","slug":"teutschlander-willibald-stephan","status":"publish","type":"product","link":"https:\/\/uj.adatbank.ro\/lexikon\/termek\/teutschlander-willibald-stephan\/","title":{"rendered":"TEUTSCHL\u00c4NDER, Willibald Stephan"},"content":{"rendered":"<p>Segesv\u00e1r, 1837. aug. 17., \u2020 Buk., 1891. nov. 3.: ev. lelk\u00e9sz, t\u00f6rt\u00e9n\u00e9sz. \u2013 Apja cip\u00e9szmester. Tanult a segesv\u00e1ri \u00e9s brass\u00f3i gimn\u00e1ziumban; a jenai egyetem Hittud. Kar\u00e1ra ment (1858) majd a berlini egyetem Hittud. Kar\u00e1nak hallgat\u00f3ja volt (1860\u201361). Visszat\u00e9rte ut\u00e1n tan\u00edt\u00f3 lett a brass\u00f3i re\u00e1liskol\u00e1ban (\u20131865). Miut\u00e1n a tan\u00e1ri vizsg\u00e1t letette, Segesv\u00e1rt lelk\u00e9ssz\u00e9 avatt\u00e1k \u00e9s h\u00e1rom \u00e9vre szabads\u00e1golt\u00e1k. Brass\u00f3b\u00f3l t\u00e1vozva a buk.-i ev. egyh\u00e1z h\u00edvta meg lelk\u00e9sz\u00e9nek, mely megh\u00edv\u00e1st elfogadta \u00e9s ott m\u0171k\u00f6d\u00f6tt (1865\u201385). \u2013  <strong>F. m..:<\/strong> Geschichte des Turnens im Siebenb\u00fcrger Sachsenlande. (Kronstadt, 1865.); Geschichte der evang. Kirchengemeinde A. C. in Bukarest, nebst einer einleitenden Uebersicht \u00fcber fr\u00fchere Einwanderungen und Niederlassungen fremder Volks- und Glaubensgenossen in den Donauf\u00fcrstenth\u00fcmern. (Buk., 1869, 1891); Michael der Tapfere. Ein Zeit- und Charakterbild aus der Geschichte Rum\u00e4niens. (Wien, 1879.); H\u00e1trahagyott k\u00f6ltem\u00e9nyeib\u0151l Neugeboren Henrik t\u00f6bbeket k\u00f6z\u00f6lt a Kronst\u00e4dter Zeitunban (1892\u201393.). <br \/><strong>\u2013 Irod.:<\/strong> Szab\u00f3\u2013Simon\u2013Sz\u00f6gi, Szinnyei; Todea 2013.<\/br><\/p>\n","protected":false},"excerpt":{"rendered":"<p>Segesv\u00e1r, 1837. aug. 17., \u2020 Buk., 1891. nov. 3.: ev. lelk\u00e9sz, t\u00f6rt\u00e9n\u00e9sz. \u2013 Apja cip\u00e9szmester. Tanult a segesv\u00e1ri \u00e9s brass\u00f3i gimn\u00e1ziumban; a jenai egyetem Hittud. Kar\u00e1ra ment (1858) majd a berlini egyetem Hittud. Kar\u00e1nak hallgat\u00f3ja volt (1860\u201361). Visszat\u00e9rte ut\u00e1n tan\u00edt\u00f3 lett a brass\u00f3i re\u00e1liskol\u00e1ban (\u20131865). Miut\u00e1n a tan\u00e1ri vizsg\u00e1t letette, Segesv\u00e1rt lelk\u00e9ssz\u00e9 avatt\u00e1k \u00e9s h\u00e1rom [&hellip;]<\/p>\n","protected":false},"featured_media":0,"comment_status":"open","ping_status":"closed","template":"","meta":[],"product_brand":[],"product_cat":[137],"product_tag":[],"class_list":{"0":"post-22965","1":"product","2":"type-product","3":"status-publish","5":"product_cat-maros-megyei-eletrajzi-lexikon","7":"first","8":"instock","9":"shipping-taxable","10":"product-type-simple"},"_links":{"self":[{"href":"https:\/\/uj.adatbank.ro\/lexikon\/wp-json\/wp\/v2\/product\/22965","targetHints":{"allow":["GET"]}}],"collection":[{"href":"https:\/\/uj.adatbank.ro\/lexikon\/wp-json\/wp\/v2\/product"}],"about":[{"href":"https:\/\/uj.adatbank.ro\/lexikon\/wp-json\/wp\/v2\/types\/product"}],"replies":[{"embeddable":true,"href":"https:\/\/uj.adatbank.ro\/lexikon\/wp-json\/wp\/v2\/comments?post=22965"}],"wp:attachment":[{"href":"https:\/\/uj.adatbank.ro\/lexikon\/wp-json\/wp\/v2\/media?parent=22965"}],"wp:term":[{"taxonomy":"product_brand","embeddable":true,"href":"https:\/\/uj.adatbank.ro\/lexikon\/wp-json\/wp\/v2\/product_brand?post=22965"},{"taxonomy":"product_cat","embeddable":true,"href":"https:\/\/uj.adatbank.ro\/lexikon\/wp-json\/wp\/v2\/product_cat?post=22965"},{"taxonomy":"product_tag","embeddable":true,"href":"https:\/\/uj.adatbank.ro\/lexikon\/wp-json\/wp\/v2\/product_tag?post=22965"}],"curies":[{"name":"wp","href":"https:\/\/api.w.org\/{rel}","templated":true}]}}

TEUTSCHLÄNDER, Willibald Stephan

<p>Segesvár, 1837. aug. 17., † Buk., 1891. nov. 3.: ev. lelkész, történész. – Apja cipészmester. Tanult a segesvári és brassói gimnáziumban; a jenai egyetem Hittud. Karára ment (1858) majd a berlini egyetem Hittud. Karának hallgatója volt (1860–61). Visszatérte után tanító lett a brassói reáliskolában (–1865). Miután a tanári vizsgát letette, Segesvárt lelkésszé avatták és három évre szabadságolták. Brassóból távozva a buk.-i ev. egyház hívta meg lelkészének, mely meghívást elfogadta és ott működött (1865–85). –  <strong>F. m..:</strong> Geschichte des Turnens im Siebenbürger Sachsenlande. (Kronstadt, 1865.); Geschichte der evang. Kirchengemeinde A. C. in Bukarest, nebst einer einleitenden Uebersicht über frühere Einwanderungen und Niederlassungen fremder Volks- und Glaubensgenossen in den Donaufürstenthümern. (Buk., 1869, 1891); Michael der Tapfere. Ein Zeit- und Charakterbild aus der Geschichte Rumäniens. (Wien, 1879.); Hátrahagyott költeményeiből Neugeboren Henrik többeket közölt a Kronstädter Zeitunban (1892–93.). <br /><strong>– Irod.:</strong> Szabó–Simon–Szögi, Szinnyei; Todea 2013.</br></p>

<p>Segesvár, 1837. aug. 17., † Buk., 1891. nov. 3.: ev. lelkész, történész. – Apja cipészmester. Tanult a segesvári és brassói gimnáziumban; a jenai egyetem Hittud. Karára ment (1858) majd a berlini egyetem Hittud. Karának hallgatója volt (1860–61). Visszatérte után tanító lett a brassói reáliskolában (–1865). Miután a tanári vizsgát letette, Segesvárt lelkésszé avatták és három [&hellip;]</p>
