{"id":22967,"date":"2025-08-01T17:07:36","date_gmt":"2025-08-01T15:07:36","guid":{"rendered":"https:\/\/uj.adatbank.ro\/lexikon\/termek\/thaller-franz\/"},"modified":"2025-08-01T17:07:36","modified_gmt":"2025-08-01T15:07:36","slug":"thaller-franz","status":"publish","type":"product","link":"https:\/\/uj.adatbank.ro\/lexikon\/termek\/thaller-franz\/","title":{"rendered":"THALLER Franz"},"content":{"rendered":"<p>? \u2020 ?: szobr\u00e1sz. \u2013 Teleki S\u00e1muel \u00e9s feles\u00e9ge Bethlen Zsuzs\u00e1nna szobrait k\u00e9sz\u00edtette, amelyek a Teleki K\u00f6nyvt\u00e1rban vannak. <br \/><strong>\u2013 Irod.:<\/strong> Lyka.<\/br><\/p>\n","protected":false},"excerpt":{"rendered":"<p>? \u2020 ?: szobr\u00e1sz. \u2013 Teleki S\u00e1muel \u00e9s feles\u00e9ge Bethlen Zsuzs\u00e1nna szobrait k\u00e9sz\u00edtette, amelyek a Teleki K\u00f6nyvt\u00e1rban vannak. \u2013 Irod.: Lyka.<\/p>\n","protected":false},"featured_media":0,"comment_status":"open","ping_status":"closed","template":"","meta":[],"product_brand":[],"product_cat":[137],"product_tag":[],"class_list":{"0":"post-22967","1":"product","2":"type-product","3":"status-publish","5":"product_cat-maros-megyei-eletrajzi-lexikon","7":"first","8":"instock","9":"shipping-taxable","10":"product-type-simple"},"_links":{"self":[{"href":"https:\/\/uj.adatbank.ro\/lexikon\/wp-json\/wp\/v2\/product\/22967","targetHints":{"allow":["GET"]}}],"collection":[{"href":"https:\/\/uj.adatbank.ro\/lexikon\/wp-json\/wp\/v2\/product"}],"about":[{"href":"https:\/\/uj.adatbank.ro\/lexikon\/wp-json\/wp\/v2\/types\/product"}],"replies":[{"embeddable":true,"href":"https:\/\/uj.adatbank.ro\/lexikon\/wp-json\/wp\/v2\/comments?post=22967"}],"wp:attachment":[{"href":"https:\/\/uj.adatbank.ro\/lexikon\/wp-json\/wp\/v2\/media?parent=22967"}],"wp:term":[{"taxonomy":"product_brand","embeddable":true,"href":"https:\/\/uj.adatbank.ro\/lexikon\/wp-json\/wp\/v2\/product_brand?post=22967"},{"taxonomy":"product_cat","embeddable":true,"href":"https:\/\/uj.adatbank.ro\/lexikon\/wp-json\/wp\/v2\/product_cat?post=22967"},{"taxonomy":"product_tag","embeddable":true,"href":"https:\/\/uj.adatbank.ro\/lexikon\/wp-json\/wp\/v2\/product_tag?post=22967"}],"curies":[{"name":"wp","href":"https:\/\/api.w.org\/{rel}","templated":true}]}}