{"id":22974,"date":"2025-08-01T17:07:53","date_gmt":"2025-08-01T15:07:53","guid":{"rendered":"https:\/\/uj.adatbank.ro\/lexikon\/termek\/theil-gyorgy\/"},"modified":"2025-08-01T17:07:53","modified_gmt":"2025-08-01T15:07:53","slug":"theil-gyorgy","status":"publish","type":"product","link":"https:\/\/uj.adatbank.ro\/lexikon\/termek\/theil-gyorgy\/","title":{"rendered":"THEIL Gy\u00f6rgy"},"content":{"rendered":"<p>? \u2020 ?: asztalos. \u2013 M\u0171b\u00fator asztalos Mv.-en (1920- 40 k.). A m. ipart\u00e1rsulat tagja. <br \/><strong>\u2013 Irod.:<\/strong> Visnai.<\/br><\/p>\n","protected":false},"excerpt":{"rendered":"<p>? \u2020 ?: asztalos. \u2013 M\u0171b\u00fator asztalos Mv.-en (1920- 40 k.). A m. ipart\u00e1rsulat tagja. \u2013 Irod.: Visnai.<\/p>\n","protected":false},"featured_media":0,"comment_status":"open","ping_status":"closed","template":"","meta":[],"product_brand":[],"product_cat":[137],"product_tag":[],"class_list":{"0":"post-22974","1":"product","2":"type-product","3":"status-publish","5":"product_cat-maros-megyei-eletrajzi-lexikon","7":"first","8":"instock","9":"shipping-taxable","10":"product-type-simple"},"_links":{"self":[{"href":"https:\/\/uj.adatbank.ro\/lexikon\/wp-json\/wp\/v2\/product\/22974","targetHints":{"allow":["GET"]}}],"collection":[{"href":"https:\/\/uj.adatbank.ro\/lexikon\/wp-json\/wp\/v2\/product"}],"about":[{"href":"https:\/\/uj.adatbank.ro\/lexikon\/wp-json\/wp\/v2\/types\/product"}],"replies":[{"embeddable":true,"href":"https:\/\/uj.adatbank.ro\/lexikon\/wp-json\/wp\/v2\/comments?post=22974"}],"wp:attachment":[{"href":"https:\/\/uj.adatbank.ro\/lexikon\/wp-json\/wp\/v2\/media?parent=22974"}],"wp:term":[{"taxonomy":"product_brand","embeddable":true,"href":"https:\/\/uj.adatbank.ro\/lexikon\/wp-json\/wp\/v2\/product_brand?post=22974"},{"taxonomy":"product_cat","embeddable":true,"href":"https:\/\/uj.adatbank.ro\/lexikon\/wp-json\/wp\/v2\/product_cat?post=22974"},{"taxonomy":"product_tag","embeddable":true,"href":"https:\/\/uj.adatbank.ro\/lexikon\/wp-json\/wp\/v2\/product_tag?post=22974"}],"curies":[{"name":"wp","href":"https:\/\/api.w.org\/{rel}","templated":true}]}}