{"id":22975,"date":"2025-08-01T17:07:55","date_gmt":"2025-08-01T15:07:55","guid":{"rendered":"https:\/\/uj.adatbank.ro\/lexikon\/termek\/theil-hans-wolfram\/"},"modified":"2025-08-01T17:07:55","modified_gmt":"2025-08-01T15:07:55","slug":"theil-hans-wolfram","status":"publish","type":"product","link":"https:\/\/uj.adatbank.ro\/lexikon\/termek\/theil-hans-wolfram\/","title":{"rendered":"THEIL, Hans Wolfram"},"content":{"rendered":"<p>Segesv\u00e1r, 1921., \u2020 ?: m\u00e9rn\u00f6k, m\u0171\u00e9p\u00edt\u00e9sz, szobr\u00e1sz. \u2013 M\u0171szaki f\u0151iskol\u00e1t M\u00fcnchenben \u00e9s Stuttgartban v\u00e9gzett, amelyet h\u00e1rom \u00e9ves hadiszolg\u00e1lat ut\u00e1n folytatott, diplom\u00e1t Stuttgartban szerzett (1946). Saj\u00e1t \u00e9p\u00edt\u0151irod\u00e1t vezetett Stuttgartban (1950\u201385), polg\u00e1ri \u00e9s egyh\u00e1zi \u00e9p\u00fcleteket \u00e9p\u00edtett Stuttgartban, Altenheimeban, G\u00f6ppingenben, Aalenban. Elk\u00e9sz\u00edtette k\u00f6z\u00f6sen Schorp-Pflumm szobr\u00e1szn\u0151vel az erd\u00e9lyi sz\u00e1szok eml\u00e9km\u0171v\u00e9t Dinkelsb\u00fchlben (1967). Szakfoly\u00f3iratokban k\u00f6z\u00f6lt tanulm\u00e1nyokat. \u2013  <strong>F. m..:<\/strong> Saalbau, Das Haus in dem wir wohnen;  <strong>t\u00e1rsszerz\u0151:<\/strong> Schulen. Portr\u00e9-plasztik\u00e1i: Hermann Oberth bronzfej, Ulf Merbold \u0171rhaj\u00f3s, Erich Bergel karmester, Hans Mieskes, etc. <br \/><strong>\u2013 Irod.:<\/strong> LSS.<\/br><\/p>\n","protected":false},"excerpt":{"rendered":"<p>Segesv\u00e1r, 1921., \u2020 ?: m\u00e9rn\u00f6k, m\u0171\u00e9p\u00edt\u00e9sz, szobr\u00e1sz. \u2013 M\u0171szaki f\u0151iskol\u00e1t M\u00fcnchenben \u00e9s Stuttgartban v\u00e9gzett, amelyet h\u00e1rom \u00e9ves hadiszolg\u00e1lat ut\u00e1n folytatott, diplom\u00e1t Stuttgartban szerzett (1946). Saj\u00e1t \u00e9p\u00edt\u0151irod\u00e1t vezetett Stuttgartban (1950\u201385), polg\u00e1ri \u00e9s egyh\u00e1zi \u00e9p\u00fcleteket \u00e9p\u00edtett Stuttgartban, Altenheimeban, G\u00f6ppingenben, Aalenban. Elk\u00e9sz\u00edtette k\u00f6z\u00f6sen Schorp-Pflumm szobr\u00e1szn\u0151vel az erd\u00e9lyi sz\u00e1szok eml\u00e9km\u0171v\u00e9t Dinkelsb\u00fchlben (1967). Szakfoly\u00f3iratokban k\u00f6z\u00f6lt tanulm\u00e1nyokat. \u2013 F. m..: Saalbau, [&hellip;]<\/p>\n","protected":false},"featured_media":0,"comment_status":"open","ping_status":"closed","template":"","meta":[],"product_brand":[],"product_cat":[137],"product_tag":[],"class_list":{"0":"post-22975","1":"product","2":"type-product","3":"status-publish","5":"product_cat-maros-megyei-eletrajzi-lexikon","7":"first","8":"instock","9":"shipping-taxable","10":"product-type-simple"},"_links":{"self":[{"href":"https:\/\/uj.adatbank.ro\/lexikon\/wp-json\/wp\/v2\/product\/22975","targetHints":{"allow":["GET"]}}],"collection":[{"href":"https:\/\/uj.adatbank.ro\/lexikon\/wp-json\/wp\/v2\/product"}],"about":[{"href":"https:\/\/uj.adatbank.ro\/lexikon\/wp-json\/wp\/v2\/types\/product"}],"replies":[{"embeddable":true,"href":"https:\/\/uj.adatbank.ro\/lexikon\/wp-json\/wp\/v2\/comments?post=22975"}],"wp:attachment":[{"href":"https:\/\/uj.adatbank.ro\/lexikon\/wp-json\/wp\/v2\/media?parent=22975"}],"wp:term":[{"taxonomy":"product_brand","embeddable":true,"href":"https:\/\/uj.adatbank.ro\/lexikon\/wp-json\/wp\/v2\/product_brand?post=22975"},{"taxonomy":"product_cat","embeddable":true,"href":"https:\/\/uj.adatbank.ro\/lexikon\/wp-json\/wp\/v2\/product_cat?post=22975"},{"taxonomy":"product_tag","embeddable":true,"href":"https:\/\/uj.adatbank.ro\/lexikon\/wp-json\/wp\/v2\/product_tag?post=22975"}],"curies":[{"name":"wp","href":"https:\/\/api.w.org\/{rel}","templated":true}]}}