{"id":22976,"date":"2025-08-01T17:08:00","date_gmt":"2025-08-01T15:08:00","guid":{"rendered":"https:\/\/uj.adatbank.ro\/lexikon\/termek\/theil-istvan\/"},"modified":"2025-08-01T17:08:00","modified_gmt":"2025-08-01T15:08:00","slug":"theil-istvan","status":"publish","type":"product","link":"https:\/\/uj.adatbank.ro\/lexikon\/termek\/theil-istvan\/","title":{"rendered":"THEIL Istv\u00e1n"},"content":{"rendered":"<p>? \u2020 ?: k\u00e9pvisel\u0151. <br \/><strong>\u2013 Irod.:<\/strong> Bojthor Endre: Az 1869. \u00e9vi \u00e1pr. 20 \u00f6sszeh\u00edvott ogy. k\u00e9pvisel\u0151h\u00e1za tagjainak bet\u0171soros n\u00e9v- \u00e9s lakjegyz\u00e9ke (Bp., 1872).<\/br><\/p>\n","protected":false},"excerpt":{"rendered":"<p>? \u2020 ?: k\u00e9pvisel\u0151. \u2013 Irod.: Bojthor Endre: Az 1869. \u00e9vi \u00e1pr. 20 \u00f6sszeh\u00edvott ogy. k\u00e9pvisel\u0151h\u00e1za tagjainak bet\u0171soros n\u00e9v- \u00e9s lakjegyz\u00e9ke (Bp., 1872).<\/p>\n","protected":false},"featured_media":0,"comment_status":"open","ping_status":"closed","template":"","meta":[],"product_brand":[],"product_cat":[137],"product_tag":[],"class_list":{"0":"post-22976","1":"product","2":"type-product","3":"status-publish","5":"product_cat-maros-megyei-eletrajzi-lexikon","7":"first","8":"instock","9":"shipping-taxable","10":"product-type-simple"},"_links":{"self":[{"href":"https:\/\/uj.adatbank.ro\/lexikon\/wp-json\/wp\/v2\/product\/22976","targetHints":{"allow":["GET"]}}],"collection":[{"href":"https:\/\/uj.adatbank.ro\/lexikon\/wp-json\/wp\/v2\/product"}],"about":[{"href":"https:\/\/uj.adatbank.ro\/lexikon\/wp-json\/wp\/v2\/types\/product"}],"replies":[{"embeddable":true,"href":"https:\/\/uj.adatbank.ro\/lexikon\/wp-json\/wp\/v2\/comments?post=22976"}],"wp:attachment":[{"href":"https:\/\/uj.adatbank.ro\/lexikon\/wp-json\/wp\/v2\/media?parent=22976"}],"wp:term":[{"taxonomy":"product_brand","embeddable":true,"href":"https:\/\/uj.adatbank.ro\/lexikon\/wp-json\/wp\/v2\/product_brand?post=22976"},{"taxonomy":"product_cat","embeddable":true,"href":"https:\/\/uj.adatbank.ro\/lexikon\/wp-json\/wp\/v2\/product_cat?post=22976"},{"taxonomy":"product_tag","embeddable":true,"href":"https:\/\/uj.adatbank.ro\/lexikon\/wp-json\/wp\/v2\/product_tag?post=22976"}],"curies":[{"name":"wp","href":"https:\/\/api.w.org\/{rel}","templated":true}]}}