{"id":22981,"date":"2025-08-01T17:08:13","date_gmt":"2025-08-01T15:08:13","guid":{"rendered":"https:\/\/uj.adatbank.ro\/lexikon\/termek\/theil-rudolf\/"},"modified":"2025-08-01T17:08:13","modified_gmt":"2025-08-01T15:08:13","slug":"theil-rudolf","status":"publish","type":"product","link":"https:\/\/uj.adatbank.ro\/lexikon\/termek\/theil-rudolf\/","title":{"rendered":"THEIL Rudolf"},"content":{"rendered":"<p>Sz\u00e1szbog\u00e1cs, 1844. m\u00e1rc. 20., \u2020 Nagyszeben, 1899., 1910. j\u00fal.24.: b\u00f6lcseleti doktor, evang. lelk\u00e9sz. \u2013 Apja pap, esperes volt. A gimn\u00e1ziumot Medgyesen v\u00e9gezte (1861); a teol\u00f3gi\u00e1t \u00e9s t\u00f6rt\u00e9nelmet a b\u00e9csi Prot. Teol. Int. Prot. Hittud. Kar\u00e1n, illetve a B\u00f6lcs. Karon (1861\u201363), a berlini Egy Hittud. Kar\u00e1n (1863\u201364) \u00e9s a j\u00e9nai egyetemen, a Hittud. Karon (1864) hallgatta, ahol b\u00f6lcseleti doktorr\u00e1 avatt\u00e1k (1865). Hazat\u00e9rve tan\u00edt\u00f3 volt a medgyesi ev. iskol\u00e1ban (1865\u2013), majd gimn\u00e1ziumi tan\u00e1r Segesv\u00e1ron (\u20131878. dec. 3); lelk\u00e9sz Magar\u00e9n (1878\u2013), K\u00fcrp\u00f6d\u00f6n (1880\u2013), Sz\u00e1sz\u00fajfaluba (1887\u2013); nyugalomba l\u00e9pett (1899). \u2013  <strong>F. m..:<\/strong> Urkundenbuch zur Geschichte dess Mediascher Kapitels bis zur Reformation (Hermannstadt, 1870., Werner K\u00e1rollyal); Zur Geschichte der \u00ab2 St\u00fchle\u00bb in der zweiten H\u00e4lfte des 15. Jahrhunderts. (Hermannstadt, 1876.); Aus der guten alten Zeit. (Mediasch, 1896.); Aus den Zeiten Maria Theresias und Josef II. Vortrag. (Mediasch, 1897). <br \/><strong>\u2013 Irod.:<\/strong> Szab\u00f3\u2013Simon\u2013Sz\u00f6gi; Szinnyei.<\/br><\/p>\n","protected":false},"excerpt":{"rendered":"<p>Sz\u00e1szbog\u00e1cs, 1844. m\u00e1rc. 20., \u2020 Nagyszeben, 1899., 1910. j\u00fal.24.: b\u00f6lcseleti doktor, evang. lelk\u00e9sz. \u2013 Apja pap, esperes volt. A gimn\u00e1ziumot Medgyesen v\u00e9gezte (1861); a teol\u00f3gi\u00e1t \u00e9s t\u00f6rt\u00e9nelmet a b\u00e9csi Prot. Teol. Int. Prot. Hittud. Kar\u00e1n, illetve a B\u00f6lcs. Karon (1861\u201363), a berlini Egy Hittud. Kar\u00e1n (1863\u201364) \u00e9s a j\u00e9nai egyetemen, a Hittud. Karon (1864) hallgatta, [&hellip;]<\/p>\n","protected":false},"featured_media":0,"comment_status":"open","ping_status":"closed","template":"","meta":[],"product_brand":[],"product_cat":[137],"product_tag":[],"class_list":{"0":"post-22981","1":"product","2":"type-product","3":"status-publish","5":"product_cat-maros-megyei-eletrajzi-lexikon","7":"first","8":"instock","9":"shipping-taxable","10":"product-type-simple"},"_links":{"self":[{"href":"https:\/\/uj.adatbank.ro\/lexikon\/wp-json\/wp\/v2\/product\/22981","targetHints":{"allow":["GET"]}}],"collection":[{"href":"https:\/\/uj.adatbank.ro\/lexikon\/wp-json\/wp\/v2\/product"}],"about":[{"href":"https:\/\/uj.adatbank.ro\/lexikon\/wp-json\/wp\/v2\/types\/product"}],"replies":[{"embeddable":true,"href":"https:\/\/uj.adatbank.ro\/lexikon\/wp-json\/wp\/v2\/comments?post=22981"}],"wp:attachment":[{"href":"https:\/\/uj.adatbank.ro\/lexikon\/wp-json\/wp\/v2\/media?parent=22981"}],"wp:term":[{"taxonomy":"product_brand","embeddable":true,"href":"https:\/\/uj.adatbank.ro\/lexikon\/wp-json\/wp\/v2\/product_brand?post=22981"},{"taxonomy":"product_cat","embeddable":true,"href":"https:\/\/uj.adatbank.ro\/lexikon\/wp-json\/wp\/v2\/product_cat?post=22981"},{"taxonomy":"product_tag","embeddable":true,"href":"https:\/\/uj.adatbank.ro\/lexikon\/wp-json\/wp\/v2\/product_tag?post=22981"}],"curies":[{"name":"wp","href":"https:\/\/api.w.org\/{rel}","templated":true}]}}

<p>Szászbogács, 1844. márc. 20., † Nagyszeben, 1899., 1910. júl.24.: bölcseleti doktor, evang. lelkész. – Apja pap, esperes volt. A gimnáziumot Medgyesen végezte (1861); a teológiát és történelmet a bécsi Prot. Teol. Int. Prot. Hittud. Karán, illetve a Bölcs. Karon (1861–63), a berlini Egy Hittud. Karán (1863–64) és a jénai egyetemen, a Hittud. Karon (1864) hallgatta, ahol bölcseleti doktorrá avatták (1865). Hazatérve tanító volt a medgyesi ev. iskolában (1865–), majd gimnáziumi tanár Segesváron (–1878. dec. 3); lelkész Magarén (1878–), Kürpödön (1880–), Szászújfaluba (1887–); nyugalomba lépett (1899). –  <strong>F. m..:</strong> Urkundenbuch zur Geschichte dess Mediascher Kapitels bis zur Reformation (Hermannstadt, 1870., Werner Károllyal); Zur Geschichte der «2 Stühle» in der zweiten Hälfte des 15. Jahrhunderts. (Hermannstadt, 1876.); Aus der guten alten Zeit. (Mediasch, 1896.); Aus den Zeiten Maria Theresias und Josef II. Vortrag. (Mediasch, 1897). <br /><strong>– Irod.:</strong> Szabó–Simon–Szögi; Szinnyei.</br></p>

<p>Szászbogács, 1844. márc. 20., † Nagyszeben, 1899., 1910. júl.24.: bölcseleti doktor, evang. lelkész. – Apja pap, esperes volt. A gimnáziumot Medgyesen végezte (1861); a teológiát és történelmet a bécsi Prot. Teol. Int. Prot. Hittud. Karán, illetve a Bölcs. Karon (1861–63), a berlini Egy Hittud. Karán (1863–64) és a jénai egyetemen, a Hittud. Karon (1864) hallgatta, [&hellip;]</p>
