{"id":22991,"date":"2025-08-01T17:08:37","date_gmt":"2025-08-01T15:08:37","guid":{"rendered":"https:\/\/uj.adatbank.ro\/lexikon\/termek\/thelmann-michael\/"},"modified":"2025-08-01T17:08:37","modified_gmt":"2025-08-01T15:08:37","slug":"thelmann-michael","status":"publish","type":"product","link":"https:\/\/uj.adatbank.ro\/lexikon\/termek\/thelmann-michael\/","title":{"rendered":"THELMANN Michael"},"content":{"rendered":"<p>Segesv\u00e1r, ? \u2020 H\u00e9gen, 1752. szept. 11.: tan\u00e1r, lelk\u00e9sz. \u2013 Tanult Wittenbergben (1701). Tan\u00e1r, lelk\u00e9sz Segesv\u00e1ron; Volk\u00e1nyban (1719); H\u00e9genben (1721\u2013). <br \/><strong>\u2013 Irod.:<\/strong> Szab\u00f3\u2013Sz\u00f6gi.<\/br><\/p>\n","protected":false},"excerpt":{"rendered":"<p>Segesv\u00e1r, ? \u2020 H\u00e9gen, 1752. szept. 11.: tan\u00e1r, lelk\u00e9sz. \u2013 Tanult Wittenbergben (1701). Tan\u00e1r, lelk\u00e9sz Segesv\u00e1ron; Volk\u00e1nyban (1719); H\u00e9genben (1721\u2013). \u2013 Irod.: Szab\u00f3\u2013Sz\u00f6gi.<\/p>\n","protected":false},"featured_media":0,"comment_status":"open","ping_status":"closed","template":"","meta":[],"product_brand":[],"product_cat":[137],"product_tag":[],"class_list":{"0":"post-22991","1":"product","2":"type-product","3":"status-publish","5":"product_cat-maros-megyei-eletrajzi-lexikon","7":"first","8":"instock","9":"shipping-taxable","10":"product-type-simple"},"_links":{"self":[{"href":"https:\/\/uj.adatbank.ro\/lexikon\/wp-json\/wp\/v2\/product\/22991","targetHints":{"allow":["GET"]}}],"collection":[{"href":"https:\/\/uj.adatbank.ro\/lexikon\/wp-json\/wp\/v2\/product"}],"about":[{"href":"https:\/\/uj.adatbank.ro\/lexikon\/wp-json\/wp\/v2\/types\/product"}],"replies":[{"embeddable":true,"href":"https:\/\/uj.adatbank.ro\/lexikon\/wp-json\/wp\/v2\/comments?post=22991"}],"wp:attachment":[{"href":"https:\/\/uj.adatbank.ro\/lexikon\/wp-json\/wp\/v2\/media?parent=22991"}],"wp:term":[{"taxonomy":"product_brand","embeddable":true,"href":"https:\/\/uj.adatbank.ro\/lexikon\/wp-json\/wp\/v2\/product_brand?post=22991"},{"taxonomy":"product_cat","embeddable":true,"href":"https:\/\/uj.adatbank.ro\/lexikon\/wp-json\/wp\/v2\/product_cat?post=22991"},{"taxonomy":"product_tag","embeddable":true,"href":"https:\/\/uj.adatbank.ro\/lexikon\/wp-json\/wp\/v2\/product_tag?post=22991"}],"curies":[{"name":"wp","href":"https:\/\/api.w.org\/{rel}","templated":true}]}}