{"id":22992,"date":"2025-08-01T17:08:39","date_gmt":"2025-08-01T15:08:39","guid":{"rendered":"https:\/\/uj.adatbank.ro\/lexikon\/termek\/thewrewk-jozsef-ponori\/"},"modified":"2025-08-01T17:08:39","modified_gmt":"2025-08-01T15:08:39","slug":"thewrewk-jozsef-ponori","status":"publish","type":"product","link":"https:\/\/uj.adatbank.ro\/lexikon\/termek\/thewrewk-jozsef-ponori\/","title":{"rendered":"THEWREWK J\u00f3zsef, ponori"},"content":{"rendered":"<p>D\u00e9va, 1793. febr. 20., \u2020 Pest, 1870. nov. 4.: \u00edr\u00f3, r\u00e9gis\u00e9ggy\u0171jt\u0151. \u2013 A sz\u00e1szv\u00e1rosi ref. gimn.-ban v\u00e9gzett (1813), ahol m. nyelvet \u00e9s eszt\u00e9tik\u00e1t tan\u00edtott (1813\u2013). Mv.-en a kir. t\u00e1bl\u00e1n\u00e1l jegyz\u0151 (1817\u2013), itt \u00fcgyv\u00e9di vizsg\u00e1t tett (1820) \u00e9s \u00e1tt\u00e9rt a kat. vall\u00e1sra. Pesten kir. t\u00e1blai jegyz\u0151 (1820\u2013), a mo.-i \u00fcgyv\u00e9di oklevelet is megszerezte (1823. dec.). Pozsonyba k\u00f6lt\u00f6z\u00f6tt, ezut\u00e1n szinte kiz\u00e1r\u00f3lag csak irodalommal foglalkozott. Pesten \u00e9lt (1852\u2013). Sz\u00e1mos, a Habsburg-h\u00e1zat, egyes arisztokrat\u00e1kat \u00e9s kat. f\u0151papokat dics\u0151\u00edt\u0151 alkalmi k\u00f6ltem\u00e9nyt jelentetett meg. Gy\u0171jt\u00f6tte a m. r\u00e9gis\u00e9geket; felfedezte a r\u00f3la elnevezett k\u00f3dexet. \u00daj szavakat (honv\u00e9d, \u00farb\u00e9r) is alkotott, sok r\u00e9git (k\u00fcl\u00f6n\u00f6sen sz\u00e9kely sz\u00f3t) eleven\u00edtett fel. Irodalmi munk\u00e1ss\u00e1ga nagyon sokoldal\u00fa volt, kiterjedt nem csup\u00e1n a t\u00f6rt\u00e9nelem, r\u00e9g\u00e9szet \u00e9s nyelvtudom\u00e1nyra, hanem a t\u00e1rsadalmi tudom\u00e1nyokra (nevel\u00e9s), s\u0151t az egyh\u00e1zpolitik\u00e1ra is. N\u00e9pk\u00f6lt\u00e9si \u00e9s nyelvt\u00f6rt\u00e9neti gy\u0171jtem\u00e9nyei fi\u00e1n\u00e1l Emiln\u00e9l vannak. <br \/><strong>\u2013 Irod.:<\/strong> Szinnyei Szinnyei J.; \u00daM\u00c9L.<\/br><\/p>\n","protected":false},"excerpt":{"rendered":"<p>D\u00e9va, 1793. febr. 20., \u2020 Pest, 1870. nov. 4.: \u00edr\u00f3, r\u00e9gis\u00e9ggy\u0171jt\u0151. \u2013 A sz\u00e1szv\u00e1rosi ref. gimn.-ban v\u00e9gzett (1813), ahol m. nyelvet \u00e9s eszt\u00e9tik\u00e1t tan\u00edtott (1813\u2013). Mv.-en a kir. t\u00e1bl\u00e1n\u00e1l jegyz\u0151 (1817\u2013), itt \u00fcgyv\u00e9di vizsg\u00e1t tett (1820) \u00e9s \u00e1tt\u00e9rt a kat. vall\u00e1sra. Pesten kir. t\u00e1blai jegyz\u0151 (1820\u2013), a mo.-i \u00fcgyv\u00e9di oklevelet is megszerezte (1823. dec.). Pozsonyba [&hellip;]<\/p>\n","protected":false},"featured_media":0,"comment_status":"open","ping_status":"closed","template":"","meta":[],"product_brand":[],"product_cat":[137],"product_tag":[],"class_list":{"0":"post-22992","1":"product","2":"type-product","3":"status-publish","5":"product_cat-maros-megyei-eletrajzi-lexikon","7":"first","8":"instock","9":"shipping-taxable","10":"product-type-simple"},"_links":{"self":[{"href":"https:\/\/uj.adatbank.ro\/lexikon\/wp-json\/wp\/v2\/product\/22992","targetHints":{"allow":["GET"]}}],"collection":[{"href":"https:\/\/uj.adatbank.ro\/lexikon\/wp-json\/wp\/v2\/product"}],"about":[{"href":"https:\/\/uj.adatbank.ro\/lexikon\/wp-json\/wp\/v2\/types\/product"}],"replies":[{"embeddable":true,"href":"https:\/\/uj.adatbank.ro\/lexikon\/wp-json\/wp\/v2\/comments?post=22992"}],"wp:attachment":[{"href":"https:\/\/uj.adatbank.ro\/lexikon\/wp-json\/wp\/v2\/media?parent=22992"}],"wp:term":[{"taxonomy":"product_brand","embeddable":true,"href":"https:\/\/uj.adatbank.ro\/lexikon\/wp-json\/wp\/v2\/product_brand?post=22992"},{"taxonomy":"product_cat","embeddable":true,"href":"https:\/\/uj.adatbank.ro\/lexikon\/wp-json\/wp\/v2\/product_cat?post=22992"},{"taxonomy":"product_tag","embeddable":true,"href":"https:\/\/uj.adatbank.ro\/lexikon\/wp-json\/wp\/v2\/product_tag?post=22992"}],"curies":[{"name":"wp","href":"https:\/\/api.w.org\/{rel}","templated":true}]}}