{"id":23030,"date":"2025-08-01T17:10:17","date_gmt":"2025-08-01T15:10:17","guid":{"rendered":"https:\/\/uj.adatbank.ro\/lexikon\/termek\/tibald-mihaly-sepsikorospataki\/"},"modified":"2025-08-01T17:10:17","modified_gmt":"2025-08-01T15:10:17","slug":"tibald-mihaly-sepsikorospataki","status":"publish","type":"product","link":"https:\/\/uj.adatbank.ro\/lexikon\/termek\/tibald-mihaly-sepsikorospataki\/","title":{"rendered":"TIB\u00c1LD Mih\u00e1ly, sepsik\u00f6r\u00f6spataki"},"content":{"rendered":"<p>1840?, \u2020 Mv., 1919. aug. 16.: kir. \u00edt\u00e9l\u0151t\u00e1blaib\u00edr\u00f3. \u2013 Feles\u00e9ge: farkaslaki Hincs Berta (1850? \u2013 Mv., 1917. j\u00fal. 27.). Gyermekeik: Dr. T. Mikl\u00f3s orvos, feles\u00e9ge Moln\u00e1r Anna; T. Etelka \u2013 Cz\u00e1mpa Guszt\u00e1vn\u00e9; T. Margit \u2013 Lutz J\u00f3zsefn\u00e9. \u2013 Iskol\u00e1it Mv.-en kezdte, Kv.-on \u00e9retts\u00e9gizett, jogi vizsg\u00e1it Nagyszebenben \u00e9s Mv.-et, b\u00edr\u00f3i vizsg\u00e1t a mv.-i kir. t\u00e1bl\u00e1n\u00e1l tette le. T\u00f6rv\u00e9nysz\u00e9ki \u00fcln\u00f6k (1867), kir. t\u00f6rv\u00e9nysz\u00e9ki b\u00edr\u00f3 (1872), kir. j\u00e1r\u00e1sb\u00edr\u00f3 Fogarason (1878\u201390), kir. \u00edt\u00e9l\u0151t\u00e1blai b\u00edr\u00f3 nyugd\u00edjba vonul\u00e1s\u00e1ig (1891\u20131903). <br \/><strong>\u2013 Irod.:<\/strong> Gy\u00e1szjelent\u0151; Nemes; P\u00e1lmay.<\/br><\/p>\n","protected":false},"excerpt":{"rendered":"<p>1840?, \u2020 Mv., 1919. aug. 16.: kir. \u00edt\u00e9l\u0151t\u00e1blaib\u00edr\u00f3. \u2013 Feles\u00e9ge: farkaslaki Hincs Berta (1850? \u2013 Mv., 1917. j\u00fal. 27.). Gyermekeik: Dr. T. Mikl\u00f3s orvos, feles\u00e9ge Moln\u00e1r Anna; T. Etelka \u2013 Cz\u00e1mpa Guszt\u00e1vn\u00e9; T. Margit \u2013 Lutz J\u00f3zsefn\u00e9. \u2013 Iskol\u00e1it Mv.-en kezdte, Kv.-on \u00e9retts\u00e9gizett, jogi vizsg\u00e1it Nagyszebenben \u00e9s Mv.-et, b\u00edr\u00f3i vizsg\u00e1t a mv.-i kir. t\u00e1bl\u00e1n\u00e1l tette [&hellip;]<\/p>\n","protected":false},"featured_media":0,"comment_status":"open","ping_status":"closed","template":"","meta":[],"product_brand":[],"product_cat":[137],"product_tag":[],"class_list":{"0":"post-23030","1":"product","2":"type-product","3":"status-publish","5":"product_cat-maros-megyei-eletrajzi-lexikon","7":"first","8":"instock","9":"shipping-taxable","10":"product-type-simple"},"_links":{"self":[{"href":"https:\/\/uj.adatbank.ro\/lexikon\/wp-json\/wp\/v2\/product\/23030","targetHints":{"allow":["GET"]}}],"collection":[{"href":"https:\/\/uj.adatbank.ro\/lexikon\/wp-json\/wp\/v2\/product"}],"about":[{"href":"https:\/\/uj.adatbank.ro\/lexikon\/wp-json\/wp\/v2\/types\/product"}],"replies":[{"embeddable":true,"href":"https:\/\/uj.adatbank.ro\/lexikon\/wp-json\/wp\/v2\/comments?post=23030"}],"wp:attachment":[{"href":"https:\/\/uj.adatbank.ro\/lexikon\/wp-json\/wp\/v2\/media?parent=23030"}],"wp:term":[{"taxonomy":"product_brand","embeddable":true,"href":"https:\/\/uj.adatbank.ro\/lexikon\/wp-json\/wp\/v2\/product_brand?post=23030"},{"taxonomy":"product_cat","embeddable":true,"href":"https:\/\/uj.adatbank.ro\/lexikon\/wp-json\/wp\/v2\/product_cat?post=23030"},{"taxonomy":"product_tag","embeddable":true,"href":"https:\/\/uj.adatbank.ro\/lexikon\/wp-json\/wp\/v2\/product_tag?post=23030"}],"curies":[{"name":"wp","href":"https:\/\/api.w.org\/{rel}","templated":true}]}}