{"id":23037,"date":"2025-08-01T17:10:32","date_gmt":"2025-08-01T15:10:32","guid":{"rendered":"https:\/\/uj.adatbank.ro\/lexikon\/termek\/tihanyi-dezso-%c2%a7\/"},"modified":"2025-08-01T17:10:32","modified_gmt":"2025-08-01T15:10:32","slug":"tihanyi-dezso-%c2%a7","status":"publish","type":"product","link":"https:\/\/uj.adatbank.ro\/lexikon\/termek\/tihanyi-dezso-%c2%a7\/","title":{"rendered":"TIHANYI Dezs\u0151, \u00a7"},"content":{"rendered":"<p>? 1907., \u2020 Mv., 1945. jan. 19.: cionista aktivista. \u2013 A mv.-i Bariszia alap\u00edt\u00f3ja, az Erd\u00e9lyi Bariszia \u201eRos-risonja\u201d, aktivista a cionista szervezet \u00e1gazataiban (1928 k.). El\u0151ad\u00e1sokat tartott mv.-i rendezv\u00e9nyeken a zsid\u00f3 m\u0171velts\u00e9g \u00e9s a cionizmusr\u00f3l (1931, 36, 39). Mv.-r\u0151l a feles\u00e9g\u00e9vel (1910) egy\u00fctt deport\u00e1lt\u00e1k (1944. m\u00e1j. 29.). <br \/><strong>\u2013 Irod.:<\/strong> Id\u0151t\u00e1r 3; Mv. zsid\u00f3s\u00e1ga; Mv.-i zsid\u00f3 temet\u0151 dok. .<\/br><\/p>\n","protected":false},"excerpt":{"rendered":"<p>? 1907., \u2020 Mv., 1945. jan. 19.: cionista aktivista. \u2013 A mv.-i Bariszia alap\u00edt\u00f3ja, az Erd\u00e9lyi Bariszia \u201eRos-risonja\u201d, aktivista a cionista szervezet \u00e1gazataiban (1928 k.). El\u0151ad\u00e1sokat tartott mv.-i rendezv\u00e9nyeken a zsid\u00f3 m\u0171velts\u00e9g \u00e9s a cionizmusr\u00f3l (1931, 36, 39). Mv.-r\u0151l a feles\u00e9g\u00e9vel (1910) egy\u00fctt deport\u00e1lt\u00e1k (1944. m\u00e1j. 29.). \u2013 Irod.: Id\u0151t\u00e1r 3; Mv. zsid\u00f3s\u00e1ga; Mv.-i zsid\u00f3 [&hellip;]<\/p>\n","protected":false},"featured_media":0,"comment_status":"open","ping_status":"closed","template":"","meta":[],"product_brand":[],"product_cat":[137],"product_tag":[],"class_list":{"0":"post-23037","1":"product","2":"type-product","3":"status-publish","5":"product_cat-maros-megyei-eletrajzi-lexikon","7":"first","8":"instock","9":"shipping-taxable","10":"product-type-simple"},"_links":{"self":[{"href":"https:\/\/uj.adatbank.ro\/lexikon\/wp-json\/wp\/v2\/product\/23037","targetHints":{"allow":["GET"]}}],"collection":[{"href":"https:\/\/uj.adatbank.ro\/lexikon\/wp-json\/wp\/v2\/product"}],"about":[{"href":"https:\/\/uj.adatbank.ro\/lexikon\/wp-json\/wp\/v2\/types\/product"}],"replies":[{"embeddable":true,"href":"https:\/\/uj.adatbank.ro\/lexikon\/wp-json\/wp\/v2\/comments?post=23037"}],"wp:attachment":[{"href":"https:\/\/uj.adatbank.ro\/lexikon\/wp-json\/wp\/v2\/media?parent=23037"}],"wp:term":[{"taxonomy":"product_brand","embeddable":true,"href":"https:\/\/uj.adatbank.ro\/lexikon\/wp-json\/wp\/v2\/product_brand?post=23037"},{"taxonomy":"product_cat","embeddable":true,"href":"https:\/\/uj.adatbank.ro\/lexikon\/wp-json\/wp\/v2\/product_cat?post=23037"},{"taxonomy":"product_tag","embeddable":true,"href":"https:\/\/uj.adatbank.ro\/lexikon\/wp-json\/wp\/v2\/product_tag?post=23037"}],"curies":[{"name":"wp","href":"https:\/\/api.w.org\/{rel}","templated":true}]}}