{"id":23053,"date":"2025-08-01T17:11:11","date_gmt":"2025-08-01T15:11:11","guid":{"rendered":"https:\/\/uj.adatbank.ro\/lexikon\/termek\/timis-pantelimon\/"},"modified":"2025-08-01T17:11:11","modified_gmt":"2025-08-01T15:11:11","slug":"timis-pantelimon","status":"publish","type":"product","link":"https:\/\/uj.adatbank.ro\/lexikon\/termek\/timis-pantelimon\/","title":{"rendered":"TIMI\u015e, Pantelimon"},"content":{"rendered":"<p>? \u2020 ?: ort. szerzetes. \u2013 Z\u00e1rdaf\u0151n\u00f6k P\u00e1lpatak\u00e1n A r\u00e9gi kolostor hely\u00e9re egy kis fatemplomot \u00e9p\u00edttetett, kolostort l\u00e9tes\u00edtett, ahol \u0151 volt az els\u0151 h\u00e1zf\u0151n\u00f6k (1995). <br \/><strong>\u2013 Irod.:<\/strong> Reghin, Protopopiat.<\/br><\/p>\n","protected":false},"excerpt":{"rendered":"<p>? \u2020 ?: ort. szerzetes. \u2013 Z\u00e1rdaf\u0151n\u00f6k P\u00e1lpatak\u00e1n A r\u00e9gi kolostor hely\u00e9re egy kis fatemplomot \u00e9p\u00edttetett, kolostort l\u00e9tes\u00edtett, ahol \u0151 volt az els\u0151 h\u00e1zf\u0151n\u00f6k (1995). \u2013 Irod.: Reghin, Protopopiat.<\/p>\n","protected":false},"featured_media":0,"comment_status":"open","ping_status":"closed","template":"","meta":[],"product_brand":[],"product_cat":[137],"product_tag":[],"class_list":{"0":"post-23053","1":"product","2":"type-product","3":"status-publish","5":"product_cat-maros-megyei-eletrajzi-lexikon","7":"first","8":"instock","9":"shipping-taxable","10":"product-type-simple"},"_links":{"self":[{"href":"https:\/\/uj.adatbank.ro\/lexikon\/wp-json\/wp\/v2\/product\/23053","targetHints":{"allow":["GET"]}}],"collection":[{"href":"https:\/\/uj.adatbank.ro\/lexikon\/wp-json\/wp\/v2\/product"}],"about":[{"href":"https:\/\/uj.adatbank.ro\/lexikon\/wp-json\/wp\/v2\/types\/product"}],"replies":[{"embeddable":true,"href":"https:\/\/uj.adatbank.ro\/lexikon\/wp-json\/wp\/v2\/comments?post=23053"}],"wp:attachment":[{"href":"https:\/\/uj.adatbank.ro\/lexikon\/wp-json\/wp\/v2\/media?parent=23053"}],"wp:term":[{"taxonomy":"product_brand","embeddable":true,"href":"https:\/\/uj.adatbank.ro\/lexikon\/wp-json\/wp\/v2\/product_brand?post=23053"},{"taxonomy":"product_cat","embeddable":true,"href":"https:\/\/uj.adatbank.ro\/lexikon\/wp-json\/wp\/v2\/product_cat?post=23053"},{"taxonomy":"product_tag","embeddable":true,"href":"https:\/\/uj.adatbank.ro\/lexikon\/wp-json\/wp\/v2\/product_tag?post=23053"}],"curies":[{"name":"wp","href":"https:\/\/api.w.org\/{rel}","templated":true}]}}