{"id":23070,"date":"2025-08-01T17:11:55","date_gmt":"2025-08-01T15:11:55","guid":{"rendered":"https:\/\/uj.adatbank.ro\/lexikon\/termek\/tisza-borosjenoi-es-szegedi-gr-csalad\/"},"modified":"2025-08-01T17:11:55","modified_gmt":"2025-08-01T15:11:55","slug":"tisza-borosjenoi-es-szegedi-gr-csalad","status":"publish","type":"product","link":"https:\/\/uj.adatbank.ro\/lexikon\/termek\/tisza-borosjenoi-es-szegedi-gr-csalad\/","title":{"rendered":"TISZA, borosjen\u0151i \u00e9s szegedi gr. csal\u00e1d"},"content":{"rendered":"<p>Legels\u0151 ismert tagja Georgius Literatus de Boros-Jen\u0151 azaz Tisza Gy\u00f6rgy (1658. k), tanult nemes ember, katona, borosjen\u0151i kapit\u00e1ny, I. R\u00e1k\u00f3czi Gy\u00f6rgy fejedelemt\u0151l adom\u00e1nyba kapta terjedelmes birtokait Arad, Csan\u00e1d \u00e9s Temes vm.-ben. Ismeretes e n\u00e9ven D\u00e1niel, ki 1671-ben Franekerben (\u201eA lelki ismeretr\u0151l\u201d stb.) egy magyar munk\u00e1j\u00e1t nyomtatott ki. I. Istv\u00e1n a R\u00e1k\u00f3cziak bizalmi ember, Zar\u00e1nd megye szolgab\u00edr\u00e1ja k\u00e9s\u0151bb portai k\u00f6vet, majd Barcsai \u00c1kos h\u00edve, V\u00e1rad eleste ut\u00e1n K\u0151v\u00e1r kapit\u00e1nya, Barcsai hal\u00e1la ut\u00e1n D\u00e9v\u00e1n lakott. Fia Istv\u00e1n Tord\u00e1n alap\u00edtott csal\u00e1dot. A vagyonvesztett csal\u00e1d h\u00e1rom nemzed\u00e9ken kereszt\u00fcl k\u00fczd\u00f6tt az \u0151si birtok visszaszerz\u00e9s\u00e9\u00e9rt. Pert nyertek (1759) \u00e9s M\u00e1ria Ter\u00e9zia a r\u00e9gi birtokok helyett nekik adom\u00e1nyozta Gesztet, Mez\u0151gy\u00e1n falut \u00e9s Cseg\u0151d \u00e9s Radv\u00e1ny puszt\u00e1t (1760). A borosjen\u0151i \u00e9s szegedi \u00e1g jelent\u0151s k\u00f6z\u00e9leti szerepl\u0151ket adott az orsz\u00e1gnak. Lajos szegedi kir biztos gr\u00f3fi rangot \u00e9s c\u00edmert kapott Ferenc J\u00f3zseft\u0151l \u00e9s a m\u00e1r megl\u00e9v\u0151 borosjen\u0151i el\u0151n\u00e9v mell\u00e9 a szegedi el\u0151nevet is felvehette (1883). Fia K\u00e1lm\u00e1n (1830\u20131902) minisztereln\u00f6k, unok\u00e1ja Istv\u00e1n (1861\u20131918) k\u00e9t\u00edzben Mo. minisztereln\u00f6ke.A gr\u00f3fi c\u00edmet megkapta Istv\u00e1n, K\u00e1lm\u00e1n \u00e9s Lajos is (1897), a f\u00f6rendi h\u00e1z \u00f6r\u00f6k\u00f6s tags\u00e1g\u00e1val egy\u00fctt. <br \/><strong>\u2013 Irod.:<\/strong> Gudenus, Nagy Iv\u00e1n.<\/br><\/p>\n","protected":false},"excerpt":{"rendered":"<p>Legels\u0151 ismert tagja Georgius Literatus de Boros-Jen\u0151 azaz Tisza Gy\u00f6rgy (1658. k), tanult nemes ember, katona, borosjen\u0151i kapit\u00e1ny, I. R\u00e1k\u00f3czi Gy\u00f6rgy fejedelemt\u0151l adom\u00e1nyba kapta terjedelmes birtokait Arad, Csan\u00e1d \u00e9s Temes vm.-ben. Ismeretes e n\u00e9ven D\u00e1niel, ki 1671-ben Franekerben (\u201eA lelki ismeretr\u0151l\u201d stb.) egy magyar munk\u00e1j\u00e1t nyomtatott ki. I. Istv\u00e1n a R\u00e1k\u00f3cziak bizalmi ember, Zar\u00e1nd megye [&hellip;]<\/p>\n","protected":false},"featured_media":0,"comment_status":"open","ping_status":"closed","template":"","meta":[],"product_brand":[],"product_cat":[137],"product_tag":[],"class_list":{"0":"post-23070","1":"product","2":"type-product","3":"status-publish","5":"product_cat-maros-megyei-eletrajzi-lexikon","7":"first","8":"instock","9":"shipping-taxable","10":"product-type-simple"},"_links":{"self":[{"href":"https:\/\/uj.adatbank.ro\/lexikon\/wp-json\/wp\/v2\/product\/23070","targetHints":{"allow":["GET"]}}],"collection":[{"href":"https:\/\/uj.adatbank.ro\/lexikon\/wp-json\/wp\/v2\/product"}],"about":[{"href":"https:\/\/uj.adatbank.ro\/lexikon\/wp-json\/wp\/v2\/types\/product"}],"replies":[{"embeddable":true,"href":"https:\/\/uj.adatbank.ro\/lexikon\/wp-json\/wp\/v2\/comments?post=23070"}],"wp:attachment":[{"href":"https:\/\/uj.adatbank.ro\/lexikon\/wp-json\/wp\/v2\/media?parent=23070"}],"wp:term":[{"taxonomy":"product_brand","embeddable":true,"href":"https:\/\/uj.adatbank.ro\/lexikon\/wp-json\/wp\/v2\/product_brand?post=23070"},{"taxonomy":"product_cat","embeddable":true,"href":"https:\/\/uj.adatbank.ro\/lexikon\/wp-json\/wp\/v2\/product_cat?post=23070"},{"taxonomy":"product_tag","embeddable":true,"href":"https:\/\/uj.adatbank.ro\/lexikon\/wp-json\/wp\/v2\/product_tag?post=23070"}],"curies":[{"name":"wp","href":"https:\/\/api.w.org\/{rel}","templated":true}]}}