{"id":23176,"date":"2025-08-01T17:16:24","date_gmt":"2025-08-01T15:16:24","guid":{"rendered":"https:\/\/uj.adatbank.ro\/lexikon\/termek\/toldalagi-adele-toldalagi-adel-toldalagi-adele-nagyercsei-es-gelencei-gr-bethlen-gyulane\/"},"modified":"2025-08-01T17:16:24","modified_gmt":"2025-08-01T15:16:24","slug":"toldalagi-adele-toldalagi-adel-toldalagi-adele-nagyercsei-es-gelencei-gr-bethlen-gyulane","status":"publish","type":"product","link":"https:\/\/uj.adatbank.ro\/lexikon\/termek\/toldalagi-adele-toldalagi-adel-toldalagi-adele-nagyercsei-es-gelencei-gr-bethlen-gyulane\/","title":{"rendered":"TOLDALAGI \u00c1d\u00e9le; Toldalagi Ad\u00e9l, Toldalagi Adele, nagyercsei \u00e9s gelencei gr., Bethlen Gyul\u00e1n\u00e9"},"content":{"rendered":"<p>Koronka, 1832. \u00e1pr. 17 \u2020 Vaja (Szabolcs), 1893. \u00e1pr. 26. Koronk\u00e1n a csal\u00e1di s\u00edrboltba temett\u00e9k: f\u00f6ldbirtokos. \u2013 T. Ferenc (1803\u20131864) Marossz\u00e9k f\u0151kir. b\u00edr\u00e1ja \u00e9s s\u00e1rosmagyarberkeszi Katona Anna le\u00e1nya. Testv\u00e9rei: nagyercsei gr. Toldalagi Franciska; T. R\u00f3za, br. Schleinitz Vilmosn\u00e9; T. Victor, feles\u00e9ge br. B\u00e1nffi Anna. F\u00e9rje bethleni gr. Bethlen Gyula (sz. \u00c1rokalja, 1835. m\u00e1j. 29. \u2013 Mv., 1902. m\u00e1j. 20.). Esk\u00fcv\u0151: 1869. nov. 20., Koronk\u00e1n. Lak\u00e1s: Erd\u0151szengyel. Nevelt le\u00e1nya br. Schleinitz Mari, Sperker Ferencn\u00e9. \u2013 Marosludason volt 256 hold, 539 n\u00e9gysz\u00f6g\u00f6l birtoka (1861), a hat\u00e1rr\u00e9szeket a birtokosokr\u00f3l nevezt\u00e9k el. <br \/><strong>\u2013 Irod.:<\/strong> Gudenus; Gy\u00e1szjelent\u0151; Lukinich; MNZS; Pesty 2014.<\/br><\/p>\n","protected":false},"excerpt":{"rendered":"<p>Koronka, 1832. \u00e1pr. 17 \u2020 Vaja (Szabolcs), 1893. \u00e1pr. 26. Koronk\u00e1n a csal\u00e1di s\u00edrboltba temett\u00e9k: f\u00f6ldbirtokos. \u2013 T. Ferenc (1803\u20131864) Marossz\u00e9k f\u0151kir. b\u00edr\u00e1ja \u00e9s s\u00e1rosmagyarberkeszi Katona Anna le\u00e1nya. Testv\u00e9rei: nagyercsei gr. Toldalagi Franciska; T. R\u00f3za, br. Schleinitz Vilmosn\u00e9; T. Victor, feles\u00e9ge br. B\u00e1nffi Anna. F\u00e9rje bethleni gr. Bethlen Gyula (sz. \u00c1rokalja, 1835. m\u00e1j. 29. \u2013 [&hellip;]<\/p>\n","protected":false},"featured_media":0,"comment_status":"open","ping_status":"closed","template":"","meta":[],"product_brand":[],"product_cat":[137],"product_tag":[],"class_list":{"0":"post-23176","1":"product","2":"type-product","3":"status-publish","5":"product_cat-maros-megyei-eletrajzi-lexikon","7":"first","8":"instock","9":"shipping-taxable","10":"product-type-simple"},"_links":{"self":[{"href":"https:\/\/uj.adatbank.ro\/lexikon\/wp-json\/wp\/v2\/product\/23176","targetHints":{"allow":["GET"]}}],"collection":[{"href":"https:\/\/uj.adatbank.ro\/lexikon\/wp-json\/wp\/v2\/product"}],"about":[{"href":"https:\/\/uj.adatbank.ro\/lexikon\/wp-json\/wp\/v2\/types\/product"}],"replies":[{"embeddable":true,"href":"https:\/\/uj.adatbank.ro\/lexikon\/wp-json\/wp\/v2\/comments?post=23176"}],"wp:attachment":[{"href":"https:\/\/uj.adatbank.ro\/lexikon\/wp-json\/wp\/v2\/media?parent=23176"}],"wp:term":[{"taxonomy":"product_brand","embeddable":true,"href":"https:\/\/uj.adatbank.ro\/lexikon\/wp-json\/wp\/v2\/product_brand?post=23176"},{"taxonomy":"product_cat","embeddable":true,"href":"https:\/\/uj.adatbank.ro\/lexikon\/wp-json\/wp\/v2\/product_cat?post=23176"},{"taxonomy":"product_tag","embeddable":true,"href":"https:\/\/uj.adatbank.ro\/lexikon\/wp-json\/wp\/v2\/product_tag?post=23176"}],"curies":[{"name":"wp","href":"https:\/\/api.w.org\/{rel}","templated":true}]}}