{"id":23179,"date":"2025-08-01T17:16:32","date_gmt":"2025-08-01T15:16:32","guid":{"rendered":"https:\/\/uj.adatbank.ro\/lexikon\/termek\/toldalagi-anna-nagyercsei-es-gelneczei-gr-toldalaghi-anna-senyi-laszlone\/"},"modified":"2025-08-01T17:16:32","modified_gmt":"2025-08-01T15:16:32","slug":"toldalagi-anna-nagyercsei-es-gelneczei-gr-toldalaghi-anna-senyi-laszlone","status":"publish","type":"product","link":"https:\/\/uj.adatbank.ro\/lexikon\/termek\/toldalagi-anna-nagyercsei-es-gelneczei-gr-toldalaghi-anna-senyi-laszlone\/","title":{"rendered":"TOLDALAGI Anna, nagyercsei \u00e9s gelneczei gr., Toldalaghi Anna, S\u00e9nyi L\u00e1szl\u00f3n\u00e9"},"content":{"rendered":"<p>Koronka, 1861. jan. 21., \u2020 Mv., 1932. m\u00e1rc. 8.: ?. \u2013 Viktor (1829\u20131881) \u00e9s losonczi B\u00e1nffy Anna (1831\u20131897) l\u00e1nya. F\u00e9rje: S\u00e9nyi L\u00e1szl\u00f3, cs. kir. kamar\u00e1s, Maros-Torda vm. tb. f\u0151szolgab\u00edr\u00e1ja (Mv.: 1907. okt. 22). \u2013 N\u00e9pkonyh\u00e1t nyitott a t\u00e9li h\u00f3napokra a szeg\u00e9nyek r\u00e9sz\u00e9re (1910, 1912). Az els\u0151 vh. idej\u00e9n a szenved\u0151ket seg\u00edtette, a Mv.-en alakult V\u00f6r\u00f6s Kereszt Egylet fi\u00f3kj\u00e1nak eln\u00f6ke. A h\u00e1bor\u00fa ut\u00e1n minden kultur\u00e1lis tev\u00e9kenys\u00e9get t\u00e1mogatott. Seg\u00edtette a helyi sz\u00edn\u00e9szetet, k\u00f6z\u00f6ns\u00e9get toborozott, el\u0151ad\u00f3 esteket szervezett \u00e9s azokon megjelent rendszeresen. <br \/><strong>\u2013 Irod.:<\/strong> \u00c1ll\u00f3- \u00e9s mozg\u00f3k\u00e9pek; Gudenus; Id\u0151t\u00e1r 2; Kornis; Lev\u00e9lt\u00e1ri gy\u00e1szj.; Marosi-KZST; Molter K\u00e1roly: S\u00e1nyi L\u00e1szl\u00f3n\u00e9 hal\u00e1la (Sz\u00e9kelyf\u00f6ld, 1932. m\u00e1rc. 18.); Mv. \u00e9s a h\u00e1bor\u00fa 1.<\/br><\/p>\n","protected":false},"excerpt":{"rendered":"<p>Koronka, 1861. jan. 21., \u2020 Mv., 1932. m\u00e1rc. 8.: ?. \u2013 Viktor (1829\u20131881) \u00e9s losonczi B\u00e1nffy Anna (1831\u20131897) l\u00e1nya. F\u00e9rje: S\u00e9nyi L\u00e1szl\u00f3, cs. kir. kamar\u00e1s, Maros-Torda vm. tb. f\u0151szolgab\u00edr\u00e1ja (Mv.: 1907. okt. 22). \u2013 N\u00e9pkonyh\u00e1t nyitott a t\u00e9li h\u00f3napokra a szeg\u00e9nyek r\u00e9sz\u00e9re (1910, 1912). Az els\u0151 vh. idej\u00e9n a szenved\u0151ket seg\u00edtette, a Mv.-en alakult V\u00f6r\u00f6s [&hellip;]<\/p>\n","protected":false},"featured_media":0,"comment_status":"open","ping_status":"closed","template":"","meta":[],"product_brand":[],"product_cat":[137],"product_tag":[],"class_list":{"0":"post-23179","1":"product","2":"type-product","3":"status-publish","5":"product_cat-maros-megyei-eletrajzi-lexikon","7":"first","8":"instock","9":"shipping-taxable","10":"product-type-simple"},"_links":{"self":[{"href":"https:\/\/uj.adatbank.ro\/lexikon\/wp-json\/wp\/v2\/product\/23179","targetHints":{"allow":["GET"]}}],"collection":[{"href":"https:\/\/uj.adatbank.ro\/lexikon\/wp-json\/wp\/v2\/product"}],"about":[{"href":"https:\/\/uj.adatbank.ro\/lexikon\/wp-json\/wp\/v2\/types\/product"}],"replies":[{"embeddable":true,"href":"https:\/\/uj.adatbank.ro\/lexikon\/wp-json\/wp\/v2\/comments?post=23179"}],"wp:attachment":[{"href":"https:\/\/uj.adatbank.ro\/lexikon\/wp-json\/wp\/v2\/media?parent=23179"}],"wp:term":[{"taxonomy":"product_brand","embeddable":true,"href":"https:\/\/uj.adatbank.ro\/lexikon\/wp-json\/wp\/v2\/product_brand?post=23179"},{"taxonomy":"product_cat","embeddable":true,"href":"https:\/\/uj.adatbank.ro\/lexikon\/wp-json\/wp\/v2\/product_cat?post=23179"},{"taxonomy":"product_tag","embeddable":true,"href":"https:\/\/uj.adatbank.ro\/lexikon\/wp-json\/wp\/v2\/product_tag?post=23179"}],"curies":[{"name":"wp","href":"https:\/\/api.w.org\/{rel}","templated":true}]}}