{"id":23188,"date":"2025-08-01T17:16:59","date_gmt":"2025-08-01T15:16:59","guid":{"rendered":"https:\/\/uj.adatbank.ro\/lexikon\/termek\/toldalagi-ferenc\/"},"modified":"2025-08-01T17:16:59","modified_gmt":"2025-08-01T15:16:59","slug":"toldalagi-ferenc","status":"publish","type":"product","link":"https:\/\/uj.adatbank.ro\/lexikon\/termek\/toldalagi-ferenc\/","title":{"rendered":"TOLDALAGI Ferenc"},"content":{"rendered":"<p>15., \u2020 Schellenberg, 1599. okt. 28.: isp\u00e1n. \u2013 Doboka megye isp\u00e1nja. B\u00e1thori Andr\u00e1s fejedelem had\u00e1ban, a schellenbergi csat\u00e1ban vett r\u00e9szt. Temet\u00e9se uo. t\u00f6megs\u00edrban. <br \/><strong>\u2013 Irod.:<\/strong> Szamosk\u00f6zy Istv\u00e1n. Erd\u00e9ly t\u00f6rt\u00e9nelmi maradv\u00e1nyai 1566\u20131603. 3. k\u00f6t. (Bp., 1876\u20131881); Sz\u00e1deczky-Kardos Lajos: Erd\u00e9ly \u00e9s Mih\u00e1ly vajda t\u00f6rt\u00e9nete (Temesv\u00e1r, 1893).<\/br><\/p>\n","protected":false},"excerpt":{"rendered":"<p>15., \u2020 Schellenberg, 1599. okt. 28.: isp\u00e1n. \u2013 Doboka megye isp\u00e1nja. B\u00e1thori Andr\u00e1s fejedelem had\u00e1ban, a schellenbergi csat\u00e1ban vett r\u00e9szt. Temet\u00e9se uo. t\u00f6megs\u00edrban. \u2013 Irod.: Szamosk\u00f6zy Istv\u00e1n. Erd\u00e9ly t\u00f6rt\u00e9nelmi maradv\u00e1nyai 1566\u20131603. 3. k\u00f6t. (Bp., 1876\u20131881); Sz\u00e1deczky-Kardos Lajos: Erd\u00e9ly \u00e9s Mih\u00e1ly vajda t\u00f6rt\u00e9nete (Temesv\u00e1r, 1893).<\/p>\n","protected":false},"featured_media":0,"comment_status":"open","ping_status":"closed","template":"","meta":[],"product_brand":[],"product_cat":[137],"product_tag":[],"class_list":{"0":"post-23188","1":"product","2":"type-product","3":"status-publish","5":"product_cat-maros-megyei-eletrajzi-lexikon","7":"first","8":"instock","9":"shipping-taxable","10":"product-type-simple"},"_links":{"self":[{"href":"https:\/\/uj.adatbank.ro\/lexikon\/wp-json\/wp\/v2\/product\/23188","targetHints":{"allow":["GET"]}}],"collection":[{"href":"https:\/\/uj.adatbank.ro\/lexikon\/wp-json\/wp\/v2\/product"}],"about":[{"href":"https:\/\/uj.adatbank.ro\/lexikon\/wp-json\/wp\/v2\/types\/product"}],"replies":[{"embeddable":true,"href":"https:\/\/uj.adatbank.ro\/lexikon\/wp-json\/wp\/v2\/comments?post=23188"}],"wp:attachment":[{"href":"https:\/\/uj.adatbank.ro\/lexikon\/wp-json\/wp\/v2\/media?parent=23188"}],"wp:term":[{"taxonomy":"product_brand","embeddable":true,"href":"https:\/\/uj.adatbank.ro\/lexikon\/wp-json\/wp\/v2\/product_brand?post=23188"},{"taxonomy":"product_cat","embeddable":true,"href":"https:\/\/uj.adatbank.ro\/lexikon\/wp-json\/wp\/v2\/product_cat?post=23188"},{"taxonomy":"product_tag","embeddable":true,"href":"https:\/\/uj.adatbank.ro\/lexikon\/wp-json\/wp\/v2\/product_tag?post=23188"}],"curies":[{"name":"wp","href":"https:\/\/api.w.org\/{rel}","templated":true}]}}