{"id":23192,"date":"2025-08-01T17:17:09","date_gmt":"2025-08-01T15:17:09","guid":{"rendered":"https:\/\/uj.adatbank.ro\/lexikon\/termek\/toldalagi-ferenc-%c2%a7-tholdalagi-nagyercsei-es-gelencei-gr\/"},"modified":"2025-08-01T17:17:09","modified_gmt":"2025-08-01T15:17:09","slug":"toldalagi-ferenc-%c2%a7-tholdalagi-nagyercsei-es-gelencei-gr","status":"publish","type":"product","link":"https:\/\/uj.adatbank.ro\/lexikon\/termek\/toldalagi-ferenc-%c2%a7-tholdalagi-nagyercsei-es-gelencei-gr\/","title":{"rendered":"TOLDALAGI Ferenc, \u00a7 Tholdalagi, nagyercsei \u00e9s gelencei gr."},"content":{"rendered":"<p>Koronka, 1803. jan. 15. \u2020 T\u00fcffer (f\u00fcrd\u0151) Bad Gastein (Ausztria), 1864. j\u00fan. 16.: politikus, cs. \u00e9s kir. kamar\u00e1s, al-, f\u0151kir\u00e1lyb\u00edr\u00f3, a kaszin\u00f3 eln\u00f6ke.Koronk\u00e1n temett\u00e9k. \u2013 T. Zsigmond (1766\u20131847) \u00e9s Vay Kata fia. Feles\u00e9ge s\u00e1rosmagyarberkeszi Katona Anna (Kv., 1805 \u2013 Mv., 1863. okt. 6.). esk\u00fcv\u0151 (1825. szept. 25.). Gyermekei: T. Viktor, cs. k. kamar\u00e1s (1829\u20131881), feles\u00e9ge: br. B\u00e1nffy Anna; T. Franciska (1830\u20131905); Ad\u00e9l (1832\u20131893); R\u00f3za, Schleinitz Vilmosn\u00e9 (1834\u20131908). \u2013 Reprezentat\u00edv \u00e9p\u00fcletegy\u00fcttes l\u00e9trehoz\u00e1s\u00e1t tervezte, de terveit nem tudta megval\u00f3s\u00edtani, mert az erd\u00e9lyi vas\u00fat\u00e9p\u00edt\u00e9s v\u00e1llalkoz\u00e1s\u00e1ban t\u00f6nkrement, csak a klasszicista el\u0151\u00e9p\u00fclet val\u00f3sult meg (1830 k.), Joseph Weixlbraun tervei alapj\u00e1n. A t\u00e1jk\u00e9pi parkot Bodor P\u00e9ter tervezte \u00e9s \u00e9p\u00edtette. A mesters\u00e9gesen kialak\u00edtott halast\u00f3 \u00e9s a M\u00fcller J\u00e1nos \u00e9p\u00edt\u00e9sz emelte kerti pavilon d\u00edsz\u00edtette a kertet (1887\u2013). A mv.-i Kaszin\u00f3 egyik alap\u00edt\u00f3igazgat\u00f3ja \u00e9s els\u0151 eln\u00f6ke volt (1832); a ref. f\u0151consistoriumot k\u00e9pviselte a Gecse-f\u00e9le Emberszereteti Int\u00e9zet alap\u00edt\u00f3bizotts\u00e1g\u00e1ban (1840). Marossz\u00e9ki alkir\u00e1lyb\u00edr\u00f3 majd Marossz\u00e9k f\u0151kir\u00e1lyb\u00edr\u00f3ja (1847. dec. 11\u20131848. okt \u00e9s 1861\u201362). M\u00e9rs\u00e9kelt politika h\u00edve. Agg\u00f3dott, mert a mv.-i kancellist\u00e1k (rom\u00e1nok. magyarok, sz\u00e1szok), koll.-i di\u00e1kok is csatlakoztak a mozgalmakhoz \u00e9s B\u0103rnu\u0163iu ki\u00e1ltv\u00e1ny\u00e1hoz (1848. m\u00e1rc. 26.), \u00e9s t\u00e1mogatta \u0151ket G\u00e1lfalvi Imre, t\u00e1blai proton\u00f3t\u00e1rius \u00e9s G\u00e1l J\u00e1nos, \u00fcln\u00f6k is. Utas\u00edt\u00e1s\u00e1ra a v\u00e1ros \u00e9p\u00fcleteir\u0151l elt\u00e1vol\u00edtottak minden Habsburg embl\u00e9m\u00e1t. Mint f\u0151kir\u00e1lyb\u00edr\u00f3, rom\u00e1n \u00e9s m. nyelv\u0171 ki\u00e1ltv\u00e1nyt int\u00e9zett Marossz\u00e9k polg\u00e1raihoz, amelyben a rom\u00e1n \u00e9s m. lakoss\u00e1got megb\u00e9k\u00e9l\u00e9sre \u00e9s egy\u00fcttm\u0171k\u00f6d\u00e9sre sz\u00f3l\u00edtotta fel (1848. okt. 11.). Berzenczey L\u00e1szl\u00f3 mondatta le a konzervat\u00edv, forradalomat ellenz\u0151 T. F.-et. R\u00e9szv\u00e9nyeket bocs\u00e1tott ki egy k\u0151sz\u00ednh\u00e1z alap\u00edt\u00e1s\u00e1ra Mv.-en (1850). A Sz\u00ednh\u00e1zp\u00e1rtol\u00f3 Egylet tagja. B\u00e9csben elk\u00e9sz\u00edttette a V\u00e1s\u00e1rhelyen fel\u00e1ll\u00edtand\u00f3 nemzeti sz\u00ednh\u00e1z tervrajz\u00e1t (1856), \u00e9s r\u00e9szv\u00e9nyt\u00e1rsas\u00e1got alak\u00edtott az \u00e9p\u00edtend\u0151 sz\u00ednh\u00e1z \u00e9rdek\u00e9ben, amelynek eln\u00f6ke volt. A Ref. Koll. f\u0151gondnoka (1853). Megv\u00e1s\u00e1rolta a szentdemeteri kast\u00e9lyt gr. Abensberg Traun Ferencn\u00e9 sz. Bethlen Borb\u00e1l\u00e1t\u00f3l (1845 k.), feles\u00e9ge ott is halt meg (1863. okt 16.). Val\u00f3sz\u00edn\u0171, hogy \u0151 az \u00faj koronkai udvarh\u00e1z \u00e9p\u00edttet\u0151je (1829- kezdte). A gazdag berendez\u00e9s\u0171 \u00fajklasszicista homlokzat\u00fa udvarh\u00e1z, Josef Weixlbraun \u00e9p\u00edt\u00e9sz tervei alapj\u00e1n (1829) k\u00e9sz\u00fclt, a 110 holdas parkban \u00e1llt. Az udvarh\u00e1z \u00e9s kripta ma \u201eA\u201d kateg\u00f3ri\u00e1j\u00fa m\u0171eml\u00e9k. Legfigyelemrem\u00e9lt\u00f3bb r\u00e9sze a korabeli Erd\u00e9ly egyik legszebb \u00e9s leg\u00e9rt\u00e9kesebb k\u00f6nyvt\u00e1ra volt. Feles\u00e9ge, s\u00e1rosmagyarberkeszi Katona Anna r\u00e9v\u00e9n a G\u00f6ttingenben tanult Katona Zsigmond k\u00f6nyvgy\u0171jtem\u00e9nye Koronk\u00e1ra ker\u00fclt, ez k\u00e9pezte a k\u00f6nyvt\u00e1r alapj\u00e1t: t\u00f6bb k\u00f3dexet, latin \u00e9s g\u00f6r\u00f6g sz\u00f6veget, els\u0151 vagy ritka kiad\u00e1st, t\u00f6rt\u00e9nelmi, b\u00e1ny\u00e1szati munk\u00e1t tartalmazott. N\u00e9h\u00e1ny kiv\u00e9tellel, amit S\u00e9nyi L\u00e1szl\u00f3 sikeresen mentett meg \u00e9s vitt a T\u00e9k\u00e1ba, a k\u00f6nyvt\u00e1r megsemmis\u00fclt (1944. dec.). Nagyn\u00e9nje T\u0171ri L\u00e1szl\u00f3n\u00e9 Toldalagi Katalin, t\u0151le \u00f6r\u00f6k\u00f6lte a rudai aranyb\u00e1ny\u00e1t, amelynek elveszt\u00e9se ut\u00e1n Ausztri\u00e1ba menek\u00fclt, ahol meghalt. A koronkai kast\u00e9lynak az \u00e1llamos\u00edt\u00e1s el\u0151tti utols\u00f3 lak\u00f3ja T. J\u00f3zsefn\u00e9 volt. <br \/><strong>\u2013 Irod.:<\/strong> 1848\u20131849 Marossz\u00e9k; \u00c1ll\u00f3 \u00e9s mozg\u00f3k\u00e9pek; Apor\u2013Ol\u00e1h-G\u00e1l; Benk\u0151 K.: Mv.; Berde M\u00e1ria: Erd\u00e9lyi Vorm\u00e4rz: b\u00e1r\u00f3 Schleinitz Vilmosn\u00e9, Toldalagi R\u00f3za gr\u00f3fn\u0151 eml\u00e9kei = \u00dcnnepi k\u00f6nyv; Bir\u00f3; B\u00edr\u00f3 J\u00f3zsef: A koronkai Tholdalaghi-kast\u00e9ly = B\u00edr\u00f3 J\u00f3zsef: Erd\u00e9ly besz\u00e9l\u0151 k\u00f6vei (Kv., 2008); Chiorean 2008; D\u00f3sa Elek: Marossz\u00e9k (Hadt\u00f6rt\u00e9nelmi k\u00f6zlem\u00e9nyek, 1. sz., 2012. m\u00e1rc.); Fekete; Fodor S\u00e1ndor: J\u00e1rom az utat&#8230; (N\u00fa., 2005. aug. 11.); Az Erd\u00e9lyi Nagyfejedelems\u00e9g sz. k. Kv. v\u00e1ross\u00e1ban 1846. szept. 9. re k\u00f6z\u00f6ns\u00e9ges gy\u0171l\u00e9sre \u00f6sszeh\u00edvott tek. nemes rendeinek n\u00e9vsora (Kv., 1848); Erd\u00e9lyi unit. 1848\u201349; Gudenus; Gy\u00e1szjelent\u0151; Id\u0151t\u00e1r 1; Id\u0151t\u00e1r 2; Keresztes Gyula: Kast\u00e9lyaink 18.: A koronkai kast\u00e9ly (1992. aug. 15.); Keresztes Gyula: \u00d6r\u00f6ks\u00e9g\u00fcnk 41.: A szentdemeteri kast\u00e9ly (N\u00fa., 1993. j\u00fal. 2.); Koncz; Kornis; K\u0151v\u00e1ry L\u00e1szl\u00f3; Kr\u00f3n. F\u00fcz. (1939. 4\/6); Lev\u00e9lt\u00e1ri gy\u00e1szj.; Marosi-KZST; P\u00e1l-Antal; P\u00e1l-Antal 2002; P\u00e1lffy; P\u00e1lmay, Sz\u00e1deczky-Kardos Lajos: A sz\u00e9kely nemzet t\u00f6rt\u00e9nete \u00e9s alkotm\u00e1nya (Bp., 1927); T\u00f3falvi Zolt\u00e1n: 1848 m\u00e1rciusa a Sz\u00e9kelyf\u00f6ld\u00f6n, Mv.-en (N\u00fa., 1998. m\u00e1rc. 12\u201313.) Valori mure\u015fene de patrimoniu.<\/br><\/p>\n","protected":false},"excerpt":{"rendered":"<p>Koronka, 1803. jan. 15. \u2020 T\u00fcffer (f\u00fcrd\u0151) Bad Gastein (Ausztria), 1864. j\u00fan. 16.: politikus, cs. \u00e9s kir. kamar\u00e1s, al-, f\u0151kir\u00e1lyb\u00edr\u00f3, a kaszin\u00f3 eln\u00f6ke.Koronk\u00e1n temett\u00e9k. \u2013 T. Zsigmond (1766\u20131847) \u00e9s Vay Kata fia. Feles\u00e9ge s\u00e1rosmagyarberkeszi Katona Anna (Kv., 1805 \u2013 Mv., 1863. okt. 6.). esk\u00fcv\u0151 (1825. szept. 25.). Gyermekei: T. Viktor, cs. k. kamar\u00e1s (1829\u20131881), feles\u00e9ge: [&hellip;]<\/p>\n","protected":false},"featured_media":0,"comment_status":"open","ping_status":"closed","template":"","meta":[],"product_brand":[],"product_cat":[137],"product_tag":[],"class_list":{"0":"post-23192","1":"product","2":"type-product","3":"status-publish","5":"product_cat-maros-megyei-eletrajzi-lexikon","7":"first","8":"instock","9":"shipping-taxable","10":"product-type-simple"},"_links":{"self":[{"href":"https:\/\/uj.adatbank.ro\/lexikon\/wp-json\/wp\/v2\/product\/23192","targetHints":{"allow":["GET"]}}],"collection":[{"href":"https:\/\/uj.adatbank.ro\/lexikon\/wp-json\/wp\/v2\/product"}],"about":[{"href":"https:\/\/uj.adatbank.ro\/lexikon\/wp-json\/wp\/v2\/types\/product"}],"replies":[{"embeddable":true,"href":"https:\/\/uj.adatbank.ro\/lexikon\/wp-json\/wp\/v2\/comments?post=23192"}],"wp:attachment":[{"href":"https:\/\/uj.adatbank.ro\/lexikon\/wp-json\/wp\/v2\/media?parent=23192"}],"wp:term":[{"taxonomy":"product_brand","embeddable":true,"href":"https:\/\/uj.adatbank.ro\/lexikon\/wp-json\/wp\/v2\/product_brand?post=23192"},{"taxonomy":"product_cat","embeddable":true,"href":"https:\/\/uj.adatbank.ro\/lexikon\/wp-json\/wp\/v2\/product_cat?post=23192"},{"taxonomy":"product_tag","embeddable":true,"href":"https:\/\/uj.adatbank.ro\/lexikon\/wp-json\/wp\/v2\/product_tag?post=23192"}],"curies":[{"name":"wp","href":"https:\/\/api.w.org\/{rel}","templated":true}]}}

TOLDALAGI Ferenc, § Tholdalagi, nagyercsei és gelencei gr.

<p>Koronka, 1803. jan. 15. † Tüffer (fürdő) Bad Gastein (Ausztria), 1864. jún. 16.: politikus, cs. és kir. kamarás, al-, főkirálybíró, a kaszinó elnöke.Koronkán temették. – T. Zsigmond (1766–1847) és Vay Kata fia. Felesége sárosmagyarberkeszi Katona Anna (Kv., 1805 – Mv., 1863. okt. 6.). esküvő (1825. szept. 25.). Gyermekei: T. Viktor, cs. k. kamarás (1829–1881), felesége: br. Bánffy Anna; T. Franciska (1830–1905); Adél (1832–1893); Róza, Schleinitz Vilmosné (1834–1908). – Reprezentatív épületegyüttes létrehozását tervezte, de terveit nem tudta megvalósítani, mert az erdélyi vasútépítés vállalkozásában tönkrement, csak a klasszicista előépület valósult meg (1830 k.), Joseph Weixlbraun tervei alapján. A tájképi parkot Bodor Péter tervezte és építette. A mesterségesen kialakított halastó és a Müller János építész emelte kerti pavilon díszítette a kertet (1887–). A mv.-i Kaszinó egyik alapítóigazgatója és első elnöke volt (1832); a ref. főconsistoriumot képviselte a Gecse-féle Emberszereteti Intézet alapítóbizottságában (1840). Marosszéki alkirálybíró majd Marosszék főkirálybírója (1847. dec. 11–1848. okt és 1861–62). Mérsékelt politika híve. Aggódott, mert a mv.-i kancellisták (románok. magyarok, szászok), koll.-i diákok is csatlakoztak a mozgalmakhoz és Bărnuţiu kiáltványához (1848. márc. 26.), és támogatta őket Gálfalvi Imre, táblai protonótárius és Gál János, ülnök is. Utasítására a város épületeiről eltávolítottak minden Habsburg emblémát. Mint főkirálybíró, román és m. nyelvű kiáltványt intézett Marosszék polgáraihoz, amelyben a román és m. lakosságot megbékélésre és együttműködésre szólította fel (1848. okt. 11.). Berzenczey László mondatta le a konzervatív, forradalomat ellenző T. F.-et. Részvényeket bocsátott ki egy kőszínház alapítására Mv.-en (1850). A Színházpártoló Egylet tagja. Bécsben elkészíttette a Vásárhelyen felállítandó nemzeti színház tervrajzát (1856), és részvénytársaságot alakított az építendő színház érdekében, amelynek elnöke volt. A Ref. Koll. főgondnoka (1853). Megvásárolta a szentdemeteri kastélyt gr. Abensberg Traun Ferencné sz. Bethlen Borbálától (1845 k.), felesége ott is halt meg (1863. okt 16.). Valószínű, hogy ő az új koronkai udvarház építtetője (1829- kezdte). A gazdag berendezésű újklasszicista homlokzatú udvarház, Josef Weixlbraun építész tervei alapján (1829) készült, a 110 holdas parkban állt. Az udvarház és kripta ma „A” kategóriájú műemlék. Legfigyelemreméltóbb része a korabeli Erdély egyik legszebb és legértékesebb könyvtára volt. Felesége, sárosmagyarberkeszi Katona Anna révén a Göttingenben tanult Katona Zsigmond könyvgyűjteménye Koronkára került, ez képezte a könyvtár alapját: több kódexet, latin és görög szöveget, első vagy ritka kiadást, történelmi, bányászati munkát tartalmazott. Néhány kivétellel, amit Sényi László sikeresen mentett meg és vitt a Tékába, a könyvtár megsemmisült (1944. dec.). Nagynénje Tűri Lászlóné Toldalagi Katalin, tőle örökölte a rudai aranybányát, amelynek elvesztése után Ausztriába menekült, ahol meghalt. A koronkai kastélynak az államosítás előtti utolsó lakója T. Józsefné volt. <br /><strong>– Irod.:</strong> 1848–1849 Marosszék; Álló és mozgóképek; Apor–Oláh-Gál; Benkő K.: Mv.; Berde Mária: Erdélyi Vormärz: báró Schleinitz Vilmosné, Toldalagi Róza grófnő emlékei = Ünnepi könyv; Biró; Bíró József: A koronkai Tholdalaghi-kastély = Bíró József: Erdély beszélő kövei (Kv., 2008); Chiorean 2008; Dósa Elek: Marosszék (Hadtörténelmi közlemények, 1. sz., 2012. márc.); Fekete; Fodor Sándor: Járom az utat&#8230; (Nú., 2005. aug. 11.); Az Erdélyi Nagyfejedelemség sz. k. Kv. várossában 1846. szept. 9. re közönséges gyűlésre összehívott tek. nemes rendeinek névsora (Kv., 1848); Erdélyi unit. 1848–49; Gudenus; Gyászjelentő; Időtár 1; Időtár 2; Keresztes Gyula: Kastélyaink 18.: A koronkai kastély (1992. aug. 15.); Keresztes Gyula: Örökségünk 41.: A szentdemeteri kastély (Nú., 1993. júl. 2.); Koncz; Kornis; Kőváry László; Krón. Füz. (1939. 4/6); Levéltári gyászj.; Marosi-KZST; Pál-Antal; Pál-Antal 2002; Pálffy; Pálmay, Szádeczky-Kardos Lajos: A székely nemzet története és alkotmánya (Bp., 1927); Tófalvi Zoltán: 1848 márciusa a Székelyföldön, Mv.-en (Nú., 1998. márc. 12–13.) Valori mureşene de patrimoniu.</br></p>

<p>Koronka, 1803. jan. 15. † Tüffer (fürdő) Bad Gastein (Ausztria), 1864. jún. 16.: politikus, cs. és kir. kamarás, al-, főkirálybíró, a kaszinó elnöke.Koronkán temették. – T. Zsigmond (1766–1847) és Vay Kata fia. Felesége sárosmagyarberkeszi Katona Anna (Kv., 1805 – Mv., 1863. okt. 6.). esküvő (1825. szept. 25.). Gyermekei: T. Viktor, cs. k. kamarás (1829–1881), felesége: [&hellip;]</p>
