{"id":23200,"date":"2025-08-01T17:17:30","date_gmt":"2025-08-01T15:17:30","guid":{"rendered":"https:\/\/uj.adatbank.ro\/lexikon\/termek\/toldalagi-irma-maria-nagyercsei-es-gelenczei-gr-%c2%a7\/"},"modified":"2025-08-01T17:17:30","modified_gmt":"2025-08-01T15:17:30","slug":"toldalagi-irma-maria-nagyercsei-es-gelenczei-gr-%c2%a7","status":"publish","type":"product","link":"https:\/\/uj.adatbank.ro\/lexikon\/termek\/toldalagi-irma-maria-nagyercsei-es-gelenczei-gr-%c2%a7\/","title":{"rendered":"TOLDALAGI Irma M\u00e1ria, nagyercsei \u00e9s gelenczei gr., \u00a7"},"content":{"rendered":"<p>Erzs\u00e9betv\u00e1ros, 1890. aug. 29., \u2020 Mv., 1979. m\u00e1rc. 10.: f\u00f6ldbirtokos. \u2013 Tibor (1854\u20131919) \u00e9s k\u00e1szoni br. Bornemisza M\u00e1ria (1864\u20131945) l\u00e1nya. Testv\u00e9re, T. Mih\u00e1ly hal\u00e1la ut\u00e1n (1941), \u00f6zvegy \u00e9desanyj\u00e1val, T. M\u00e1ri\u00e1val, maradt Ny\u00e1r\u00e1dszentbenedeken, Bp.-re menek\u00fcltek a h\u00e1bor\u00fa k\u00f6zeledt\u00e9vel, ahol az anyja meghalt. Visszat\u00e9rt a faluba (1945). A f\u00f6ldreformmal (1945. m\u00e1rc. 23.) megsz\u00fcntett\u00e9k a f\u00f6ldbirtokoss\u00e1got. A T. birtokb\u00f3l osztottak a f\u00f6ldn\u00e9lk\u00fcli paraszts\u00e1gnak \u00e9s a birtok nagyr\u00e9sze az \u00e1llami mez\u0151gazdas\u00e1gi v\u00e1llalat tulajdon\u00e1ba ker\u00fclt. Eladta a v\u00edzimalmot (1948), amit a nagyapja, T. Zsigmond \u00e9p\u00edtett (1800-as \u00e9vek v\u00e9g\u00e9n). Kilakoltatt\u00e1k \u00e9s k\u00e9nyszerlakhelyre Mv.-re k\u00f6lt\u00f6ztett\u00e9k (1949. m\u00e1rc.). Csidey orvos prof. adott mened\u00e9ket sz\u00e1m\u00e1ra. <br \/><strong>\u2013 Irod.:<\/strong> Gudenus; Keresztes; Ny\u00e1r\u00e1dszentbenedek.<\/br><\/p>\n","protected":false},"excerpt":{"rendered":"<p>Erzs\u00e9betv\u00e1ros, 1890. aug. 29., \u2020 Mv., 1979. m\u00e1rc. 10.: f\u00f6ldbirtokos. \u2013 Tibor (1854\u20131919) \u00e9s k\u00e1szoni br. Bornemisza M\u00e1ria (1864\u20131945) l\u00e1nya. Testv\u00e9re, T. Mih\u00e1ly hal\u00e1la ut\u00e1n (1941), \u00f6zvegy \u00e9desanyj\u00e1val, T. M\u00e1ri\u00e1val, maradt Ny\u00e1r\u00e1dszentbenedeken, Bp.-re menek\u00fcltek a h\u00e1bor\u00fa k\u00f6zeledt\u00e9vel, ahol az anyja meghalt. Visszat\u00e9rt a faluba (1945). A f\u00f6ldreformmal (1945. m\u00e1rc. 23.) megsz\u00fcntett\u00e9k a f\u00f6ldbirtokoss\u00e1got. A T. [&hellip;]<\/p>\n","protected":false},"featured_media":0,"comment_status":"open","ping_status":"closed","template":"","meta":[],"product_brand":[],"product_cat":[137],"product_tag":[],"class_list":{"0":"post-23200","1":"product","2":"type-product","3":"status-publish","5":"product_cat-maros-megyei-eletrajzi-lexikon","7":"first","8":"instock","9":"shipping-taxable","10":"product-type-simple"},"_links":{"self":[{"href":"https:\/\/uj.adatbank.ro\/lexikon\/wp-json\/wp\/v2\/product\/23200","targetHints":{"allow":["GET"]}}],"collection":[{"href":"https:\/\/uj.adatbank.ro\/lexikon\/wp-json\/wp\/v2\/product"}],"about":[{"href":"https:\/\/uj.adatbank.ro\/lexikon\/wp-json\/wp\/v2\/types\/product"}],"replies":[{"embeddable":true,"href":"https:\/\/uj.adatbank.ro\/lexikon\/wp-json\/wp\/v2\/comments?post=23200"}],"wp:attachment":[{"href":"https:\/\/uj.adatbank.ro\/lexikon\/wp-json\/wp\/v2\/media?parent=23200"}],"wp:term":[{"taxonomy":"product_brand","embeddable":true,"href":"https:\/\/uj.adatbank.ro\/lexikon\/wp-json\/wp\/v2\/product_brand?post=23200"},{"taxonomy":"product_cat","embeddable":true,"href":"https:\/\/uj.adatbank.ro\/lexikon\/wp-json\/wp\/v2\/product_cat?post=23200"},{"taxonomy":"product_tag","embeddable":true,"href":"https:\/\/uj.adatbank.ro\/lexikon\/wp-json\/wp\/v2\/product_tag?post=23200"}],"curies":[{"name":"wp","href":"https:\/\/api.w.org\/{rel}","templated":true}]}}

TOLDALAGI Irma Mária, nagyercsei és gelenczei gr., §

<p>Erzsébetváros, 1890. aug. 29., † Mv., 1979. márc. 10.: földbirtokos. – Tibor (1854–1919) és kászoni br. Bornemisza Mária (1864–1945) lánya. Testvére, T. Mihály halála után (1941), özvegy édesanyjával, T. Máriával, maradt Nyárádszentbenedeken, Bp.-re menekültek a háború közeledtével, ahol az anyja meghalt. Visszatért a faluba (1945). A földreformmal (1945. márc. 23.) megszüntették a földbirtokosságot. A T. birtokból osztottak a földnélküli parasztságnak és a birtok nagyrésze az állami mezőgazdasági vállalat tulajdonába került. Eladta a vízimalmot (1948), amit a nagyapja, T. Zsigmond épített (1800-as évek végén). Kilakoltatták és kényszerlakhelyre Mv.-re költöztették (1949. márc.). Csidey orvos prof. adott menedéket számára. <br /><strong>– Irod.:</strong> Gudenus; Keresztes; Nyárádszentbenedek.</br></p>

<p>Erzsébetváros, 1890. aug. 29., † Mv., 1979. márc. 10.: földbirtokos. – Tibor (1854–1919) és kászoni br. Bornemisza Mária (1864–1945) lánya. Testvére, T. Mihály halála után (1941), özvegy édesanyjával, T. Máriával, maradt Nyárádszentbenedeken, Bp.-re menekültek a háború közeledtével, ahol az anyja meghalt. Visszatért a faluba (1945). A földreformmal (1945. márc. 23.) megszüntették a földbirtokosságot. A T. [&hellip;]</p>
