{"id":23202,"date":"2025-08-01T17:17:36","date_gmt":"2025-08-01T15:17:36","guid":{"rendered":"https:\/\/uj.adatbank.ro\/lexikon\/termek\/toldalagi-janos\/"},"modified":"2025-08-01T17:17:36","modified_gmt":"2025-08-01T15:17:36","slug":"toldalagi-janos","status":"publish","type":"product","link":"https:\/\/uj.adatbank.ro\/lexikon\/termek\/toldalagi-janos\/","title":{"rendered":"TOLDALAGI J\u00e1nos"},"content":{"rendered":"<p>? \u2020 Kv., 1693. m\u00e1rc. 29. (temet\u00e9s) : orsz\u00e1gtan\u00e1csos, f\u0151isp\u00e1n. \u2013 T. Ferenc \u00e9s Apafi Anna fia. Testv\u00e9re Andr\u00e1s. Feles\u00e9ge az unit. Kapi Erzs\u00e9bet, akit\u0151l negyedfok\u00fa rokons\u00e1ga miatt a konziszt\u00f3rium el\u0151tt v\u00e1lt el (1688). Majd az Ugron csal\u00e1db\u00f3l n\u0151s\u00fclt. \u2013 Gyermekei mellett Filipovics L\u00e1szl\u00f3 volt a nevel\u0151 (1677\u2013). Korm\u00e1nysz\u00e9ki tan\u00e1csos \u00e9s Torda megye f\u0151isp\u00e1nja. A nagyteremii unit. egyh\u00e1znak arannyal futatott ez\u00fcstserleget aj\u00e1nd\u00e9kozott (1690 k.). <br \/><strong>\u2013 Irod.:<\/strong> Alm\u00e1si Gergely Mih\u00e1ly: Halotti besz\u00e9d T. J. felett; Dombai Osv\u00e1th J\u00e1nos: Halotti besz\u00e9d Tholdalagi J. felett. Kv., 1693. m\u00e1rc. 29. = K\u00e9nosi\u2013Uzoni 2.; Szaniszl\u00f3.<\/br><\/p>\n","protected":false},"excerpt":{"rendered":"<p>? \u2020 Kv., 1693. m\u00e1rc. 29. (temet\u00e9s) : orsz\u00e1gtan\u00e1csos, f\u0151isp\u00e1n. \u2013 T. Ferenc \u00e9s Apafi Anna fia. Testv\u00e9re Andr\u00e1s. Feles\u00e9ge az unit. Kapi Erzs\u00e9bet, akit\u0151l negyedfok\u00fa rokons\u00e1ga miatt a konziszt\u00f3rium el\u0151tt v\u00e1lt el (1688). Majd az Ugron csal\u00e1db\u00f3l n\u0151s\u00fclt. \u2013 Gyermekei mellett Filipovics L\u00e1szl\u00f3 volt a nevel\u0151 (1677\u2013). Korm\u00e1nysz\u00e9ki tan\u00e1csos \u00e9s Torda megye f\u0151isp\u00e1nja. A [&hellip;]<\/p>\n","protected":false},"featured_media":0,"comment_status":"open","ping_status":"closed","template":"","meta":[],"product_brand":[],"product_cat":[137],"product_tag":[],"class_list":{"0":"post-23202","1":"product","2":"type-product","3":"status-publish","5":"product_cat-maros-megyei-eletrajzi-lexikon","7":"first","8":"instock","9":"shipping-taxable","10":"product-type-simple"},"_links":{"self":[{"href":"https:\/\/uj.adatbank.ro\/lexikon\/wp-json\/wp\/v2\/product\/23202","targetHints":{"allow":["GET"]}}],"collection":[{"href":"https:\/\/uj.adatbank.ro\/lexikon\/wp-json\/wp\/v2\/product"}],"about":[{"href":"https:\/\/uj.adatbank.ro\/lexikon\/wp-json\/wp\/v2\/types\/product"}],"replies":[{"embeddable":true,"href":"https:\/\/uj.adatbank.ro\/lexikon\/wp-json\/wp\/v2\/comments?post=23202"}],"wp:attachment":[{"href":"https:\/\/uj.adatbank.ro\/lexikon\/wp-json\/wp\/v2\/media?parent=23202"}],"wp:term":[{"taxonomy":"product_brand","embeddable":true,"href":"https:\/\/uj.adatbank.ro\/lexikon\/wp-json\/wp\/v2\/product_brand?post=23202"},{"taxonomy":"product_cat","embeddable":true,"href":"https:\/\/uj.adatbank.ro\/lexikon\/wp-json\/wp\/v2\/product_cat?post=23202"},{"taxonomy":"product_tag","embeddable":true,"href":"https:\/\/uj.adatbank.ro\/lexikon\/wp-json\/wp\/v2\/product_tag?post=23202"}],"curies":[{"name":"wp","href":"https:\/\/api.w.org\/{rel}","templated":true}]}}

TOLDALAGI János

<p>? † Kv., 1693. márc. 29. (temetés) : országtanácsos, főispán. – T. Ferenc és Apafi Anna fia. Testvére András. Felesége az unit. Kapi Erzsébet, akitől negyedfokú rokonsága miatt a konzisztórium előtt vált el (1688). Majd az Ugron családból nősült. – Gyermekei mellett Filipovics László volt a nevelő (1677–). Kormányszéki tanácsos és Torda megye főispánja. A nagyteremii unit. egyháznak arannyal futatott ezüstserleget ajándékozott (1690 k.). <br /><strong>– Irod.:</strong> Almási Gergely Mihály: Halotti beszéd T. J. felett; Dombai Osváth János: Halotti beszéd Tholdalagi J. felett. Kv., 1693. márc. 29. = Kénosi–Uzoni 2.; Szaniszló.</br></p>

<p>? † Kv., 1693. márc. 29. (temetés) : országtanácsos, főispán. – T. Ferenc és Apafi Anna fia. Testvére András. Felesége az unit. Kapi Erzsébet, akitől negyedfokú rokonsága miatt a konzisztórium előtt vált el (1688). Majd az Ugron családból nősült. – Gyermekei mellett Filipovics László volt a nevelő (1677–). Kormányszéki tanácsos és Torda megye főispánja. A [&hellip;]</p>
