{"id":23205,"date":"2025-08-01T17:17:43","date_gmt":"2025-08-01T15:17:43","guid":{"rendered":"https:\/\/uj.adatbank.ro\/lexikon\/termek\/toldalagi-janos-nagyercsei-es-gelenczei\/"},"modified":"2025-08-01T17:17:43","modified_gmt":"2025-08-01T15:17:43","slug":"toldalagi-janos-nagyercsei-es-gelenczei","status":"publish","type":"product","link":"https:\/\/uj.adatbank.ro\/lexikon\/termek\/toldalagi-janos-nagyercsei-es-gelenczei\/","title":{"rendered":"TOLDALAGI J\u00e1nos, nagyercsei \u00e9s gelenczei"},"content":{"rendered":"<p>? \u2020 1712.: f\u0151korm\u00e1nysz\u00e9ki k\u00fcld\u00f6tt. \u2013 T. Mih\u00e1ly (\u2020 1659) \u00e9s abaf\u00e1ji Husz\u00e1r Margit fia. Feles\u00e9ge: St\u00e9p\u00e1n Erzs\u00e9bet. Gyermekei: J\u00e1nos (\u20201722.), Krisztina (Ugron J\u00e1nosn\u00e9) \u00e9s IV. Mih\u00e1ly (1682\u20131744). \u2013 Ny\u00e1r\u00e1dszentbenedekben f\u00f6ldes\u00far (1700-as \u00e9vek). Mint a reform\u00e1tus particula f\u0151gondnoka Teleki J\u00f3zseffel egy\u00fctt (1718), a v\u00e1rosi tan\u00e1ccsal v\u00e9glegesen rendezte a Gyulafeh\u00e9rv\u00e1rr\u00f3l idemenek\u00fclt reform\u00e1tus koll. \u00e9s a particula egyes\u00edt\u00e9s\u00e9t (1718. \u00e1pr. 30). Ugyanezen \u00e9v m\u00e1jus 23-\u00e1n eln\u00f6k\u00f6lt a marossz\u00e9ki gen. congreg\u00e1tio mv.-i \u00fcl\u00e9s\u00e9n. Neje St\u00e9p\u00e1n Erzs\u00e9bet 133 v\u00e9ka b\u00faz\u00e1t adott a schol\u00e1nak (1717\u201310). <br \/><strong>\u2013 Irod.:<\/strong> Id\u0151t\u00e1r 1; Keresztes; Koncz; Magyar t\u00f6rt\u00e9nelmi \u00e9vk\u00f6nyvek \u00e9s napl\u00f3k a XVI-XVIII sz.-b\u00f3l (Bp., 1896); Kr\u00f3n. F\u00fcz.(1940, 4\/10.); Marossz\u00e9k; Ny\u00e1r\u00e1dszentbenedek; P\u00e1l-Antal 2002.<\/br><\/p>\n","protected":false},"excerpt":{"rendered":"<p>? \u2020 1712.: f\u0151korm\u00e1nysz\u00e9ki k\u00fcld\u00f6tt. \u2013 T. Mih\u00e1ly (\u2020 1659) \u00e9s abaf\u00e1ji Husz\u00e1r Margit fia. Feles\u00e9ge: St\u00e9p\u00e1n Erzs\u00e9bet. Gyermekei: J\u00e1nos (\u20201722.), Krisztina (Ugron J\u00e1nosn\u00e9) \u00e9s IV. Mih\u00e1ly (1682\u20131744). \u2013 Ny\u00e1r\u00e1dszentbenedekben f\u00f6ldes\u00far (1700-as \u00e9vek). Mint a reform\u00e1tus particula f\u0151gondnoka Teleki J\u00f3zseffel egy\u00fctt (1718), a v\u00e1rosi tan\u00e1ccsal v\u00e9glegesen rendezte a Gyulafeh\u00e9rv\u00e1rr\u00f3l idemenek\u00fclt reform\u00e1tus koll. \u00e9s a particula [&hellip;]<\/p>\n","protected":false},"featured_media":0,"comment_status":"open","ping_status":"closed","template":"","meta":[],"product_brand":[],"product_cat":[137],"product_tag":[],"class_list":{"0":"post-23205","1":"product","2":"type-product","3":"status-publish","5":"product_cat-maros-megyei-eletrajzi-lexikon","7":"first","8":"instock","9":"shipping-taxable","10":"product-type-simple"},"_links":{"self":[{"href":"https:\/\/uj.adatbank.ro\/lexikon\/wp-json\/wp\/v2\/product\/23205","targetHints":{"allow":["GET"]}}],"collection":[{"href":"https:\/\/uj.adatbank.ro\/lexikon\/wp-json\/wp\/v2\/product"}],"about":[{"href":"https:\/\/uj.adatbank.ro\/lexikon\/wp-json\/wp\/v2\/types\/product"}],"replies":[{"embeddable":true,"href":"https:\/\/uj.adatbank.ro\/lexikon\/wp-json\/wp\/v2\/comments?post=23205"}],"wp:attachment":[{"href":"https:\/\/uj.adatbank.ro\/lexikon\/wp-json\/wp\/v2\/media?parent=23205"}],"wp:term":[{"taxonomy":"product_brand","embeddable":true,"href":"https:\/\/uj.adatbank.ro\/lexikon\/wp-json\/wp\/v2\/product_brand?post=23205"},{"taxonomy":"product_cat","embeddable":true,"href":"https:\/\/uj.adatbank.ro\/lexikon\/wp-json\/wp\/v2\/product_cat?post=23205"},{"taxonomy":"product_tag","embeddable":true,"href":"https:\/\/uj.adatbank.ro\/lexikon\/wp-json\/wp\/v2\/product_tag?post=23205"}],"curies":[{"name":"wp","href":"https:\/\/api.w.org\/{rel}","templated":true}]}}

TOLDALAGI János, nagyercsei és gelenczei

<p>? † 1712.: főkormányszéki küldött. – T. Mihály († 1659) és abafáji Huszár Margit fia. Felesége: Stépán Erzsébet. Gyermekei: János (†1722.), Krisztina (Ugron Jánosné) és IV. Mihály (1682–1744). – Nyárádszentbenedekben földesúr (1700-as évek). Mint a református particula főgondnoka Teleki Józseffel együtt (1718), a városi tanáccsal véglegesen rendezte a Gyulafehérvárról idemenekült református koll. és a particula egyesítését (1718. ápr. 30). Ugyanezen év május 23-án elnökölt a marosszéki gen. congregátio mv.-i ülésén. Neje Stépán Erzsébet 133 véka búzát adott a scholának (1717–10). <br /><strong>– Irod.:</strong> Időtár 1; Keresztes; Koncz; Magyar történelmi évkönyvek és naplók a XVI-XVIII sz.-ból (Bp., 1896); Krón. Füz.(1940, 4/10.); Marosszék; Nyárádszentbenedek; Pál-Antal 2002.</br></p>

<p>? † 1712.: főkormányszéki küldött. – T. Mihály († 1659) és abafáji Huszár Margit fia. Felesége: Stépán Erzsébet. Gyermekei: János (†1722.), Krisztina (Ugron Jánosné) és IV. Mihály (1682–1744). – Nyárádszentbenedekben földesúr (1700-as évek). Mint a református particula főgondnoka Teleki Józseffel együtt (1718), a városi tanáccsal véglegesen rendezte a Gyulafehérvárról idemenekült református koll. és a particula [&hellip;]</p>
