{"id":23210,"date":"2025-08-01T17:17:55","date_gmt":"2025-08-01T15:17:55","guid":{"rendered":"https:\/\/uj.adatbank.ro\/lexikon\/termek\/toldalagi-jozsef-nagyercsei-gr\/"},"modified":"2025-08-01T17:17:55","modified_gmt":"2025-08-01T15:17:55","slug":"toldalagi-jozsef-nagyercsei-gr","status":"publish","type":"product","link":"https:\/\/uj.adatbank.ro\/lexikon\/termek\/toldalagi-jozsef-nagyercsei-gr\/","title":{"rendered":"TOLDALAGI J\u00f3zsef, nagyercsei gr."},"content":{"rendered":"<p>? \u2020 ?: T. P\u00e1l fia, testv\u00e9re T. P\u00e1l . \u2013 A mv.-i \u00fatt\u00f6r\u0151 sz\u00edn\u00e9szet egyik lelkes t\u00e1mogat\u00f3ja, aki \u201eegy eg\u00e9sz uj, igen dr\u00e1ga kortin\u00e1t\u201d csin\u00e1ltatott az el\u0151ad\u00e1sok d\u00edsz\u00e9re (1805). Neje: br. B\u00e1nffy R\u00f3za. <br \/><strong>\u2013 Irod.:<\/strong> Id\u0151t\u00e1r 1; Kr\u00f3n F\u00fcz (1939. 4\/9).<\/br><\/p>\n","protected":false},"excerpt":{"rendered":"<p>? \u2020 ?: T. P\u00e1l fia, testv\u00e9re T. P\u00e1l . \u2013 A mv.-i \u00fatt\u00f6r\u0151 sz\u00edn\u00e9szet egyik lelkes t\u00e1mogat\u00f3ja, aki \u201eegy eg\u00e9sz uj, igen dr\u00e1ga kortin\u00e1t\u201d csin\u00e1ltatott az el\u0151ad\u00e1sok d\u00edsz\u00e9re (1805). Neje: br. B\u00e1nffy R\u00f3za. \u2013 Irod.: Id\u0151t\u00e1r 1; Kr\u00f3n F\u00fcz (1939. 4\/9).<\/p>\n","protected":false},"featured_media":0,"comment_status":"open","ping_status":"closed","template":"","meta":[],"product_brand":[],"product_cat":[137],"product_tag":[],"class_list":{"0":"post-23210","1":"product","2":"type-product","3":"status-publish","5":"product_cat-maros-megyei-eletrajzi-lexikon","7":"first","8":"instock","9":"shipping-taxable","10":"product-type-simple"},"_links":{"self":[{"href":"https:\/\/uj.adatbank.ro\/lexikon\/wp-json\/wp\/v2\/product\/23210","targetHints":{"allow":["GET"]}}],"collection":[{"href":"https:\/\/uj.adatbank.ro\/lexikon\/wp-json\/wp\/v2\/product"}],"about":[{"href":"https:\/\/uj.adatbank.ro\/lexikon\/wp-json\/wp\/v2\/types\/product"}],"replies":[{"embeddable":true,"href":"https:\/\/uj.adatbank.ro\/lexikon\/wp-json\/wp\/v2\/comments?post=23210"}],"wp:attachment":[{"href":"https:\/\/uj.adatbank.ro\/lexikon\/wp-json\/wp\/v2\/media?parent=23210"}],"wp:term":[{"taxonomy":"product_brand","embeddable":true,"href":"https:\/\/uj.adatbank.ro\/lexikon\/wp-json\/wp\/v2\/product_brand?post=23210"},{"taxonomy":"product_cat","embeddable":true,"href":"https:\/\/uj.adatbank.ro\/lexikon\/wp-json\/wp\/v2\/product_cat?post=23210"},{"taxonomy":"product_tag","embeddable":true,"href":"https:\/\/uj.adatbank.ro\/lexikon\/wp-json\/wp\/v2\/product_tag?post=23210"}],"curies":[{"name":"wp","href":"https:\/\/api.w.org\/{rel}","templated":true}]}}