{"id":23216,"date":"2025-08-01T17:18:13","date_gmt":"2025-08-01T15:18:13","guid":{"rendered":"https:\/\/uj.adatbank.ro\/lexikon\/termek\/toldalagi-krisztina-nagyercsei-es-gelencei-gr-ugron-janosne\/"},"modified":"2025-08-01T17:18:13","modified_gmt":"2025-08-01T15:18:13","slug":"toldalagi-krisztina-nagyercsei-es-gelencei-gr-ugron-janosne","status":"publish","type":"product","link":"https:\/\/uj.adatbank.ro\/lexikon\/termek\/toldalagi-krisztina-nagyercsei-es-gelencei-gr-ugron-janosne\/","title":{"rendered":"TOLDALAGI Krisztina, nagyercsei \u00e9s gelencei gr., Ugron J\u00e1nosn\u00e9"},"content":{"rendered":"<p>? \u2020 ?: f\u0151\u00fari asszony, birtokos. \u2013 F\u00e9rje Ugron G\u00e1bor udvarhelysz\u00e9ki f\u0151kapit\u00e1ny, ogy.-i k\u00f6vet. Fiai: U. Istv\u00e1n (a mez\u0151z\u00e1hi \u00e1g alap\u00edt\u00f3ja), J\u00f3zsef (fiatfalvi \u00e1g alap\u00edt\u00f3ja) \u00e9s J\u00e1nos (szombatfalvi \u00e1g alap\u00edt\u00f3ja). <br \/><strong>\u2013 Irod.:<\/strong> Bicsok Zolt\u00e1n: Fondok \u00e9s gy\u0171jtem\u00e9nyek a Rom\u00e1n Orsz\u00e1gos Lev\u00e9lt\u00e1r Cs\u00edkszeredai Igazgat\u00f3s\u00e1g\u00e1nak kezel\u00e9s\u00e9ben 4. (\u00d6r\u00f6ks\u00e9g\u00fcnk, 2009, 4. sz.); P\u00e1lmay.<\/br><\/p>\n","protected":false},"excerpt":{"rendered":"<p>? \u2020 ?: f\u0151\u00fari asszony, birtokos. \u2013 F\u00e9rje Ugron G\u00e1bor udvarhelysz\u00e9ki f\u0151kapit\u00e1ny, ogy.-i k\u00f6vet. Fiai: U. Istv\u00e1n (a mez\u0151z\u00e1hi \u00e1g alap\u00edt\u00f3ja), J\u00f3zsef (fiatfalvi \u00e1g alap\u00edt\u00f3ja) \u00e9s J\u00e1nos (szombatfalvi \u00e1g alap\u00edt\u00f3ja). \u2013 Irod.: Bicsok Zolt\u00e1n: Fondok \u00e9s gy\u0171jtem\u00e9nyek a Rom\u00e1n Orsz\u00e1gos Lev\u00e9lt\u00e1r Cs\u00edkszeredai Igazgat\u00f3s\u00e1g\u00e1nak kezel\u00e9s\u00e9ben 4. (\u00d6r\u00f6ks\u00e9g\u00fcnk, 2009, 4. sz.); P\u00e1lmay.<\/p>\n","protected":false},"featured_media":0,"comment_status":"open","ping_status":"closed","template":"","meta":[],"product_brand":[],"product_cat":[137],"product_tag":[],"class_list":{"0":"post-23216","1":"product","2":"type-product","3":"status-publish","5":"product_cat-maros-megyei-eletrajzi-lexikon","7":"first","8":"instock","9":"shipping-taxable","10":"product-type-simple"},"_links":{"self":[{"href":"https:\/\/uj.adatbank.ro\/lexikon\/wp-json\/wp\/v2\/product\/23216","targetHints":{"allow":["GET"]}}],"collection":[{"href":"https:\/\/uj.adatbank.ro\/lexikon\/wp-json\/wp\/v2\/product"}],"about":[{"href":"https:\/\/uj.adatbank.ro\/lexikon\/wp-json\/wp\/v2\/types\/product"}],"replies":[{"embeddable":true,"href":"https:\/\/uj.adatbank.ro\/lexikon\/wp-json\/wp\/v2\/comments?post=23216"}],"wp:attachment":[{"href":"https:\/\/uj.adatbank.ro\/lexikon\/wp-json\/wp\/v2\/media?parent=23216"}],"wp:term":[{"taxonomy":"product_brand","embeddable":true,"href":"https:\/\/uj.adatbank.ro\/lexikon\/wp-json\/wp\/v2\/product_brand?post=23216"},{"taxonomy":"product_cat","embeddable":true,"href":"https:\/\/uj.adatbank.ro\/lexikon\/wp-json\/wp\/v2\/product_cat?post=23216"},{"taxonomy":"product_tag","embeddable":true,"href":"https:\/\/uj.adatbank.ro\/lexikon\/wp-json\/wp\/v2\/product_tag?post=23216"}],"curies":[{"name":"wp","href":"https:\/\/api.w.org\/{rel}","templated":true}]}}

TOLDALAGI Krisztina, nagyercsei és gelencei gr., Ugron Jánosné

<p>? † ?: főúri asszony, birtokos. – Férje Ugron Gábor udvarhelyszéki főkapitány, ogy.-i követ. Fiai: U. István (a mezőzáhi ág alapítója), József (fiatfalvi ág alapítója) és János (szombatfalvi ág alapítója). <br /><strong>– Irod.:</strong> Bicsok Zoltán: Fondok és gyűjtemények a Román Országos Levéltár Csíkszeredai Igazgatóságának kezelésében 4. (Örökségünk, 2009, 4. sz.); Pálmay.</br></p>

<p>? † ?: főúri asszony, birtokos. – Férje Ugron Gábor udvarhelyszéki főkapitány, ogy.-i követ. Fiai: U. István (a mezőzáhi ág alapítója), József (fiatfalvi ág alapítója) és János (szombatfalvi ág alapítója). – Irod.: Bicsok Zoltán: Fondok és gyűjtemények a Román Országos Levéltár Csíkszeredai Igazgatóságának kezelésében 4. (Örökségünk, 2009, 4. sz.); Pálmay.</p>
