{"id":23218,"date":"2025-08-01T17:18:19","date_gmt":"2025-08-01T15:18:19","guid":{"rendered":"https:\/\/uj.adatbank.ro\/lexikon\/termek\/toldalagi-laszlo-nagyercsei-es-gelenczei-gr\/"},"modified":"2025-08-01T17:18:19","modified_gmt":"2025-08-01T15:18:19","slug":"toldalagi-laszlo-nagyercsei-es-gelenczei-gr","status":"publish","type":"product","link":"https:\/\/uj.adatbank.ro\/lexikon\/termek\/toldalagi-laszlo-nagyercsei-es-gelenczei-gr\/","title":{"rendered":"TOLDALAGI L\u00e1szl\u00f3, nagyercsei \u00e9s gelenczei gr."},"content":{"rendered":"<p>1717, \u2020 1779.: alisp\u00e1n, cs. \u00e9s kir. kamar\u00e1s, t\u00e1blai \u00fcln\u00f6k, . \u2013 IV. T. Mih\u00e1ly (1682\u20131744) \u00e9s Gyulay Katalin fia. Feles\u00e9ge: czegei Wass Katalin. Gyermekeik: Anna, Teleki Domokosn\u00e9 (1758\u20131780), L\u00e1szl\u00f3 (1748\u20131806), Istv\u00e1n, Julianna \u2013 B\u00e1nffy J\u00f3zsefn\u00e9, M\u00e1ria \u00e9s Krisztina \u2013 Haller Zsigmondn\u00e9. Basa L\u00e1szl\u00f3 volt Koronk\u00e1n a T. fiatal gr\u00f3fok nevel\u0151je, eml\u00e9kk\u00f6vet \u00e1ll\u00edtott a s\u00edrj\u00e1n\u00e1l a mv.-i temet\u0151ben. Kihirdetett gr. (1746). A ref. koll. f\u0151gondnoka (1748\u2013), adom\u00e1nyokat is adott a koll.-nak (1766 \u00e9s 1779). El\u0151bb alisp\u00e1n, majd val\u00f3s\u00e1gos kir. t\u00e1blai \u00fcln\u00f6k (1758). Pert folytatott a v\u00e1rossal Koronka fel\u0151li hat\u00e1rsz\u00e9l birtoka t\u00e1rgy\u00e1ban (1751); birtokot cser\u00e9lt a v\u00e1rossal, hogy az \u00e9vsz\u00e1zados vit\u00e1t lez\u00e1rj\u00e1k (1752). Kor\u00e1nak egyik ismert jogtud\u00f3sa. A saj\u00e1t lev\u00e9lt\u00e1ra sz\u00e1m\u00e1ra lem\u00e1soltatta \u00e9s \u00f6sszegy\u0171jt\u00f6tte a jogi szempontb\u00f3l legfontosabbnak v\u00e9lt erd\u00e9lyi vonatkoz\u00e1s\u00fa iratokat. Megkezdte a v\u00e1rosi palot\u00e1j\u00e1nak \u00e9p\u00edt\u00e9s\u00e9t, ki\u00e1st\u00e1k az alapokat (1742). \u0150 \u00e9p\u00edtette a mv.-i Toldalagi- barokk palot\u00e1t a bar\u00e1tok temploma mellett, Jean Louis d\u2019Orr \/ Luidor J\u00e1nos (\u2020 1764) francia sz\u00e1rmaz\u00e1s\u00fa \u00e9p\u00edt\u00e9sz tervei alapj\u00e1n, bels\u0151 d\u00edsz\u00edt\u00e9s\u00e9t Anton Schuchbauer \u00e9s Schmidt P\u00e1l k\u00e9sz\u00edtette (1759\u201362, \u201372). \u201eA\u201d kateg\u00f3ri\u00e1ba tartoz\u00f3 m\u0171eml\u00e9ket eml\u00e9kt\u00e1bla jelzi (P\u0163a. Trandafirilor \/ F\u0151t\u00e9r 11. sz.). Ezzel ism\u00e9t \u00f6ssze\u00fctk\u00f6z\u00e9sbe ker\u00fclt a v\u00e1rossal mivel az a szab\u00e1lytalan \u00e9p\u00edtkez\u00e9st letiltotta (1759. aug. 13). Befejez\u0151d\u00f6tt a palota \u00e9p\u00edt\u00e9se (1762). \u00d6sszk\u00f6lts\u00e9ge 4908 forint, ami egyenl\u0151 a tulajdonos egyesztendei tiszta j\u00f6vedelm\u00e9vel. M\u00e9g Abaf\u00e1j\u00e1n \u00e9s Milv\u00e1nyon is voltak birtokai. Kov\u00e1sznai S\u00e1ndor verses halotti b\u00facs\u00faztat\u00f3t \u00edrt hal\u00e1l\u00e1ra. <br \/><strong>\u2013 Irod.:<\/strong> \u00c1ll\u00f3- \u00e9s mozg\u00f3k\u00e9pek; Csepreghy 2010; Imreh; Keresztes; Keresztes Gyula: A T.-h\u00e1z, 1\u20132. (N\u00fa., 1991. jan. 18.; 1991. jan. 25.); Keresztes Gy.: A mv.-i Toldalagi-h\u00e1z = Mv. t\u00f6rt\u00e9net\u00e9b\u0151l; Keresztes Gyula: A hajdani Mv., 10.: A v\u00e1ros r\u00e9gi \u00e9p\u00fcletei (N\u00fa., 1996. jan. 20.); Koncz; Kornis; Kov\u00e1sznai; Kr\u00f3n F\u00fcz. (1939. 4\/9); Man: Tg. M.; Maros megye; Mv. m\u0171v. v\u00e1r.; Mv.-Bal\u00e1s, Nagy Iv\u00e1n; Orb\u00e1n J\u00e1nos: T\u00e1blab\u00edr\u00e1k, f\u0151nemesek, pall\u00e9rok \u00e9s h\u00e1zak: V\u00e1rosk\u00e9p \u00e9s t\u00e1rsadalom v\u00e1ltoz\u00e1sai Mv.-en a Kir\u00e1lyi T\u00e1bla bek\u00f6lt\u00f6z\u00e9se ut\u00e1n [1754] = K\u00f6nyvek \u00e1ltal\u2026; P\u00e1l-Antal 2006; P\u00e1l-Antal 2009; P\u00e1l-Antal S\u00e1ndor: Az utols\u00f3 lev\u00e9l (Sz\u00e9kelyf\u00f6ld, 2014, 1. sz.); P\u00e1lmay; Szab\u00f3 M.: Mv. szabad kir\u00e1lyi v\u00e1ross\u00e1 alakul\u00e1sa (1560\u20131759) = Mv. t\u00f6rt\u00e9net\u00e9b\u0151l; Tg.\u2013Mure\u0219 \u2013 Mv.; T\u00eergu Mure\u015f; Valori mure\u015fene de patrimoniu.<\/br><\/p>\n","protected":false},"excerpt":{"rendered":"<p>1717, \u2020 1779.: alisp\u00e1n, cs. \u00e9s kir. kamar\u00e1s, t\u00e1blai \u00fcln\u00f6k, . \u2013 IV. T. Mih\u00e1ly (1682\u20131744) \u00e9s Gyulay Katalin fia. Feles\u00e9ge: czegei Wass Katalin. Gyermekeik: Anna, Teleki Domokosn\u00e9 (1758\u20131780), L\u00e1szl\u00f3 (1748\u20131806), Istv\u00e1n, Julianna \u2013 B\u00e1nffy J\u00f3zsefn\u00e9, M\u00e1ria \u00e9s Krisztina \u2013 Haller Zsigmondn\u00e9. Basa L\u00e1szl\u00f3 volt Koronk\u00e1n a T. fiatal gr\u00f3fok nevel\u0151je, eml\u00e9kk\u00f6vet \u00e1ll\u00edtott a s\u00edrj\u00e1n\u00e1l [&hellip;]<\/p>\n","protected":false},"featured_media":0,"comment_status":"open","ping_status":"closed","template":"","meta":[],"product_brand":[],"product_cat":[137],"product_tag":[],"class_list":{"0":"post-23218","1":"product","2":"type-product","3":"status-publish","5":"product_cat-maros-megyei-eletrajzi-lexikon","7":"first","8":"instock","9":"shipping-taxable","10":"product-type-simple"},"_links":{"self":[{"href":"https:\/\/uj.adatbank.ro\/lexikon\/wp-json\/wp\/v2\/product\/23218","targetHints":{"allow":["GET"]}}],"collection":[{"href":"https:\/\/uj.adatbank.ro\/lexikon\/wp-json\/wp\/v2\/product"}],"about":[{"href":"https:\/\/uj.adatbank.ro\/lexikon\/wp-json\/wp\/v2\/types\/product"}],"replies":[{"embeddable":true,"href":"https:\/\/uj.adatbank.ro\/lexikon\/wp-json\/wp\/v2\/comments?post=23218"}],"wp:attachment":[{"href":"https:\/\/uj.adatbank.ro\/lexikon\/wp-json\/wp\/v2\/media?parent=23218"}],"wp:term":[{"taxonomy":"product_brand","embeddable":true,"href":"https:\/\/uj.adatbank.ro\/lexikon\/wp-json\/wp\/v2\/product_brand?post=23218"},{"taxonomy":"product_cat","embeddable":true,"href":"https:\/\/uj.adatbank.ro\/lexikon\/wp-json\/wp\/v2\/product_cat?post=23218"},{"taxonomy":"product_tag","embeddable":true,"href":"https:\/\/uj.adatbank.ro\/lexikon\/wp-json\/wp\/v2\/product_tag?post=23218"}],"curies":[{"name":"wp","href":"https:\/\/api.w.org\/{rel}","templated":true}]}}

TOLDALAGI László, nagyercsei és gelenczei gr.

<p>1717, † 1779.: alispán, cs. és kir. kamarás, táblai ülnök, . – IV. T. Mihály (1682–1744) és Gyulay Katalin fia. Felesége: czegei Wass Katalin. Gyermekeik: Anna, Teleki Domokosné (1758–1780), László (1748–1806), István, Julianna – Bánffy Józsefné, Mária és Krisztina – Haller Zsigmondné. Basa László volt Koronkán a T. fiatal grófok nevelője, emlékkövet állított a sírjánál a mv.-i temetőben. Kihirdetett gr. (1746). A ref. koll. főgondnoka (1748–), adományokat is adott a koll.-nak (1766 és 1779). Előbb alispán, majd valóságos kir. táblai ülnök (1758). Pert folytatott a várossal Koronka felőli határszél birtoka tárgyában (1751); birtokot cserélt a várossal, hogy az évszázados vitát lezárják (1752). Korának egyik ismert jogtudósa. A saját levéltára számára lemásoltatta és összegyűjtötte a jogi szempontból legfontosabbnak vélt erdélyi vonatkozású iratokat. Megkezdte a városi palotájának építését, kiásták az alapokat (1742). Ő építette a mv.-i Toldalagi- barokk palotát a barátok temploma mellett, Jean Louis d’Orr / Luidor János († 1764) francia származású építész tervei alapján, belső díszítését Anton Schuchbauer és Schmidt Pál készítette (1759–62, –72). „A” kategóriába tartozó műemléket emléktábla jelzi (Pţa. Trandafirilor / Főtér 11. sz.). Ezzel ismét összeütközésbe került a várossal mivel az a szabálytalan építkezést letiltotta (1759. aug. 13). Befejeződött a palota építése (1762). Összköltsége 4908 forint, ami egyenlő a tulajdonos egyesztendei tiszta jövedelmével. Még Abafáján és Milványon is voltak birtokai. Kovásznai Sándor verses halotti búcsúztatót írt halálára. <br /><strong>– Irod.:</strong> Álló- és mozgóképek; Csepreghy 2010; Imreh; Keresztes; Keresztes Gyula: A T.-ház, 1–2. (Nú., 1991. jan. 18.; 1991. jan. 25.); Keresztes Gy.: A mv.-i Toldalagi-ház = Mv. történetéből; Keresztes Gyula: A hajdani Mv., 10.: A város régi épületei (Nú., 1996. jan. 20.); Koncz; Kornis; Kovásznai; Krón Füz. (1939. 4/9); Man: Tg. M.; Maros megye; Mv. műv. vár.; Mv.-Balás, Nagy Iván; Orbán János: Táblabírák, főnemesek, pallérok és házak: Városkép és társadalom változásai Mv.-en a Királyi Tábla beköltözése után [1754] = Könyvek által…; Pál-Antal 2006; Pál-Antal 2009; Pál-Antal Sándor: Az utolsó levél (Székelyföld, 2014, 1. sz.); Pálmay; Szabó M.: Mv. szabad királyi várossá alakulása (1560–1759) = Mv. történetéből; Tg.–Mureș – Mv.; Tîrgu Mureş; Valori mureşene de patrimoniu.</br></p>

<p>1717, † 1779.: alispán, cs. és kir. kamarás, táblai ülnök, . – IV. T. Mihály (1682–1744) és Gyulay Katalin fia. Felesége: czegei Wass Katalin. Gyermekeik: Anna, Teleki Domokosné (1758–1780), László (1748–1806), István, Julianna – Bánffy Józsefné, Mária és Krisztina – Haller Zsigmondné. Basa László volt Koronkán a T. fiatal grófok nevelője, emlékkövet állított a sírjánál [&hellip;]</p>
