{"id":23220,"date":"2025-08-01T17:18:24","date_gmt":"2025-08-01T15:18:24","guid":{"rendered":"https:\/\/uj.adatbank.ro\/lexikon\/termek\/toldalagi-laszlo-nagyercsei-es-gelenczei-gr-3\/"},"modified":"2025-08-01T17:18:24","modified_gmt":"2025-08-01T15:18:24","slug":"toldalagi-laszlo-nagyercsei-es-gelenczei-gr-3","status":"publish","type":"product","link":"https:\/\/uj.adatbank.ro\/lexikon\/termek\/toldalagi-laszlo-nagyercsei-es-gelenczei-gr-3\/","title":{"rendered":"TOLDALAGI L\u00e1szl\u00f3, nagyercsei \u00e9s gelenczei gr."},"content":{"rendered":"<p>Koronka, 1865, jan. 15., \u2020 Koronka, 1923. szept. 26.: f\u00f6ldbirtokos, dr. jur. \u2013 Viktor (1829\u20131881) \u00e9s losonczi B\u00e1nffy Anna fia. Feles\u00e9ge: zeykfalvi br. Zeyk Erzs\u00e9bet (Esk.: Kv., 1890. nov. 3.). Gyermekeik: T. L\u00e1szl\u00f3 (1892\u20131942), feles\u00e9ge bethleni gr. Bethlen Sarolta; T. Ida \u2013  bonyh\u00e1di Perczel Armandn\u00e9; T. J\u00f3zsef (1899\u20131944); T. Anna \u2013 nagyunyomi S\u00e9nyi L\u00e1szl\u00f3n\u00e9; T. Rosalie \u2013 maxai M\u00e1riaffi Lajosn\u00e9. \u2013 A koronkai udvarh\u00e1z tulajdonosa, tov\u00e1bb b\u0151v\u00edtette a k\u00f6nyvt\u00e1rt. Megyei virilista (1887, 1910, 1913, 1914). A mv.-i Ref. Koll. egyik gondnoka (1896. j\u00fal. 2. \u2013), majd f\u0151gondnoka hal\u00e1l\u00e1ig (1902. \u2013 1923. szept. 26.). Mellette m\u00e9g k\u00e9t f\u0151gondnokot neveztek ki: D\u00e9sy Zolt\u00e1nt \u00e9s De\u00e1k Lajost (1903\u2013). 3000 koron\u00e1t adom\u00e1nyozott a Mv.-i Kaszin\u00f3 megment\u00e9s\u00e9re (1919). Az Erd\u00e9lyi kereskedelmi \u00e9s Hitelbank Rt. igazgat\u00f3s\u00e1g\u00e1nak tagja. \u2013 Irod.: \u00c1goston Albert: Alkot\u00e1sainkra, \u00e9rt\u00e9keinkre eml\u00e9kezve (N\u00fa., 1993. dec. 14.); \u00c1ll\u00f3- \u00e9s mozg\u00f3k\u00e9pek; Gudenus; Gy\u00e1szjelent\u0151; Id\u0151t\u00e1r 2; Id\u0151t\u00e1r 3; Kornis; Lev\u00e9lt\u00e1ri gy\u00e1szj.; P\u00e1lmay; Pan\u0103; Sebesty\u00e9n<\/br><\/p>\n","protected":false},"excerpt":{"rendered":"<p>Koronka, 1865, jan. 15., \u2020 Koronka, 1923. szept. 26.: f\u00f6ldbirtokos, dr. jur. \u2013 Viktor (1829\u20131881) \u00e9s losonczi B\u00e1nffy Anna fia. Feles\u00e9ge: zeykfalvi br. Zeyk Erzs\u00e9bet (Esk.: Kv., 1890. nov. 3.). Gyermekeik: T. L\u00e1szl\u00f3 (1892\u20131942), feles\u00e9ge bethleni gr. Bethlen Sarolta; T. Ida \u2013 bonyh\u00e1di Perczel Armandn\u00e9; T. J\u00f3zsef (1899\u20131944); T. Anna \u2013 nagyunyomi S\u00e9nyi L\u00e1szl\u00f3n\u00e9; T. [&hellip;]<\/p>\n","protected":false},"featured_media":0,"comment_status":"open","ping_status":"closed","template":"","meta":[],"product_brand":[],"product_cat":[137],"product_tag":[],"class_list":{"0":"post-23220","1":"product","2":"type-product","3":"status-publish","5":"product_cat-maros-megyei-eletrajzi-lexikon","7":"first","8":"instock","9":"shipping-taxable","10":"product-type-simple"},"_links":{"self":[{"href":"https:\/\/uj.adatbank.ro\/lexikon\/wp-json\/wp\/v2\/product\/23220","targetHints":{"allow":["GET"]}}],"collection":[{"href":"https:\/\/uj.adatbank.ro\/lexikon\/wp-json\/wp\/v2\/product"}],"about":[{"href":"https:\/\/uj.adatbank.ro\/lexikon\/wp-json\/wp\/v2\/types\/product"}],"replies":[{"embeddable":true,"href":"https:\/\/uj.adatbank.ro\/lexikon\/wp-json\/wp\/v2\/comments?post=23220"}],"wp:attachment":[{"href":"https:\/\/uj.adatbank.ro\/lexikon\/wp-json\/wp\/v2\/media?parent=23220"}],"wp:term":[{"taxonomy":"product_brand","embeddable":true,"href":"https:\/\/uj.adatbank.ro\/lexikon\/wp-json\/wp\/v2\/product_brand?post=23220"},{"taxonomy":"product_cat","embeddable":true,"href":"https:\/\/uj.adatbank.ro\/lexikon\/wp-json\/wp\/v2\/product_cat?post=23220"},{"taxonomy":"product_tag","embeddable":true,"href":"https:\/\/uj.adatbank.ro\/lexikon\/wp-json\/wp\/v2\/product_tag?post=23220"}],"curies":[{"name":"wp","href":"https:\/\/api.w.org\/{rel}","templated":true}]}}

TOLDALAGI László, nagyercsei és gelenczei gr.

<p>Koronka, 1865, jan. 15., † Koronka, 1923. szept. 26.: földbirtokos, dr. jur. – Viktor (1829–1881) és losonczi Bánffy Anna fia. Felesége: zeykfalvi br. Zeyk Erzsébet (Esk.: Kv., 1890. nov. 3.). Gyermekeik: T. László (1892–1942), felesége bethleni gr. Bethlen Sarolta; T. Ida –  bonyhádi Perczel Armandné; T. József (1899–1944); T. Anna – nagyunyomi Sényi Lászlóné; T. Rosalie – maxai Máriaffi Lajosné. – A koronkai udvarház tulajdonosa, tovább bővítette a könyvtárt. Megyei virilista (1887, 1910, 1913, 1914). A mv.-i Ref. Koll. egyik gondnoka (1896. júl. 2. –), majd főgondnoka haláláig (1902. – 1923. szept. 26.). Mellette még két főgondnokot neveztek ki: Désy Zoltánt és Deák Lajost (1903–). 3000 koronát adományozott a Mv.-i Kaszinó megmentésére (1919). Az Erdélyi kereskedelmi és Hitelbank Rt. igazgatóságának tagja. – Irod.: Ágoston Albert: Alkotásainkra, értékeinkre emlékezve (Nú., 1993. dec. 14.); Álló- és mozgóképek; Gudenus; Gyászjelentő; Időtár 2; Időtár 3; Kornis; Levéltári gyászj.; Pálmay; Pană; Sebestyén</br></p>

<p>Koronka, 1865, jan. 15., † Koronka, 1923. szept. 26.: földbirtokos, dr. jur. – Viktor (1829–1881) és losonczi Bánffy Anna fia. Felesége: zeykfalvi br. Zeyk Erzsébet (Esk.: Kv., 1890. nov. 3.). Gyermekeik: T. László (1892–1942), felesége bethleni gr. Bethlen Sarolta; T. Ida – bonyhádi Perczel Armandné; T. József (1899–1944); T. Anna – nagyunyomi Sényi Lászlóné; T. [&hellip;]</p>
