{"id":23226,"date":"2025-08-01T17:18:39","date_gmt":"2025-08-01T15:18:39","guid":{"rendered":"https:\/\/uj.adatbank.ro\/lexikon\/termek\/toldalagi-mihaly-nagyercsei\/"},"modified":"2025-08-01T17:18:39","modified_gmt":"2025-08-01T15:18:39","slug":"toldalagi-mihaly-nagyercsei","status":"publish","type":"product","link":"https:\/\/uj.adatbank.ro\/lexikon\/termek\/toldalagi-mihaly-nagyercsei\/","title":{"rendered":"TOLDALAGI Mih\u00e1ly, nagyercsei"},"content":{"rendered":"<p>? \u2020 ?: f\u00f6ldes\u00far. \u2013 A szentkir\u00e1lyi paulinus kolostor perjele Vecsei Antal bizony\u00edtja, hogy Toldalagi Mih\u00e1ly, Barab\u00e1s fia, s testv\u00e9re Zs\u00f3fia s annak f\u00e9rje Borb\u00e1tvizi J\u00e1nos nagy-ercsei jobb\u00e1gytelkeik fel\u00e9t s ottani halastavakat elcser\u00e9lt\u00e9k a szentkir\u00e1lyi kolostor Toldalagon l\u00e9v\u0151 halastav\u00e1nak fel\u00e9\u00e9rt, s k\u00f6telezt\u00e9k magukat, hogy a kolostor Unok\u00e1n l\u00e9v\u0151 birtok\u00e1t \u00e9s jobb\u00e1gyait v\u00e9delmezni fogj\u00e1k. (Kelt a szentkir\u00e1lyi kolostorban, 1535. m\u00e1rc. 16). <br \/><strong>\u2013 Irod.:<\/strong> SzOkl, 3.<\/br><\/p>\n","protected":false},"excerpt":{"rendered":"<p>? \u2020 ?: f\u00f6ldes\u00far. \u2013 A szentkir\u00e1lyi paulinus kolostor perjele Vecsei Antal bizony\u00edtja, hogy Toldalagi Mih\u00e1ly, Barab\u00e1s fia, s testv\u00e9re Zs\u00f3fia s annak f\u00e9rje Borb\u00e1tvizi J\u00e1nos nagy-ercsei jobb\u00e1gytelkeik fel\u00e9t s ottani halastavakat elcser\u00e9lt\u00e9k a szentkir\u00e1lyi kolostor Toldalagon l\u00e9v\u0151 halastav\u00e1nak fel\u00e9\u00e9rt, s k\u00f6telezt\u00e9k magukat, hogy a kolostor Unok\u00e1n l\u00e9v\u0151 birtok\u00e1t \u00e9s jobb\u00e1gyait v\u00e9delmezni fogj\u00e1k. (Kelt a [&hellip;]<\/p>\n","protected":false},"featured_media":0,"comment_status":"open","ping_status":"closed","template":"","meta":[],"product_brand":[],"product_cat":[137],"product_tag":[],"class_list":{"0":"post-23226","1":"product","2":"type-product","3":"status-publish","5":"product_cat-maros-megyei-eletrajzi-lexikon","7":"first","8":"instock","9":"shipping-taxable","10":"product-type-simple"},"_links":{"self":[{"href":"https:\/\/uj.adatbank.ro\/lexikon\/wp-json\/wp\/v2\/product\/23226","targetHints":{"allow":["GET"]}}],"collection":[{"href":"https:\/\/uj.adatbank.ro\/lexikon\/wp-json\/wp\/v2\/product"}],"about":[{"href":"https:\/\/uj.adatbank.ro\/lexikon\/wp-json\/wp\/v2\/types\/product"}],"replies":[{"embeddable":true,"href":"https:\/\/uj.adatbank.ro\/lexikon\/wp-json\/wp\/v2\/comments?post=23226"}],"wp:attachment":[{"href":"https:\/\/uj.adatbank.ro\/lexikon\/wp-json\/wp\/v2\/media?parent=23226"}],"wp:term":[{"taxonomy":"product_brand","embeddable":true,"href":"https:\/\/uj.adatbank.ro\/lexikon\/wp-json\/wp\/v2\/product_brand?post=23226"},{"taxonomy":"product_cat","embeddable":true,"href":"https:\/\/uj.adatbank.ro\/lexikon\/wp-json\/wp\/v2\/product_cat?post=23226"},{"taxonomy":"product_tag","embeddable":true,"href":"https:\/\/uj.adatbank.ro\/lexikon\/wp-json\/wp\/v2\/product_tag?post=23226"}],"curies":[{"name":"wp","href":"https:\/\/api.w.org\/{rel}","templated":true}]}}

TOLDALAGI Mihály, nagyercsei

<p>? † ?: földesúr. – A szentkirályi paulinus kolostor perjele Vecsei Antal bizonyítja, hogy Toldalagi Mihály, Barabás fia, s testvére Zsófia s annak férje Borbátvizi János nagy-ercsei jobbágytelkeik felét s ottani halastavakat elcserélték a szentkirályi kolostor Toldalagon lévő halastavának feléért, s kötelezték magukat, hogy a kolostor Unokán lévő birtokát és jobbágyait védelmezni fogják. (Kelt a szentkirályi kolostorban, 1535. márc. 16). <br /><strong>– Irod.:</strong> SzOkl, 3.</br></p>

<p>? † ?: földesúr. – A szentkirályi paulinus kolostor perjele Vecsei Antal bizonyítja, hogy Toldalagi Mihály, Barabás fia, s testvére Zsófia s annak férje Borbátvizi János nagy-ercsei jobbágytelkeik felét s ottani halastavakat elcserélték a szentkirályi kolostor Toldalagon lévő halastavának feléért, s kötelezték magukat, hogy a kolostor Unokán lévő birtokát és jobbágyait védelmezni fogják. (Kelt a [&hellip;]</p>
