{"id":23227,"date":"2025-08-01T17:18:42","date_gmt":"2025-08-01T15:18:42","guid":{"rendered":"https:\/\/uj.adatbank.ro\/lexikon\/termek\/toldalagi-mihaly-nagyercsei-tholdalagi\/"},"modified":"2025-08-01T17:18:42","modified_gmt":"2025-08-01T15:18:42","slug":"toldalagi-mihaly-nagyercsei-tholdalagi","status":"publish","type":"product","link":"https:\/\/uj.adatbank.ro\/lexikon\/termek\/toldalagi-mihaly-nagyercsei-tholdalagi\/","title":{"rendered":"TOLDALAGI Mih\u00e1ly, nagyercsei; Tholdalagi"},"content":{"rendered":"<p>? \u2020 Segesv\u00e1r, 1659. m\u00e1j. 25.: tan\u00e1csos, portai k\u00f6vet. \u2013 T. Mih\u00e1ly (1580\u20131642) \u00e9s Mih\u00e1lcz Erzs\u00e9bet fia. Feles\u00e9ge: brenhidai Husz\u00e1r Margit (esk\u00fcv\u0151 Abaf\u00e1ja 1653. febr.25). Fiuk: J\u00e1nos (\u2020 1712), Mih\u00e1ly (\u2020 1738). A fejedelmi udvar\u00e1ban n\u0151tt fel, a ref. vall\u00e1s szerint. I. R\u00e1k\u00f3czi Gy\u00f6rgy bizalmas tan\u00e1csosa \u00e9s portai k\u00f6vete. A Fejedelmi T\u00e1bla \u00fcln\u00f6ke (1659\u2013). Barcsai \u00c1kos fejedelem a sz\u00e1szok \u00e9s sz\u00e9kelyek k\u00f6z\u00e9 k\u00fcldte, hogy ismertesse el fejedelems\u00e9g\u00e9t \u00e9s hatalm\u00e1t. A segesv\u00e1ri sz\u00e1szok R\u00e1k\u00f3czi Gy\u00f6rgy h\u00edvei voltak \u00e9s meghallgat\u00e1s n\u00e9lk\u00fcl agyonl\u0151tt\u00e9k k\u00e9t t\u00e1rs\u00e1val egy\u00fctt (1659. m\u00e1j. 25.). Megtorl\u00e1sul Barcsai G\u00e1sp\u00e1r n\u00e9gy segesv\u00e1ri sz\u00e1sz polg\u00e1rt V\u00e1s\u00e1rhely n\u00e9gy sark\u00e1n kar\u00f3ba h\u00fazatott (1660). Feles\u00e9ge a portai sarc kiel\u00e9g\u00edt\u00e9s\u00e9re minden ez\u00fcstj\u00e9t a haz\u00e1nak adta, ami\u00e9rt k\u00e1rp\u00f3tl\u00e1st kapott (1663). <br \/><strong>\u2013 Irod.:<\/strong> Abaf\u00e1ja; \u00c1ll\u00f3- \u00e9s mozg\u00f3k\u00e9pek; Id\u0151t\u00e1r 1; Keresztes; Marossz\u00e9ki kr\u00f3nik\u00e1k 1.; Nagy Iv\u00e1n; Ny\u00e1r\u00e1dszentbenedek; P\u00e1lmay; SzOkl, 4.<\/br><\/p>\n","protected":false},"excerpt":{"rendered":"<p>? \u2020 Segesv\u00e1r, 1659. m\u00e1j. 25.: tan\u00e1csos, portai k\u00f6vet. \u2013 T. Mih\u00e1ly (1580\u20131642) \u00e9s Mih\u00e1lcz Erzs\u00e9bet fia. Feles\u00e9ge: brenhidai Husz\u00e1r Margit (esk\u00fcv\u0151 Abaf\u00e1ja 1653. febr.25). Fiuk: J\u00e1nos (\u2020 1712), Mih\u00e1ly (\u2020 1738). A fejedelmi udvar\u00e1ban n\u0151tt fel, a ref. vall\u00e1s szerint. I. R\u00e1k\u00f3czi Gy\u00f6rgy bizalmas tan\u00e1csosa \u00e9s portai k\u00f6vete. A Fejedelmi T\u00e1bla \u00fcln\u00f6ke (1659\u2013). Barcsai [&hellip;]<\/p>\n","protected":false},"featured_media":0,"comment_status":"open","ping_status":"closed","template":"","meta":[],"product_brand":[],"product_cat":[137],"product_tag":[],"class_list":{"0":"post-23227","1":"product","2":"type-product","3":"status-publish","5":"product_cat-maros-megyei-eletrajzi-lexikon","7":"first","8":"instock","9":"shipping-taxable","10":"product-type-simple"},"_links":{"self":[{"href":"https:\/\/uj.adatbank.ro\/lexikon\/wp-json\/wp\/v2\/product\/23227","targetHints":{"allow":["GET"]}}],"collection":[{"href":"https:\/\/uj.adatbank.ro\/lexikon\/wp-json\/wp\/v2\/product"}],"about":[{"href":"https:\/\/uj.adatbank.ro\/lexikon\/wp-json\/wp\/v2\/types\/product"}],"replies":[{"embeddable":true,"href":"https:\/\/uj.adatbank.ro\/lexikon\/wp-json\/wp\/v2\/comments?post=23227"}],"wp:attachment":[{"href":"https:\/\/uj.adatbank.ro\/lexikon\/wp-json\/wp\/v2\/media?parent=23227"}],"wp:term":[{"taxonomy":"product_brand","embeddable":true,"href":"https:\/\/uj.adatbank.ro\/lexikon\/wp-json\/wp\/v2\/product_brand?post=23227"},{"taxonomy":"product_cat","embeddable":true,"href":"https:\/\/uj.adatbank.ro\/lexikon\/wp-json\/wp\/v2\/product_cat?post=23227"},{"taxonomy":"product_tag","embeddable":true,"href":"https:\/\/uj.adatbank.ro\/lexikon\/wp-json\/wp\/v2\/product_tag?post=23227"}],"curies":[{"name":"wp","href":"https:\/\/api.w.org\/{rel}","templated":true}]}}

TOLDALAGI Mihály, nagyercsei; Tholdalagi

<p>? † Segesvár, 1659. máj. 25.: tanácsos, portai követ. – T. Mihály (1580–1642) és Mihálcz Erzsébet fia. Felesége: brenhidai Huszár Margit (esküvő Abafája 1653. febr.25). Fiuk: János († 1712), Mihály († 1738). A fejedelmi udvarában nőtt fel, a ref. vallás szerint. I. Rákóczi György bizalmas tanácsosa és portai követe. A Fejedelmi Tábla ülnöke (1659–). Barcsai Ákos fejedelem a szászok és székelyek közé küldte, hogy ismertesse el fejedelemségét és hatalmát. A segesvári szászok Rákóczi György hívei voltak és meghallgatás nélkül agyonlőtték két társával együtt (1659. máj. 25.). Megtorlásul Barcsai Gáspár négy segesvári szász polgárt Vásárhely négy sarkán karóba húzatott (1660). Felesége a portai sarc kielégítésére minden ezüstjét a hazának adta, amiért kárpótlást kapott (1663). <br /><strong>– Irod.:</strong> Abafája; Álló- és mozgóképek; Időtár 1; Keresztes; Marosszéki krónikák 1.; Nagy Iván; Nyárádszentbenedek; Pálmay; SzOkl, 4.</br></p>

<p>? † Segesvár, 1659. máj. 25.: tanácsos, portai követ. – T. Mihály (1580–1642) és Mihálcz Erzsébet fia. Felesége: brenhidai Huszár Margit (esküvő Abafája 1653. febr.25). Fiuk: János († 1712), Mihály († 1738). A fejedelmi udvarában nőtt fel, a ref. vallás szerint. I. Rákóczi György bizalmas tanácsosa és portai követe. A Fejedelmi Tábla ülnöke (1659–). Barcsai [&hellip;]</p>
