{"id":23228,"date":"2025-08-01T17:18:43","date_gmt":"2025-08-01T15:18:43","guid":{"rendered":"https:\/\/uj.adatbank.ro\/lexikon\/termek\/toldalagi-mihaly-nagyercsei-2\/"},"modified":"2025-08-01T17:18:43","modified_gmt":"2025-08-01T15:18:43","slug":"toldalagi-mihaly-nagyercsei-2","status":"publish","type":"product","link":"https:\/\/uj.adatbank.ro\/lexikon\/termek\/toldalagi-mihaly-nagyercsei-2\/","title":{"rendered":"TOLDALAGI Mih\u00e1ly, nagyercsei"},"content":{"rendered":"<p>1658 k., \u2020 Fogaras, 1738. \u2013 T. Mih\u00e1ly (\u2020 1659) \u00e9s abaf\u00e1ji brenhidai Husz\u00e1r Margit fia. R\u00e1k\u00f3czi J\u00f3zseffel levelezett, \u00f6sszeesk\u00fcv\u00e9s gyan\u00faja miatt ker\u00fclt fogs\u00e1gba 70 \u00e9ves kor\u00e1ban Fogaras v\u00e1r\u00e1ba, ahol meg is halt. <br \/><strong>\u2013 Irod.:<\/strong> Kr\u00f3n F\u00fcz. (1940.4\/10); P\u00e1lmay.<\/br><\/p>\n","protected":false},"excerpt":{"rendered":"<p>1658 k., \u2020 Fogaras, 1738. \u2013 T. Mih\u00e1ly (\u2020 1659) \u00e9s abaf\u00e1ji brenhidai Husz\u00e1r Margit fia. R\u00e1k\u00f3czi J\u00f3zseffel levelezett, \u00f6sszeesk\u00fcv\u00e9s gyan\u00faja miatt ker\u00fclt fogs\u00e1gba 70 \u00e9ves kor\u00e1ban Fogaras v\u00e1r\u00e1ba, ahol meg is halt. \u2013 Irod.: Kr\u00f3n F\u00fcz. (1940.4\/10); P\u00e1lmay.<\/p>\n","protected":false},"featured_media":0,"comment_status":"open","ping_status":"closed","template":"","meta":[],"product_brand":[],"product_cat":[137],"product_tag":[],"class_list":{"0":"post-23228","1":"product","2":"type-product","3":"status-publish","5":"product_cat-maros-megyei-eletrajzi-lexikon","7":"first","8":"instock","9":"shipping-taxable","10":"product-type-simple"},"_links":{"self":[{"href":"https:\/\/uj.adatbank.ro\/lexikon\/wp-json\/wp\/v2\/product\/23228","targetHints":{"allow":["GET"]}}],"collection":[{"href":"https:\/\/uj.adatbank.ro\/lexikon\/wp-json\/wp\/v2\/product"}],"about":[{"href":"https:\/\/uj.adatbank.ro\/lexikon\/wp-json\/wp\/v2\/types\/product"}],"replies":[{"embeddable":true,"href":"https:\/\/uj.adatbank.ro\/lexikon\/wp-json\/wp\/v2\/comments?post=23228"}],"wp:attachment":[{"href":"https:\/\/uj.adatbank.ro\/lexikon\/wp-json\/wp\/v2\/media?parent=23228"}],"wp:term":[{"taxonomy":"product_brand","embeddable":true,"href":"https:\/\/uj.adatbank.ro\/lexikon\/wp-json\/wp\/v2\/product_brand?post=23228"},{"taxonomy":"product_cat","embeddable":true,"href":"https:\/\/uj.adatbank.ro\/lexikon\/wp-json\/wp\/v2\/product_cat?post=23228"},{"taxonomy":"product_tag","embeddable":true,"href":"https:\/\/uj.adatbank.ro\/lexikon\/wp-json\/wp\/v2\/product_tag?post=23228"}],"curies":[{"name":"wp","href":"https:\/\/api.w.org\/{rel}","templated":true}]}}