{"id":23231,"date":"2025-08-01T17:18:48","date_gmt":"2025-08-01T15:18:48","guid":{"rendered":"https:\/\/uj.adatbank.ro\/lexikon\/termek\/toldalagi-mihaly-nagyercsei-gr-2\/"},"modified":"2025-08-01T17:18:48","modified_gmt":"2025-08-01T15:18:48","slug":"toldalagi-mihaly-nagyercsei-gr-2","status":"publish","type":"product","link":"https:\/\/uj.adatbank.ro\/lexikon\/termek\/toldalagi-mihaly-nagyercsei-gr-2\/","title":{"rendered":"TOLDALAGI Mih\u00e1ly, nagyercsei gr."},"content":{"rendered":"<p>Ny\u00e1r\u00e1dszentbenedek, 1817. m\u00e1rc. 17., \u2020 Mv., 1876. nov. 29. Ny\u00e1r\u00e1dszentbenedeken temett\u00e9k: f\u00f6ldbirtokos, f\u0151kir\u00e1lyb\u00edr\u00f3. \u2013 Zsigmond (1766\u20131847) \u00e9s Vay Kata fia. Testv\u00e9rei: T. Eszter, Polix\u00e9na Katona Mikl\u00f3sn\u00e9. Feles\u00e9ge: gr. Bethlen Johanna\/ Janka (B\u00faz\u00e1sbocs\u00e1rd, 1825. aug. 4. \u2013 Kv., 1909. okt. 3., tem., Ny\u00e1r\u00e1dszentbenedek, 1909. okt. 6). Esk\u00fcv\u0151: B\u00faz\u00e1sbocs\u00e1rd, 1841. nov. 6. Gyermekeik: \u00c1gnes (\u2020 Bp., 1886. m\u00e1j. 23., Ny\u00e1r\u00e1dszentbenedeken temett\u00e9k); Zsigmond (1847\u20131894), feles\u00e9ge fricsi Fekete Zs\u00f3fia; M\u00e1ria; Tibor (1854\u20131919), f\u0151hadnagy; Erzs\u00e9bet \/ Eliz (1861\u20131942). \u2013 A b\u00e9csi m\u0171egyetemen v\u00e9gzett (1837). Hazat\u00e9rt, a Ny\u00e1r\u00e1dt\u0151n, Szentbenedeken l\u00e9v\u0151 birtokain gazd\u00e1lkodott. Az 1848\/49-es forradalomban honv\u00e9d\u0151rnagy; dr. jur., Maros-Torda vm f\u0151isp\u00e1nja, Marossz\u00e9k f\u0151kir\u00e1lyb\u00edr\u00f3ja, \u00e1rvasz\u00e9ki eln\u00f6k. A Mv.-i Kaszin\u00f3 alap\u00edt\u00f3tagja (1832) <br \/><strong>\u2013 Irod.:<\/strong> Bi\u00e1s Istv\u00e1n; Gudenus; Gy\u00e1szjelent\u0151; Kornis; Kempelen; Lukinich; MNZS; Nagy Iv\u00e1n; Ny\u00e1r\u00e1dszentbenedek; P\u00e1lmay.<\/br><\/p>\n","protected":false},"excerpt":{"rendered":"<p>Ny\u00e1r\u00e1dszentbenedek, 1817. m\u00e1rc. 17., \u2020 Mv., 1876. nov. 29. Ny\u00e1r\u00e1dszentbenedeken temett\u00e9k: f\u00f6ldbirtokos, f\u0151kir\u00e1lyb\u00edr\u00f3. \u2013 Zsigmond (1766\u20131847) \u00e9s Vay Kata fia. Testv\u00e9rei: T. Eszter, Polix\u00e9na Katona Mikl\u00f3sn\u00e9. Feles\u00e9ge: gr. Bethlen Johanna\/ Janka (B\u00faz\u00e1sbocs\u00e1rd, 1825. aug. 4. \u2013 Kv., 1909. okt. 3., tem., Ny\u00e1r\u00e1dszentbenedek, 1909. okt. 6). Esk\u00fcv\u0151: B\u00faz\u00e1sbocs\u00e1rd, 1841. nov. 6. Gyermekeik: \u00c1gnes (\u2020 Bp., 1886. [&hellip;]<\/p>\n","protected":false},"featured_media":0,"comment_status":"open","ping_status":"closed","template":"","meta":[],"product_brand":[],"product_cat":[137],"product_tag":[],"class_list":{"0":"post-23231","1":"product","2":"type-product","3":"status-publish","5":"product_cat-maros-megyei-eletrajzi-lexikon","7":"first","8":"instock","9":"shipping-taxable","10":"product-type-simple"},"_links":{"self":[{"href":"https:\/\/uj.adatbank.ro\/lexikon\/wp-json\/wp\/v2\/product\/23231","targetHints":{"allow":["GET"]}}],"collection":[{"href":"https:\/\/uj.adatbank.ro\/lexikon\/wp-json\/wp\/v2\/product"}],"about":[{"href":"https:\/\/uj.adatbank.ro\/lexikon\/wp-json\/wp\/v2\/types\/product"}],"replies":[{"embeddable":true,"href":"https:\/\/uj.adatbank.ro\/lexikon\/wp-json\/wp\/v2\/comments?post=23231"}],"wp:attachment":[{"href":"https:\/\/uj.adatbank.ro\/lexikon\/wp-json\/wp\/v2\/media?parent=23231"}],"wp:term":[{"taxonomy":"product_brand","embeddable":true,"href":"https:\/\/uj.adatbank.ro\/lexikon\/wp-json\/wp\/v2\/product_brand?post=23231"},{"taxonomy":"product_cat","embeddable":true,"href":"https:\/\/uj.adatbank.ro\/lexikon\/wp-json\/wp\/v2\/product_cat?post=23231"},{"taxonomy":"product_tag","embeddable":true,"href":"https:\/\/uj.adatbank.ro\/lexikon\/wp-json\/wp\/v2\/product_tag?post=23231"}],"curies":[{"name":"wp","href":"https:\/\/api.w.org\/{rel}","templated":true}]}}

TOLDALAGI Mihály, nagyercsei gr.

<p>Nyárádszentbenedek, 1817. márc. 17., † Mv., 1876. nov. 29. Nyárádszentbenedeken temették: földbirtokos, főkirálybíró. – Zsigmond (1766–1847) és Vay Kata fia. Testvérei: T. Eszter, Polixéna Katona Miklósné. Felesége: gr. Bethlen Johanna/ Janka (Búzásbocsárd, 1825. aug. 4. – Kv., 1909. okt. 3., tem., Nyárádszentbenedek, 1909. okt. 6). Esküvő: Búzásbocsárd, 1841. nov. 6. Gyermekeik: Ágnes († Bp., 1886. máj. 23., Nyárádszentbenedeken temették); Zsigmond (1847–1894), felesége fricsi Fekete Zsófia; Mária; Tibor (1854–1919), főhadnagy; Erzsébet / Eliz (1861–1942). – A bécsi műegyetemen végzett (1837). Hazatért, a Nyárádtőn, Szentbenedeken lévő birtokain gazdálkodott. Az 1848/49-es forradalomban honvédőrnagy; dr. jur., Maros-Torda vm főispánja, Marosszék főkirálybírója, árvaszéki elnök. A Mv.-i Kaszinó alapítótagja (1832) <br /><strong>– Irod.:</strong> Biás István; Gudenus; Gyászjelentő; Kornis; Kempelen; Lukinich; MNZS; Nagy Iván; Nyárádszentbenedek; Pálmay.</br></p>

<p>Nyárádszentbenedek, 1817. márc. 17., † Mv., 1876. nov. 29. Nyárádszentbenedeken temették: földbirtokos, főkirálybíró. – Zsigmond (1766–1847) és Vay Kata fia. Testvérei: T. Eszter, Polixéna Katona Miklósné. Felesége: gr. Bethlen Johanna/ Janka (Búzásbocsárd, 1825. aug. 4. – Kv., 1909. okt. 3., tem., Nyárádszentbenedek, 1909. okt. 6). Esküvő: Búzásbocsárd, 1841. nov. 6. Gyermekeik: Ágnes († Bp., 1886. [&hellip;]</p>
