{"id":23239,"date":"2025-08-01T17:19:08","date_gmt":"2025-08-01T15:19:08","guid":{"rendered":"https:\/\/uj.adatbank.ro\/lexikon\/termek\/toldalagi-polixena-katona-miklosne\/"},"modified":"2025-08-01T17:19:08","modified_gmt":"2025-08-01T15:19:08","slug":"toldalagi-polixena-katona-miklosne","status":"publish","type":"product","link":"https:\/\/uj.adatbank.ro\/lexikon\/termek\/toldalagi-polixena-katona-miklosne\/","title":{"rendered":"TOLDALAGI Polixena; Katona Mikl\u00f3sn\u00e9"},"content":{"rendered":"<p>Mv., 1820. m\u00e1j. 17., \u2020 Mv., 1893. j\u00fal. 3.: f\u00f6ldbirtokos. \u2013 Zsigmond (1766\u20131847) \u00e9s Vay Katalin l\u00e1nya. F\u00e9rje: s\u00e1rosnagyberkeszi Katona Mikl\u00f3s, ogy.-i k\u00f6vet, 1848\/49-es honv\u00e9dezredes, \u00edr\u00f3 \u00e9s h\u00edrlap\u00edr\u00f3, emigr\u00e1ns (esk\u00fcv\u0151: Ny\u00e1r\u00e1dszentbenedek, 1840. nov. 4.). Testv\u00e9re: nagyercsei gr. T. Eszter. Le\u00e1nyuk: gr. T. Anna (\u2020 Ny\u00e1r\u00e1dszentbenedek, 1846. j\u00fan. 5. Koronk\u00e1n temett\u00e9k). <br \/><strong>\u2013 Irod.:<\/strong> Gudenus; Gy\u00e1szjelent\u0151.<\/br><\/p>\n","protected":false},"excerpt":{"rendered":"<p>Mv., 1820. m\u00e1j. 17., \u2020 Mv., 1893. j\u00fal. 3.: f\u00f6ldbirtokos. \u2013 Zsigmond (1766\u20131847) \u00e9s Vay Katalin l\u00e1nya. F\u00e9rje: s\u00e1rosnagyberkeszi Katona Mikl\u00f3s, ogy.-i k\u00f6vet, 1848\/49-es honv\u00e9dezredes, \u00edr\u00f3 \u00e9s h\u00edrlap\u00edr\u00f3, emigr\u00e1ns (esk\u00fcv\u0151: Ny\u00e1r\u00e1dszentbenedek, 1840. nov. 4.). Testv\u00e9re: nagyercsei gr. T. Eszter. Le\u00e1nyuk: gr. T. Anna (\u2020 Ny\u00e1r\u00e1dszentbenedek, 1846. j\u00fan. 5. Koronk\u00e1n temett\u00e9k). \u2013 Irod.: Gudenus; Gy\u00e1szjelent\u0151.<\/p>\n","protected":false},"featured_media":0,"comment_status":"open","ping_status":"closed","template":"","meta":[],"product_brand":[],"product_cat":[137],"product_tag":[],"class_list":{"0":"post-23239","1":"product","2":"type-product","3":"status-publish","5":"product_cat-maros-megyei-eletrajzi-lexikon","7":"first","8":"instock","9":"shipping-taxable","10":"product-type-simple"},"_links":{"self":[{"href":"https:\/\/uj.adatbank.ro\/lexikon\/wp-json\/wp\/v2\/product\/23239","targetHints":{"allow":["GET"]}}],"collection":[{"href":"https:\/\/uj.adatbank.ro\/lexikon\/wp-json\/wp\/v2\/product"}],"about":[{"href":"https:\/\/uj.adatbank.ro\/lexikon\/wp-json\/wp\/v2\/types\/product"}],"replies":[{"embeddable":true,"href":"https:\/\/uj.adatbank.ro\/lexikon\/wp-json\/wp\/v2\/comments?post=23239"}],"wp:attachment":[{"href":"https:\/\/uj.adatbank.ro\/lexikon\/wp-json\/wp\/v2\/media?parent=23239"}],"wp:term":[{"taxonomy":"product_brand","embeddable":true,"href":"https:\/\/uj.adatbank.ro\/lexikon\/wp-json\/wp\/v2\/product_brand?post=23239"},{"taxonomy":"product_cat","embeddable":true,"href":"https:\/\/uj.adatbank.ro\/lexikon\/wp-json\/wp\/v2\/product_cat?post=23239"},{"taxonomy":"product_tag","embeddable":true,"href":"https:\/\/uj.adatbank.ro\/lexikon\/wp-json\/wp\/v2\/product_tag?post=23239"}],"curies":[{"name":"wp","href":"https:\/\/api.w.org\/{rel}","templated":true}]}}