{"id":23241,"date":"2025-08-01T17:19:15","date_gmt":"2025-08-01T15:19:15","guid":{"rendered":"https:\/\/uj.adatbank.ro\/lexikon\/termek\/toldalagi-roza-gr-br-schleinitz-vilmosne\/"},"modified":"2025-08-01T17:19:15","modified_gmt":"2025-08-01T15:19:15","slug":"toldalagi-roza-gr-br-schleinitz-vilmosne","status":"publish","type":"product","link":"https:\/\/uj.adatbank.ro\/lexikon\/termek\/toldalagi-roza-gr-br-schleinitz-vilmosne\/","title":{"rendered":"TOLDALAGI R\u00f3za, gr., br. Schleinitz Vilmosn\u00e9"},"content":{"rendered":"<p>Mv., 1834. okt. 18., \u2020 Gmunden, 1908. febr. 3. \u2013 Nagyapja gr. T. Zsigmond (1766\u20131847). T. Ferenc (1813\u20131864) \u00e9s s\u00e1rosmagyarberkeszi Katona Anna l\u00e1nya. F\u00e9rje: br. Schleinitz Vilmos diplomata (esk\u00fcv\u0151: Koronka, 1857. dec. 5.). Meg\u00edrta visszaeml\u00e9kez\u00e9seit, bemutatta csal\u00e1dja tagjait, \u00e9letk\u00f6r\u00fclm\u00e9nyeiket, gazdags\u00e1gukat, \u00e9letvitel\u00fcket. Kisl\u00e1ny szemmel, hogy l\u00e1tta az 1848-as esem\u00e9nyeket, ebben r\u00f6viden eml\u00edtette, hogy Pet\u0151fi S\u00e1ndor a Segesv\u00e1rra indul\u00e1sa el\u0151tt (1849. j\u00fal. 27\u201328) n\u00e1luk volt elsz\u00e1ll\u00e1solva, megh\u00edvt\u00e1k eb\u00e9dre, arc\u00e1ra, \u00f6lt\u00f6zk\u00f6d\u00e9s\u00e9re is eml\u00e9kezett. M\u00e1s forr\u00e1sok szerint Pet\u0151fi Egressy G\u00e1borral \u00e9jszak\u00e1zott a G\u00f6r\u00f6g K\u00e1roly \u00e9s neje, Ziegler Vilma h\u00e1z\u00e1ban (1849. j\u00fal. 29). Bemutatta a parkot, a t\u00e1jk\u00e9pi kert tervez\u0151je Bodor P\u00e9ter. A parkot lombhullat\u00f3 liget \u00f6vezte, benne volt egy mesters\u00e9gesen kialak\u00edtott halast\u00f3, egy M\u00fcller J\u00e1nos, radn\u00f3tf\u00e1jai \u00e9p\u00edt\u00e9sz tervezte emelte pavilon (1887). <br \/><strong>\u2013 Irod.:<\/strong> Berde M\u00e1ria: Erd\u00e9lyi Vorm\u00e4rz: b\u00e1r\u00f3 Schleinitz Vilmosn\u00e9, Toldalagi R\u00f3za gr\u00f3fn\u0151 eml\u00e9kei = \u00dcnnepi k\u00f6nyv; Gudenus; Nagy Bod\u00f3 Tibor: A Toldalagiak nagym\u00e9ret\u0171 kast\u00e9lya (K\u00f6zpont, 2016. febr. 18\u201324); Ol\u00e1h-G\u00e1l 2013; Ol\u00e1h-G\u00e1l 2013.<\/br><\/p>\n","protected":false},"excerpt":{"rendered":"<p>Mv., 1834. okt. 18., \u2020 Gmunden, 1908. febr. 3. \u2013 Nagyapja gr. T. Zsigmond (1766\u20131847). T. Ferenc (1813\u20131864) \u00e9s s\u00e1rosmagyarberkeszi Katona Anna l\u00e1nya. F\u00e9rje: br. Schleinitz Vilmos diplomata (esk\u00fcv\u0151: Koronka, 1857. dec. 5.). Meg\u00edrta visszaeml\u00e9kez\u00e9seit, bemutatta csal\u00e1dja tagjait, \u00e9letk\u00f6r\u00fclm\u00e9nyeiket, gazdags\u00e1gukat, \u00e9letvitel\u00fcket. Kisl\u00e1ny szemmel, hogy l\u00e1tta az 1848-as esem\u00e9nyeket, ebben r\u00f6viden eml\u00edtette, hogy Pet\u0151fi S\u00e1ndor a [&hellip;]<\/p>\n","protected":false},"featured_media":0,"comment_status":"open","ping_status":"closed","template":"","meta":[],"product_brand":[],"product_cat":[137],"product_tag":[],"class_list":{"0":"post-23241","1":"product","2":"type-product","3":"status-publish","5":"product_cat-maros-megyei-eletrajzi-lexikon","7":"first","8":"instock","9":"shipping-taxable","10":"product-type-simple"},"_links":{"self":[{"href":"https:\/\/uj.adatbank.ro\/lexikon\/wp-json\/wp\/v2\/product\/23241","targetHints":{"allow":["GET"]}}],"collection":[{"href":"https:\/\/uj.adatbank.ro\/lexikon\/wp-json\/wp\/v2\/product"}],"about":[{"href":"https:\/\/uj.adatbank.ro\/lexikon\/wp-json\/wp\/v2\/types\/product"}],"replies":[{"embeddable":true,"href":"https:\/\/uj.adatbank.ro\/lexikon\/wp-json\/wp\/v2\/comments?post=23241"}],"wp:attachment":[{"href":"https:\/\/uj.adatbank.ro\/lexikon\/wp-json\/wp\/v2\/media?parent=23241"}],"wp:term":[{"taxonomy":"product_brand","embeddable":true,"href":"https:\/\/uj.adatbank.ro\/lexikon\/wp-json\/wp\/v2\/product_brand?post=23241"},{"taxonomy":"product_cat","embeddable":true,"href":"https:\/\/uj.adatbank.ro\/lexikon\/wp-json\/wp\/v2\/product_cat?post=23241"},{"taxonomy":"product_tag","embeddable":true,"href":"https:\/\/uj.adatbank.ro\/lexikon\/wp-json\/wp\/v2\/product_tag?post=23241"}],"curies":[{"name":"wp","href":"https:\/\/api.w.org\/{rel}","templated":true}]}}

TOLDALAGI Róza, gr., br. Schleinitz Vilmosné

<p>Mv., 1834. okt. 18., † Gmunden, 1908. febr. 3. – Nagyapja gr. T. Zsigmond (1766–1847). T. Ferenc (1813–1864) és sárosmagyarberkeszi Katona Anna lánya. Férje: br. Schleinitz Vilmos diplomata (esküvő: Koronka, 1857. dec. 5.). Megírta visszaemlékezéseit, bemutatta családja tagjait, életkörülményeiket, gazdagságukat, életvitelüket. Kislány szemmel, hogy látta az 1848-as eseményeket, ebben röviden említette, hogy Petőfi Sándor a Segesvárra indulása előtt (1849. júl. 27–28) náluk volt elszállásolva, meghívták ebédre, arcára, öltözködésére is emlékezett. Más források szerint Petőfi Egressy Gáborral éjszakázott a Görög Károly és neje, Ziegler Vilma házában (1849. júl. 29). Bemutatta a parkot, a tájképi kert tervezője Bodor Péter. A parkot lombhullató liget övezte, benne volt egy mesterségesen kialakított halastó, egy Müller János, radnótfájai építész tervezte emelte pavilon (1887). <br /><strong>– Irod.:</strong> Berde Mária: Erdélyi Vormärz: báró Schleinitz Vilmosné, Toldalagi Róza grófnő emlékei = Ünnepi könyv; Gudenus; Nagy Bodó Tibor: A Toldalagiak nagyméretű kastélya (Központ, 2016. febr. 18–24); Oláh-Gál 2013; Oláh-Gál 2013.</br></p>

<p>Mv., 1834. okt. 18., † Gmunden, 1908. febr. 3. – Nagyapja gr. T. Zsigmond (1766–1847). T. Ferenc (1813–1864) és sárosmagyarberkeszi Katona Anna lánya. Férje: br. Schleinitz Vilmos diplomata (esküvő: Koronka, 1857. dec. 5.). Megírta visszaemlékezéseit, bemutatta családja tagjait, életkörülményeiket, gazdagságukat, életvitelüket. Kislány szemmel, hogy látta az 1848-as eseményeket, ebben röviden említette, hogy Petőfi Sándor a [&hellip;]</p>
