{"id":23242,"date":"2025-08-01T17:19:17","date_gmt":"2025-08-01T15:19:17","guid":{"rendered":"https:\/\/uj.adatbank.ro\/lexikon\/termek\/toldalagi-samuel-ferenc-samu-nagyercsei-es-gelenczei-gr-br\/"},"modified":"2025-08-01T17:19:17","modified_gmt":"2025-08-01T15:19:17","slug":"toldalagi-samuel-ferenc-samu-nagyercsei-es-gelenczei-gr-br","status":"publish","type":"product","link":"https:\/\/uj.adatbank.ro\/lexikon\/termek\/toldalagi-samuel-ferenc-samu-nagyercsei-es-gelenczei-gr-br\/","title":{"rendered":"TOLDALAGI S\u00e1muel Ferenc, Samu, nagyercsei \u00e9s gelenczei gr., br."},"content":{"rendered":"<p>Saj\u00f3udvarhely, 1872. okt. 4., \u2020 Bp., 1948. febr. 29.: r. k. pap, f\u0151esperes. \u2013 Zsigmond (1847\u20131894) \u00e9s fricsi Fekete Zs\u00f3fia fia. Tanulm\u00e1nyait Mv.-en, Nagyszebenben \u00e9s Gyulafeh\u00e9rv\u00e1ron, valamint Bp.-en \u00e9s P\u00e1rizsban v\u00e9gezte. Papp\u00e1 szentelt\u00e9k (1897. j\u00fal. 6.). K\u00e1pl\u00e1n Segesv\u00e1ron (1897\u201399). Gyulafeh\u00e9rv\u00e1ron p\u00fcsp\u00f6ki k\u00e1pl\u00e1n \u00e9s cerem\u00f3niamester. Pl\u00e9b\u00e1nos Petrozs\u00e9nyban, Als\u00f3kapnikon, Teke-Mez\u0151erkeden, Abosfalv\u00e1n (1926\u2013). K\u00fck\u00fcll\u0151i f\u0151esperes (1931), nyugd\u00edjas (1937\u2013). <br \/><strong>\u2013 Irod.:<\/strong> Ferenczi S\u00e1ndor 2009; A Szent Istv\u00e1n T\u00e1rsulat tagjainak n\u00e9vsora 1898 (Bp., 1898).<\/br><\/p>\n","protected":false},"excerpt":{"rendered":"<p>Saj\u00f3udvarhely, 1872. okt. 4., \u2020 Bp., 1948. febr. 29.: r. k. pap, f\u0151esperes. \u2013 Zsigmond (1847\u20131894) \u00e9s fricsi Fekete Zs\u00f3fia fia. Tanulm\u00e1nyait Mv.-en, Nagyszebenben \u00e9s Gyulafeh\u00e9rv\u00e1ron, valamint Bp.-en \u00e9s P\u00e1rizsban v\u00e9gezte. Papp\u00e1 szentelt\u00e9k (1897. j\u00fal. 6.). K\u00e1pl\u00e1n Segesv\u00e1ron (1897\u201399). Gyulafeh\u00e9rv\u00e1ron p\u00fcsp\u00f6ki k\u00e1pl\u00e1n \u00e9s cerem\u00f3niamester. Pl\u00e9b\u00e1nos Petrozs\u00e9nyban, Als\u00f3kapnikon, Teke-Mez\u0151erkeden, Abosfalv\u00e1n (1926\u2013). K\u00fck\u00fcll\u0151i f\u0151esperes (1931), nyugd\u00edjas (1937\u2013). [&hellip;]<\/p>\n","protected":false},"featured_media":0,"comment_status":"open","ping_status":"closed","template":"","meta":[],"product_brand":[],"product_cat":[137],"product_tag":[],"class_list":{"0":"post-23242","1":"product","2":"type-product","3":"status-publish","5":"product_cat-maros-megyei-eletrajzi-lexikon","7":"first","8":"instock","9":"shipping-taxable","10":"product-type-simple"},"_links":{"self":[{"href":"https:\/\/uj.adatbank.ro\/lexikon\/wp-json\/wp\/v2\/product\/23242","targetHints":{"allow":["GET"]}}],"collection":[{"href":"https:\/\/uj.adatbank.ro\/lexikon\/wp-json\/wp\/v2\/product"}],"about":[{"href":"https:\/\/uj.adatbank.ro\/lexikon\/wp-json\/wp\/v2\/types\/product"}],"replies":[{"embeddable":true,"href":"https:\/\/uj.adatbank.ro\/lexikon\/wp-json\/wp\/v2\/comments?post=23242"}],"wp:attachment":[{"href":"https:\/\/uj.adatbank.ro\/lexikon\/wp-json\/wp\/v2\/media?parent=23242"}],"wp:term":[{"taxonomy":"product_brand","embeddable":true,"href":"https:\/\/uj.adatbank.ro\/lexikon\/wp-json\/wp\/v2\/product_brand?post=23242"},{"taxonomy":"product_cat","embeddable":true,"href":"https:\/\/uj.adatbank.ro\/lexikon\/wp-json\/wp\/v2\/product_cat?post=23242"},{"taxonomy":"product_tag","embeddable":true,"href":"https:\/\/uj.adatbank.ro\/lexikon\/wp-json\/wp\/v2\/product_tag?post=23242"}],"curies":[{"name":"wp","href":"https:\/\/api.w.org\/{rel}","templated":true}]}}

TOLDALAGI Sámuel Ferenc, Samu, nagyercsei és gelenczei gr., br.

<p>Sajóudvarhely, 1872. okt. 4., † Bp., 1948. febr. 29.: r. k. pap, főesperes. – Zsigmond (1847–1894) és fricsi Fekete Zsófia fia. Tanulmányait Mv.-en, Nagyszebenben és Gyulafehérváron, valamint Bp.-en és Párizsban végezte. Pappá szentelték (1897. júl. 6.). Káplán Segesváron (1897–99). Gyulafehérváron püspöki káplán és ceremóniamester. Plébános Petrozsényban, Alsókapnikon, Teke-Mezőerkeden, Abosfalván (1926–). Küküllői főesperes (1931), nyugdíjas (1937–). <br /><strong>– Irod.:</strong> Ferenczi Sándor 2009; A Szent István Társulat tagjainak névsora 1898 (Bp., 1898).</br></p>

<p>Sajóudvarhely, 1872. okt. 4., † Bp., 1948. febr. 29.: r. k. pap, főesperes. – Zsigmond (1847–1894) és fricsi Fekete Zsófia fia. Tanulmányait Mv.-en, Nagyszebenben és Gyulafehérváron, valamint Bp.-en és Párizsban végezte. Pappá szentelték (1897. júl. 6.). Káplán Segesváron (1897–99). Gyulafehérváron püspöki káplán és ceremóniamester. Plébános Petrozsényban, Alsókapnikon, Teke-Mezőerkeden, Abosfalván (1926–). Küküllői főesperes (1931), nyugdíjas (1937–). [&hellip;]</p>
