{"id":23244,"date":"2025-08-01T17:19:21","date_gmt":"2025-08-01T15:19:21","guid":{"rendered":"https:\/\/uj.adatbank.ro\/lexikon\/termek\/toldalagi-tibor-toldalaghi-tibor-nagyercsei-es-gelencei-gr\/"},"modified":"2025-08-01T17:19:21","modified_gmt":"2025-08-01T15:19:21","slug":"toldalagi-tibor-toldalaghi-tibor-nagyercsei-es-gelencei-gr","status":"publish","type":"product","link":"https:\/\/uj.adatbank.ro\/lexikon\/termek\/toldalagi-tibor-toldalaghi-tibor-nagyercsei-es-gelencei-gr\/","title":{"rendered":"TOLDALAGI Tibor, Toldalaghi Tibor, nagyercsei \u00e9s gelencei gr."},"content":{"rendered":"<p>Ny\u00e1r\u00e1dszentbenedek, 1854. okt. 28. \u2020 Ny\u00e1r\u00e1dszentbenedek, 1919. nov. 18.: husz\u00e1r\u0151rnagy, f\u00f6ldbirtokos. \u2013 Testv\u00e9re: gr. T. Erzs\u00e9bet. Feles\u00e9ge: nagyk\u00e1szoni \u00e9s imp\u00e9rfalvi br. Bornemisza M\u00e1ria (Buz\u00e1sbeseny\u0151, 1864. szept. 24.- Bp., 1945. szept. 28). B. J\u00f3zsef \u00e9s Bo\u00e9r Ida l\u00e1nya (esk. G\u00f3g\u00e1nv\u00e1ralja, 1888. m\u00e1j. 9). Gyermekeik: Mih\u00e1ly, f\u0151isp\u00e1n \u00e9s Irma. \u2013 A sz\u00fcl\u0151faluj\u00e1ban \u00e9p\u00edttette a ma is \u00e1ll\u00f3 barokkos-klasszicista st\u00edlus\u00fa kast\u00e9lyt (1800-as \u00e9vek v\u00e9g\u00e9n), a r\u00e9gi udvarh\u00e1z hely\u00e9re, amelyr\u0151l az 1748-as \u00f6ssze\u00edr\u00e1s tett eml\u00edt\u00e9st. A II. vh.-ban a kast\u00e9lyt kifosztott\u00e1k \u00e9rt\u00e9kes b\u00fatorait, k\u00f6nyvt\u00e1r\u00e1t sz\u00e9thordt\u00e1k. A 20. sz. v\u00e9g\u00e9ig a helyi \u00e1llami mez\u0151gazdas\u00e1gi v\u00e1llalat sz\u00e9khely\u00e9\u00fcl szolg\u00e1lt, parkj\u00e1t \u00faj \u00e9p\u00fcletekkel foglalt\u00e1k el. <br \/><strong>\u2013 Irod.:<\/strong> Erd\u00e9lyi v\u00e1rmegy\u00e9k; Gudenus; Gy\u00e1szjelent\u0151; MMMM; Ny\u00e1r\u00e1dszentbenedek; P\u00e1lmay.<\/br><\/p>\n","protected":false},"excerpt":{"rendered":"<p>Ny\u00e1r\u00e1dszentbenedek, 1854. okt. 28. \u2020 Ny\u00e1r\u00e1dszentbenedek, 1919. nov. 18.: husz\u00e1r\u0151rnagy, f\u00f6ldbirtokos. \u2013 Testv\u00e9re: gr. T. Erzs\u00e9bet. Feles\u00e9ge: nagyk\u00e1szoni \u00e9s imp\u00e9rfalvi br. Bornemisza M\u00e1ria (Buz\u00e1sbeseny\u0151, 1864. szept. 24.- Bp., 1945. szept. 28). B. J\u00f3zsef \u00e9s Bo\u00e9r Ida l\u00e1nya (esk. G\u00f3g\u00e1nv\u00e1ralja, 1888. m\u00e1j. 9). Gyermekeik: Mih\u00e1ly, f\u0151isp\u00e1n \u00e9s Irma. \u2013 A sz\u00fcl\u0151faluj\u00e1ban \u00e9p\u00edttette a ma is \u00e1ll\u00f3 [&hellip;]<\/p>\n","protected":false},"featured_media":0,"comment_status":"open","ping_status":"closed","template":"","meta":[],"product_brand":[],"product_cat":[137],"product_tag":[],"class_list":{"0":"post-23244","1":"product","2":"type-product","3":"status-publish","5":"product_cat-maros-megyei-eletrajzi-lexikon","7":"first","8":"instock","9":"shipping-taxable","10":"product-type-simple"},"_links":{"self":[{"href":"https:\/\/uj.adatbank.ro\/lexikon\/wp-json\/wp\/v2\/product\/23244","targetHints":{"allow":["GET"]}}],"collection":[{"href":"https:\/\/uj.adatbank.ro\/lexikon\/wp-json\/wp\/v2\/product"}],"about":[{"href":"https:\/\/uj.adatbank.ro\/lexikon\/wp-json\/wp\/v2\/types\/product"}],"replies":[{"embeddable":true,"href":"https:\/\/uj.adatbank.ro\/lexikon\/wp-json\/wp\/v2\/comments?post=23244"}],"wp:attachment":[{"href":"https:\/\/uj.adatbank.ro\/lexikon\/wp-json\/wp\/v2\/media?parent=23244"}],"wp:term":[{"taxonomy":"product_brand","embeddable":true,"href":"https:\/\/uj.adatbank.ro\/lexikon\/wp-json\/wp\/v2\/product_brand?post=23244"},{"taxonomy":"product_cat","embeddable":true,"href":"https:\/\/uj.adatbank.ro\/lexikon\/wp-json\/wp\/v2\/product_cat?post=23244"},{"taxonomy":"product_tag","embeddable":true,"href":"https:\/\/uj.adatbank.ro\/lexikon\/wp-json\/wp\/v2\/product_tag?post=23244"}],"curies":[{"name":"wp","href":"https:\/\/api.w.org\/{rel}","templated":true}]}}

TOLDALAGI Tibor, Toldalaghi Tibor, nagyercsei és gelencei gr.

<p>Nyárádszentbenedek, 1854. okt. 28. † Nyárádszentbenedek, 1919. nov. 18.: huszárőrnagy, földbirtokos. – Testvére: gr. T. Erzsébet. Felesége: nagykászoni és impérfalvi br. Bornemisza Mária (Buzásbesenyő, 1864. szept. 24.- Bp., 1945. szept. 28). B. József és Boér Ida lánya (esk. Gógánváralja, 1888. máj. 9). Gyermekeik: Mihály, főispán és Irma. – A szülőfalujában építtette a ma is álló barokkos-klasszicista stílusú kastélyt (1800-as évek végén), a régi udvarház helyére, amelyről az 1748-as összeírás tett említést. A II. vh.-ban a kastélyt kifosztották értékes bútorait, könyvtárát széthordták. A 20. sz. végéig a helyi állami mezőgazdasági vállalat székhelyéül szolgált, parkját új épületekkel foglalták el. <br /><strong>– Irod.:</strong> Erdélyi vármegyék; Gudenus; Gyászjelentő; MMMM; Nyárádszentbenedek; Pálmay.</br></p>

<p>Nyárádszentbenedek, 1854. okt. 28. † Nyárádszentbenedek, 1919. nov. 18.: huszárőrnagy, földbirtokos. – Testvére: gr. T. Erzsébet. Felesége: nagykászoni és impérfalvi br. Bornemisza Mária (Buzásbesenyő, 1864. szept. 24.- Bp., 1945. szept. 28). B. József és Boér Ida lánya (esk. Gógánváralja, 1888. máj. 9). Gyermekeik: Mihály, főispán és Irma. – A szülőfalujában építtette a ma is álló [&hellip;]</p>
