{"id":23245,"date":"2025-08-01T17:19:23","date_gmt":"2025-08-01T15:19:23","guid":{"rendered":"https:\/\/uj.adatbank.ro\/lexikon\/termek\/toldalagi-viktor-nagyercsei-es-gelencei-gr\/"},"modified":"2025-08-01T17:19:23","modified_gmt":"2025-08-01T15:19:23","slug":"toldalagi-viktor-nagyercsei-es-gelencei-gr","status":"publish","type":"product","link":"https:\/\/uj.adatbank.ro\/lexikon\/termek\/toldalagi-viktor-nagyercsei-es-gelencei-gr\/","title":{"rendered":"TOLDALAGI Viktor, nagyercsei \u00e9s gelencei gr."},"content":{"rendered":"<p>Koronka, 1829. febr. 4., \u2020 Mv., Koronka, 1881. jan. 24., temetve a mv.-i ref. temet\u0151ben: cs. kir. kamar\u00e1s, f\u00f6ldbirtokos. \u2013 T. Ferenc (1803\u20131864) \u00e9s Katona Anna fia. Testv\u00e9rei: gr. T. F\u00e1nny, Ad\u00e9l gr. Bethlen Gyul\u00e1n\u00e9, R\u00f3za br. Scleinitz Vilmosn\u00e9. Feles\u00e9ge br. B\u00e1nffy Anna (1831- 1897) Esk\u00fcv\u0151 Kv., (1860. \u00e1pr. 11). Gyermekeik: gr. T. Anna, L\u00e1szl\u00f3, Roz\u00e1lia; fogadott le\u00e1nyuk gr. Bethlen Emma. \u2013 Cs. k. kamar\u00e1s, a Hunyad megyei ev. ref. egyh\u00e1z f\u0151gondnoka, Maros-Torda megye ev. ref. egyh\u00e1z algondnoka. Lak\u00e1suk Koronk\u00e1n volt, ahol tov\u00e1bb b\u0151v\u00edtette az \u00e9rt\u00e9kes k\u00f6nyvt\u00e1rukat. \u00d6nk\u00e9ntes lovas nemzet\u0151r (1848). A Hunyad megyei ref. egyh\u00e1z f\u0151gondnoka, a marosi ref. egyh\u00e1z algondnoka volt. R\u00e9szt vett a megyei k\u00f6z\u00fcgyekben az aranyb\u00e1nya elveszt\u00e9se ut\u00e1n a koronkai birtok is z\u00e1logba ker\u00fclt, ezt a birtokot \u0151 szerezte vissza. A mv.-i \u00c1llami Lev\u00e9lt\u00e1rban \u00f6rz\u00f6tt Agenda-sz\u00e1mad\u00e1sk\u00f6nyvet (1874\u20131877) k\u00f6z\u00f6tt vezett\u00e9k, de kor\u00e1bbi (1831\u201333) feljegyz\u00e9seket is fel\u00f6lel, a pesti, a g\u00f6ttingai botanikus kertekb\u0151l hozatott facsemet\u00e9k \u00e9s magvak list\u00e1ja, az Amerik\u00e1b\u00f3l, Bollweilerb\u0151l, Diszn\u00f3dr\u00f3l hozatott f\u00e1k \u00e9s pal\u00e1nt\u00e1k list\u00e1j\u00e1t \u00e9s utas\u00edt\u00e1sokat tartalmazza. <br \/><strong>\u2013 Irod.:<\/strong> 1848\u20131849 Marossz\u00e9k; Fekete; Gudenus; Gy\u00e1szjelent\u0151; MNZS; Orb\u00e1n Bal\u00e1zs; P\u00e1lmay; [H\u00edr a temet\u00e9s\u00e9r\u0151l] (Erd\u00e9lyi \u00c9rtes\u00edt\u0151, 1881. jan. 30.).<\/br><\/p>\n","protected":false},"excerpt":{"rendered":"<p>Koronka, 1829. febr. 4., \u2020 Mv., Koronka, 1881. jan. 24., temetve a mv.-i ref. temet\u0151ben: cs. kir. kamar\u00e1s, f\u00f6ldbirtokos. \u2013 T. Ferenc (1803\u20131864) \u00e9s Katona Anna fia. Testv\u00e9rei: gr. T. F\u00e1nny, Ad\u00e9l gr. Bethlen Gyul\u00e1n\u00e9, R\u00f3za br. Scleinitz Vilmosn\u00e9. Feles\u00e9ge br. B\u00e1nffy Anna (1831- 1897) Esk\u00fcv\u0151 Kv., (1860. \u00e1pr. 11). Gyermekeik: gr. T. Anna, L\u00e1szl\u00f3, [&hellip;]<\/p>\n","protected":false},"featured_media":0,"comment_status":"open","ping_status":"closed","template":"","meta":[],"product_brand":[],"product_cat":[137],"product_tag":[],"class_list":{"0":"post-23245","1":"product","2":"type-product","3":"status-publish","5":"product_cat-maros-megyei-eletrajzi-lexikon","7":"first","8":"instock","9":"shipping-taxable","10":"product-type-simple"},"_links":{"self":[{"href":"https:\/\/uj.adatbank.ro\/lexikon\/wp-json\/wp\/v2\/product\/23245","targetHints":{"allow":["GET"]}}],"collection":[{"href":"https:\/\/uj.adatbank.ro\/lexikon\/wp-json\/wp\/v2\/product"}],"about":[{"href":"https:\/\/uj.adatbank.ro\/lexikon\/wp-json\/wp\/v2\/types\/product"}],"replies":[{"embeddable":true,"href":"https:\/\/uj.adatbank.ro\/lexikon\/wp-json\/wp\/v2\/comments?post=23245"}],"wp:attachment":[{"href":"https:\/\/uj.adatbank.ro\/lexikon\/wp-json\/wp\/v2\/media?parent=23245"}],"wp:term":[{"taxonomy":"product_brand","embeddable":true,"href":"https:\/\/uj.adatbank.ro\/lexikon\/wp-json\/wp\/v2\/product_brand?post=23245"},{"taxonomy":"product_cat","embeddable":true,"href":"https:\/\/uj.adatbank.ro\/lexikon\/wp-json\/wp\/v2\/product_cat?post=23245"},{"taxonomy":"product_tag","embeddable":true,"href":"https:\/\/uj.adatbank.ro\/lexikon\/wp-json\/wp\/v2\/product_tag?post=23245"}],"curies":[{"name":"wp","href":"https:\/\/api.w.org\/{rel}","templated":true}]}}

TOLDALAGI Viktor, nagyercsei és gelencei gr.

<p>Koronka, 1829. febr. 4., † Mv., Koronka, 1881. jan. 24., temetve a mv.-i ref. temetőben: cs. kir. kamarás, földbirtokos. – T. Ferenc (1803–1864) és Katona Anna fia. Testvérei: gr. T. Fánny, Adél gr. Bethlen Gyuláné, Róza br. Scleinitz Vilmosné. Felesége br. Bánffy Anna (1831- 1897) Esküvő Kv., (1860. ápr. 11). Gyermekeik: gr. T. Anna, László, Rozália; fogadott leányuk gr. Bethlen Emma. – Cs. k. kamarás, a Hunyad megyei ev. ref. egyház főgondnoka, Maros-Torda megye ev. ref. egyház algondnoka. Lakásuk Koronkán volt, ahol tovább bővítette az értékes könyvtárukat. Önkéntes lovas nemzetőr (1848). A Hunyad megyei ref. egyház főgondnoka, a marosi ref. egyház algondnoka volt. Részt vett a megyei közügyekben az aranybánya elvesztése után a koronkai birtok is zálogba került, ezt a birtokot ő szerezte vissza. A mv.-i Állami Levéltárban örzött Agenda-számadáskönyvet (1874–1877) között vezették, de korábbi (1831–33) feljegyzéseket is felölel, a pesti, a göttingai botanikus kertekből hozatott facsemeték és magvak listája, az Amerikából, Bollweilerből, Disznódról hozatott fák és palánták listáját és utasításokat tartalmazza. <br /><strong>– Irod.:</strong> 1848–1849 Marosszék; Fekete; Gudenus; Gyászjelentő; MNZS; Orbán Balázs; Pálmay; [Hír a temetéséről] (Erdélyi Értesítő, 1881. jan. 30.).</br></p>

<p>Koronka, 1829. febr. 4., † Mv., Koronka, 1881. jan. 24., temetve a mv.-i ref. temetőben: cs. kir. kamarás, földbirtokos. – T. Ferenc (1803–1864) és Katona Anna fia. Testvérei: gr. T. Fánny, Adél gr. Bethlen Gyuláné, Róza br. Scleinitz Vilmosné. Felesége br. Bánffy Anna (1831- 1897) Esküvő Kv., (1860. ápr. 11). Gyermekeik: gr. T. Anna, László, [&hellip;]</p>
