{"id":23247,"date":"2025-08-01T17:19:29","date_gmt":"2025-08-01T15:19:29","guid":{"rendered":"https:\/\/uj.adatbank.ro\/lexikon\/termek\/toldalagi-zsigmond-nagyercsei-es-gelencei-gr\/"},"modified":"2025-08-01T17:19:29","modified_gmt":"2025-08-01T15:19:29","slug":"toldalagi-zsigmond-nagyercsei-es-gelencei-gr","status":"publish","type":"product","link":"https:\/\/uj.adatbank.ro\/lexikon\/termek\/toldalagi-zsigmond-nagyercsei-es-gelencei-gr\/","title":{"rendered":"TOLDALAGI Zsigmond, nagyercsei \u00e9s gelencei gr."},"content":{"rendered":"<p>Koronka, 1766. nov. 6. \u2020 Mv., 1847. m\u00e1j. 14. Nagyercs\u00e9ben a csal\u00e1di s\u00edrboltba temett\u00e9k: birtokos, cs. kir. kamar\u00e1s, f\u0151isp\u00e1n, a marossz\u00e9ki egyh\u00e1zker. f\u0151fel\u00fcgyel\u0151je. \u2013 Toldalagi Ferenc \u00e9s gr. B\u00e1nffy Kata fia. Feles\u00e9ge: vajai Vay Kata (Vaja (Szabolcs), 1781. m\u00e1rc. 8.- 1831. j\u00fal. 27), V. \u00c1d\u00e1m \u00e1s Teleki Eszter le\u00e1nya. Esk\u00fcv\u0151 Kv.: 1798. aug. 6. Gyermekei: T. Kata Ugron Istv\u00e1nn\u00e9; T. Ferenc, feles\u00e9ge Katona Anna; T. Eszter; Zs\u00f3fia gr. Bethlen S\u00e1ndorn\u00e9; Mih\u00e1ly, feles\u00e9ge gr. Bethlen Johanna; Johanna Kornis S\u00e1mueln\u00e9; T. Polix\u00e9nia Katona Mikl\u00f3sn\u00e9; Anna (\u2020 Ny\u00e1r\u00e1dszentbenedek, 1846. j\u00fan. 5. Koronk\u00e1n a csal\u00e1di s\u00edrboltban nyugszik). \u2013 Mih\u00e1ly fi\u00e1nak nevel\u0151je \u00e9s k\u00eds\u00e9r\u0151je a b\u00e9csi \u00e9s olaszo.-i tanulm\u00e1ny\u00fatj\u00e1n Sz\u00e1sz Istv\u00e1n tan\u00e1r volt. Ref. egyh\u00e1zker\u00fcleti fel\u00fcgyel\u0151 (1815). A ref. koll. inspektor f\u0151gondnoka (1830\u2013) \u00e9s a Gecse-f\u00e9le Emberszereteti Int\u00e9zet alap\u00edt\u00e1s\u00e1n\u00e1l, a koll. k\u00e9pviselet\u00e9ben a bizotts\u00e1g egyik eln\u00f6ke volt. \u0150 \u00e9p\u00edttette a ny\u00e1r\u00e1dszentbenedeki barokkos klasszicista st\u00edlus\u00fa kast\u00e9lyt. Az \u00e9p\u00edt\u00e9st folytatta unok\u00e1ja Zsigmond (1847\u20131894). A ny\u00e1r\u00e1dszentbenedeki ref. templomot \u00e9p\u00edtette (1832\u201333). \u00daj iskol\u00e1t \u00e9s k\u00e1ntortan\u00edt\u00f3i lak\u00e1st \u00e9p\u00edttetett (1843). <br \/><strong>\u2013 Irod.:<\/strong> Berde M\u00e1ria: Erd\u00e9lyi Vorm\u00e4rz: b\u00e1r\u00f3 Schleinitz Vilmosn\u00e9, Toldalagi R\u00f3za gr\u00f3fn\u0151 eml\u00e9kei = \u00dcnnepi k\u00f6nyv; Bir\u00f3; Fekete; Gudenus; Gy\u00e1szjelent\u0151; Halotti besz\u00e9dek; Halotti k\u00f6ny\u00f6rg\u00e9sek Vay Kata felett (Antal J\u00e1nos Oratio, V\u00e1ly P\u00e1l K\u00f6ny\u00f6rg\u00e9s, Sz\u00e1sz Istv\u00e1n Oratio, Nagy S\u00e1ndor K\u00f6ny\u00f6rg\u00e9s; Mv., 1831), Kazinczy Ferenc: Erd\u00e9lyi levelek (Kv., 1944); Keresztes; Koncz; Kornis; Kr\u00f3n. F\u00fcz. (1939. 4\/6); MNZS; Ny\u00e1r\u00e1dszentbenedek.<\/br><\/p>\n","protected":false},"excerpt":{"rendered":"<p>Koronka, 1766. nov. 6. \u2020 Mv., 1847. m\u00e1j. 14. Nagyercs\u00e9ben a csal\u00e1di s\u00edrboltba temett\u00e9k: birtokos, cs. kir. kamar\u00e1s, f\u0151isp\u00e1n, a marossz\u00e9ki egyh\u00e1zker. f\u0151fel\u00fcgyel\u0151je. \u2013 Toldalagi Ferenc \u00e9s gr. B\u00e1nffy Kata fia. Feles\u00e9ge: vajai Vay Kata (Vaja (Szabolcs), 1781. m\u00e1rc. 8.- 1831. j\u00fal. 27), V. \u00c1d\u00e1m \u00e1s Teleki Eszter le\u00e1nya. Esk\u00fcv\u0151 Kv.: 1798. aug. 6. Gyermekei: [&hellip;]<\/p>\n","protected":false},"featured_media":0,"comment_status":"open","ping_status":"closed","template":"","meta":[],"product_brand":[],"product_cat":[137],"product_tag":[],"class_list":{"0":"post-23247","1":"product","2":"type-product","3":"status-publish","5":"product_cat-maros-megyei-eletrajzi-lexikon","7":"first","8":"instock","9":"shipping-taxable","10":"product-type-simple"},"_links":{"self":[{"href":"https:\/\/uj.adatbank.ro\/lexikon\/wp-json\/wp\/v2\/product\/23247","targetHints":{"allow":["GET"]}}],"collection":[{"href":"https:\/\/uj.adatbank.ro\/lexikon\/wp-json\/wp\/v2\/product"}],"about":[{"href":"https:\/\/uj.adatbank.ro\/lexikon\/wp-json\/wp\/v2\/types\/product"}],"replies":[{"embeddable":true,"href":"https:\/\/uj.adatbank.ro\/lexikon\/wp-json\/wp\/v2\/comments?post=23247"}],"wp:attachment":[{"href":"https:\/\/uj.adatbank.ro\/lexikon\/wp-json\/wp\/v2\/media?parent=23247"}],"wp:term":[{"taxonomy":"product_brand","embeddable":true,"href":"https:\/\/uj.adatbank.ro\/lexikon\/wp-json\/wp\/v2\/product_brand?post=23247"},{"taxonomy":"product_cat","embeddable":true,"href":"https:\/\/uj.adatbank.ro\/lexikon\/wp-json\/wp\/v2\/product_cat?post=23247"},{"taxonomy":"product_tag","embeddable":true,"href":"https:\/\/uj.adatbank.ro\/lexikon\/wp-json\/wp\/v2\/product_tag?post=23247"}],"curies":[{"name":"wp","href":"https:\/\/api.w.org\/{rel}","templated":true}]}}

TOLDALAGI Zsigmond, nagyercsei és gelencei gr.

<p>Koronka, 1766. nov. 6. † Mv., 1847. máj. 14. Nagyercsében a családi sírboltba temették: birtokos, cs. kir. kamarás, főispán, a marosszéki egyházker. főfelügyelője. – Toldalagi Ferenc és gr. Bánffy Kata fia. Felesége: vajai Vay Kata (Vaja (Szabolcs), 1781. márc. 8.- 1831. júl. 27), V. Ádám ás Teleki Eszter leánya. Esküvő Kv.: 1798. aug. 6. Gyermekei: T. Kata Ugron Istvánné; T. Ferenc, felesége Katona Anna; T. Eszter; Zsófia gr. Bethlen Sándorné; Mihály, felesége gr. Bethlen Johanna; Johanna Kornis Sámuelné; T. Polixénia Katona Miklósné; Anna († Nyárádszentbenedek, 1846. jún. 5. Koronkán a családi sírboltban nyugszik). – Mihály fiának nevelője és kísérője a bécsi és olaszo.-i tanulmányútján Szász István tanár volt. Ref. egyházkerületi felügyelő (1815). A ref. koll. inspektor főgondnoka (1830–) és a Gecse-féle Emberszereteti Intézet alapításánál, a koll. képviseletében a bizottság egyik elnöke volt. Ő építtette a nyárádszentbenedeki barokkos klasszicista stílusú kastélyt. Az építést folytatta unokája Zsigmond (1847–1894). A nyárádszentbenedeki ref. templomot építette (1832–33). Új iskolát és kántortanítói lakást építtetett (1843). <br /><strong>– Irod.:</strong> Berde Mária: Erdélyi Vormärz: báró Schleinitz Vilmosné, Toldalagi Róza grófnő emlékei = Ünnepi könyv; Biró; Fekete; Gudenus; Gyászjelentő; Halotti beszédek; Halotti könyörgések Vay Kata felett (Antal János Oratio, Vály Pál Könyörgés, Szász István Oratio, Nagy Sándor Könyörgés; Mv., 1831), Kazinczy Ferenc: Erdélyi levelek (Kv., 1944); Keresztes; Koncz; Kornis; Krón. Füz. (1939. 4/6); MNZS; Nyárádszentbenedek.</br></p>

<p>Koronka, 1766. nov. 6. † Mv., 1847. máj. 14. Nagyercsében a családi sírboltba temették: birtokos, cs. kir. kamarás, főispán, a marosszéki egyházker. főfelügyelője. – Toldalagi Ferenc és gr. Bánffy Kata fia. Felesége: vajai Vay Kata (Vaja (Szabolcs), 1781. márc. 8.- 1831. júl. 27), V. Ádám ás Teleki Eszter leánya. Esküvő Kv.: 1798. aug. 6. Gyermekei: [&hellip;]</p>
