{"id":23248,"date":"2025-08-01T17:19:31","date_gmt":"2025-08-01T15:19:31","guid":{"rendered":"https:\/\/uj.adatbank.ro\/lexikon\/termek\/toldalagi-zsigmond-nagyercsei-gr\/"},"modified":"2025-08-01T17:19:31","modified_gmt":"2025-08-01T15:19:31","slug":"toldalagi-zsigmond-nagyercsei-gr","status":"publish","type":"product","link":"https:\/\/uj.adatbank.ro\/lexikon\/termek\/toldalagi-zsigmond-nagyercsei-gr\/","title":{"rendered":"TOLDALAGI Zsigmond, nagyercsei gr."},"content":{"rendered":"<p>Kv., 1847. m\u00e1j. 29. \u2020 Kv. 1894. nov. 6.: birtokos. \u2013 Feles\u00e9ge fincsi Fekete Zs\u00f3fia. Ny\u00e1r\u00e1dszentbenedek nevezetess\u00e9ge az a barokkos-klasszicista st\u00edlus\u00fa kast\u00e9ly, amelyet a 19. sz. v\u00e9g\u00e9n \u00e1t\u00e9p\u00edttetett. Ez az \u00e9p\u00fclet, ami ma fel\u00faj\u00edt\u00e1sra szorul, az \u00e1llamos\u00edt\u00e1s ut\u00e1n az \u00e1llami gazdas\u00e1g irod\u00e1inak volt a helye. A kast\u00e9ly dendrol\u00f3giai parkj\u00e1t is megsemmis\u00edtett\u00e9k. <br \/><strong>\u2013 Irod.:<\/strong> Fekete; Gudenus; Keresztes Gyula: Kast\u00e9lyaink 19.: A szentbenedeki kast\u00e9ly (N\u00fa., 1992. aug. 22.); Maros megye; Ny\u00e1r\u00e1dszentbenedek; P\u00e1lmay; Sepsisz\u00e9ki.<\/br><\/p>\n","protected":false},"excerpt":{"rendered":"<p>Kv., 1847. m\u00e1j. 29. \u2020 Kv. 1894. nov. 6.: birtokos. \u2013 Feles\u00e9ge fincsi Fekete Zs\u00f3fia. Ny\u00e1r\u00e1dszentbenedek nevezetess\u00e9ge az a barokkos-klasszicista st\u00edlus\u00fa kast\u00e9ly, amelyet a 19. sz. v\u00e9g\u00e9n \u00e1t\u00e9p\u00edttetett. Ez az \u00e9p\u00fclet, ami ma fel\u00faj\u00edt\u00e1sra szorul, az \u00e1llamos\u00edt\u00e1s ut\u00e1n az \u00e1llami gazdas\u00e1g irod\u00e1inak volt a helye. A kast\u00e9ly dendrol\u00f3giai parkj\u00e1t is megsemmis\u00edtett\u00e9k. \u2013 Irod.: Fekete; Gudenus; [&hellip;]<\/p>\n","protected":false},"featured_media":0,"comment_status":"open","ping_status":"closed","template":"","meta":[],"product_brand":[],"product_cat":[137],"product_tag":[],"class_list":{"0":"post-23248","1":"product","2":"type-product","3":"status-publish","5":"product_cat-maros-megyei-eletrajzi-lexikon","7":"first","8":"instock","9":"shipping-taxable","10":"product-type-simple"},"_links":{"self":[{"href":"https:\/\/uj.adatbank.ro\/lexikon\/wp-json\/wp\/v2\/product\/23248","targetHints":{"allow":["GET"]}}],"collection":[{"href":"https:\/\/uj.adatbank.ro\/lexikon\/wp-json\/wp\/v2\/product"}],"about":[{"href":"https:\/\/uj.adatbank.ro\/lexikon\/wp-json\/wp\/v2\/types\/product"}],"replies":[{"embeddable":true,"href":"https:\/\/uj.adatbank.ro\/lexikon\/wp-json\/wp\/v2\/comments?post=23248"}],"wp:attachment":[{"href":"https:\/\/uj.adatbank.ro\/lexikon\/wp-json\/wp\/v2\/media?parent=23248"}],"wp:term":[{"taxonomy":"product_brand","embeddable":true,"href":"https:\/\/uj.adatbank.ro\/lexikon\/wp-json\/wp\/v2\/product_brand?post=23248"},{"taxonomy":"product_cat","embeddable":true,"href":"https:\/\/uj.adatbank.ro\/lexikon\/wp-json\/wp\/v2\/product_cat?post=23248"},{"taxonomy":"product_tag","embeddable":true,"href":"https:\/\/uj.adatbank.ro\/lexikon\/wp-json\/wp\/v2\/product_tag?post=23248"}],"curies":[{"name":"wp","href":"https:\/\/api.w.org\/{rel}","templated":true}]}}

<p>Kv., 1847. máj. 29. † Kv. 1894. nov. 6.: birtokos. – Felesége fincsi Fekete Zsófia. Nyárádszentbenedek nevezetessége az a barokkos-klasszicista stílusú kastély, amelyet a 19. sz. végén átépíttetett. Ez az épület, ami ma felújításra szorul, az államosítás után az állami gazdaság irodáinak volt a helye. A kastély dendrológiai parkját is megsemmisítették. <br /><strong>– Irod.:</strong> Fekete; Gudenus; Keresztes Gyula: Kastélyaink 19.: A szentbenedeki kastély (Nú., 1992. aug. 22.); Maros megye; Nyárádszentbenedek; Pálmay; Sepsiszéki.</br></p>

<p>Kv., 1847. máj. 29. † Kv. 1894. nov. 6.: birtokos. – Felesége fincsi Fekete Zsófia. Nyárádszentbenedek nevezetessége az a barokkos-klasszicista stílusú kastély, amelyet a 19. sz. végén átépíttetett. Ez az épület, ami ma felújításra szorul, az államosítás után az állami gazdaság irodáinak volt a helye. A kastély dendrológiai parkját is megsemmisítették. – Irod.: Fekete; Gudenus; [&hellip;]</p>
