{"id":23252,"date":"2025-08-01T17:19:42","date_gmt":"2025-08-01T15:19:42","guid":{"rendered":"https:\/\/uj.adatbank.ro\/lexikon\/termek\/toldalagi-zsuzsanna-nagyercsei-es-gelenczei-gr-miskolczy-zsuzsanna-dr-boda-gaborne\/"},"modified":"2025-08-01T17:19:42","modified_gmt":"2025-08-01T15:19:42","slug":"toldalagi-zsuzsanna-nagyercsei-es-gelenczei-gr-miskolczy-zsuzsanna-dr-boda-gaborne","status":"publish","type":"product","link":"https:\/\/uj.adatbank.ro\/lexikon\/termek\/toldalagi-zsuzsanna-nagyercsei-es-gelenczei-gr-miskolczy-zsuzsanna-dr-boda-gaborne\/","title":{"rendered":"TOLDALAGI Zsuzsanna, nagyercsei \u00e9s gelenczei gr., Miskolczy Zsuzsanna, dr. Boda G\u00e1born\u00e9"},"content":{"rendered":"<p>Mv., 1935. febr. 7., \u2020 Mv., 2003.: k\u00e9mikus m\u00e9rn\u00f6k. \u2013 J\u00f3zsef (1899\u20131944) \u00e9s uzoni B\u00e9ldi Zsuzs\u00e1nna l\u00e1nya. Mostohaapja, anyj\u00e1nak m\u00e1sodik f\u00e9rje \u00f6r\u00f6kbe fogadta \u00e9s felvette a Miskolczy nevet. F\u00e9rje Boda G\u00e1bor (1626. \u00e1pr. 4. \u2013). <br \/><strong>\u2013 Irod.:<\/strong> \u00c1ll\u00f3- \u00e9s mozg\u00f3k\u00e9pek.<\/br><\/p>\n","protected":false},"excerpt":{"rendered":"<p>Mv., 1935. febr. 7., \u2020 Mv., 2003.: k\u00e9mikus m\u00e9rn\u00f6k. \u2013 J\u00f3zsef (1899\u20131944) \u00e9s uzoni B\u00e9ldi Zsuzs\u00e1nna l\u00e1nya. Mostohaapja, anyj\u00e1nak m\u00e1sodik f\u00e9rje \u00f6r\u00f6kbe fogadta \u00e9s felvette a Miskolczy nevet. F\u00e9rje Boda G\u00e1bor (1626. \u00e1pr. 4. \u2013). \u2013 Irod.: \u00c1ll\u00f3- \u00e9s mozg\u00f3k\u00e9pek.<\/p>\n","protected":false},"featured_media":0,"comment_status":"open","ping_status":"closed","template":"","meta":[],"product_brand":[],"product_cat":[137],"product_tag":[],"class_list":{"0":"post-23252","1":"product","2":"type-product","3":"status-publish","5":"product_cat-maros-megyei-eletrajzi-lexikon","7":"first","8":"instock","9":"shipping-taxable","10":"product-type-simple"},"_links":{"self":[{"href":"https:\/\/uj.adatbank.ro\/lexikon\/wp-json\/wp\/v2\/product\/23252","targetHints":{"allow":["GET"]}}],"collection":[{"href":"https:\/\/uj.adatbank.ro\/lexikon\/wp-json\/wp\/v2\/product"}],"about":[{"href":"https:\/\/uj.adatbank.ro\/lexikon\/wp-json\/wp\/v2\/types\/product"}],"replies":[{"embeddable":true,"href":"https:\/\/uj.adatbank.ro\/lexikon\/wp-json\/wp\/v2\/comments?post=23252"}],"wp:attachment":[{"href":"https:\/\/uj.adatbank.ro\/lexikon\/wp-json\/wp\/v2\/media?parent=23252"}],"wp:term":[{"taxonomy":"product_brand","embeddable":true,"href":"https:\/\/uj.adatbank.ro\/lexikon\/wp-json\/wp\/v2\/product_brand?post=23252"},{"taxonomy":"product_cat","embeddable":true,"href":"https:\/\/uj.adatbank.ro\/lexikon\/wp-json\/wp\/v2\/product_cat?post=23252"},{"taxonomy":"product_tag","embeddable":true,"href":"https:\/\/uj.adatbank.ro\/lexikon\/wp-json\/wp\/v2\/product_tag?post=23252"}],"curies":[{"name":"wp","href":"https:\/\/api.w.org\/{rel}","templated":true}]}}