{"id":23260,"date":"2025-08-01T17:20:03","date_gmt":"2025-08-01T15:20:03","guid":{"rendered":"https:\/\/uj.adatbank.ro\/lexikon\/termek\/tollas-2\/"},"modified":"2025-08-01T17:20:03","modified_gmt":"2025-08-01T15:20:03","slug":"tollas-2","status":"publish","type":"product","link":"https:\/\/uj.adatbank.ro\/lexikon\/termek\/tollas-2\/","title":{"rendered":"TOLLAS"},"content":{"rendered":"<p>Tordavilmai csal\u00e1d: K\u00f6z\u00fcl\u00fck K\u00e1roly \u00fcgyv\u00e9d Mv.-en 1837. k\u00f6r\u00fcl, ut\u00f3bb az erd\u00e9lyi ref. f\u0151tan\u00e1cs titk\u00e1ra Kv. <br \/><strong>\u2013 Irod.:<\/strong> Nagy Iv\u00e1n.<\/br><\/p>\n","protected":false},"excerpt":{"rendered":"<p>Tordavilmai csal\u00e1d: K\u00f6z\u00fcl\u00fck K\u00e1roly \u00fcgyv\u00e9d Mv.-en 1837. k\u00f6r\u00fcl, ut\u00f3bb az erd\u00e9lyi ref. f\u0151tan\u00e1cs titk\u00e1ra Kv. \u2013 Irod.: Nagy Iv\u00e1n.<\/p>\n","protected":false},"featured_media":0,"comment_status":"open","ping_status":"closed","template":"","meta":[],"product_brand":[],"product_cat":[137],"product_tag":[],"class_list":{"0":"post-23260","1":"product","2":"type-product","3":"status-publish","5":"product_cat-maros-megyei-eletrajzi-lexikon","7":"first","8":"instock","9":"shipping-taxable","10":"product-type-simple"},"_links":{"self":[{"href":"https:\/\/uj.adatbank.ro\/lexikon\/wp-json\/wp\/v2\/product\/23260","targetHints":{"allow":["GET"]}}],"collection":[{"href":"https:\/\/uj.adatbank.ro\/lexikon\/wp-json\/wp\/v2\/product"}],"about":[{"href":"https:\/\/uj.adatbank.ro\/lexikon\/wp-json\/wp\/v2\/types\/product"}],"replies":[{"embeddable":true,"href":"https:\/\/uj.adatbank.ro\/lexikon\/wp-json\/wp\/v2\/comments?post=23260"}],"wp:attachment":[{"href":"https:\/\/uj.adatbank.ro\/lexikon\/wp-json\/wp\/v2\/media?parent=23260"}],"wp:term":[{"taxonomy":"product_brand","embeddable":true,"href":"https:\/\/uj.adatbank.ro\/lexikon\/wp-json\/wp\/v2\/product_brand?post=23260"},{"taxonomy":"product_cat","embeddable":true,"href":"https:\/\/uj.adatbank.ro\/lexikon\/wp-json\/wp\/v2\/product_cat?post=23260"},{"taxonomy":"product_tag","embeddable":true,"href":"https:\/\/uj.adatbank.ro\/lexikon\/wp-json\/wp\/v2\/product_tag?post=23260"}],"curies":[{"name":"wp","href":"https:\/\/api.w.org\/{rel}","templated":true}]}}