{"id":23265,"date":"2025-08-01T17:20:11","date_gmt":"2025-08-01T15:20:11","guid":{"rendered":"https:\/\/uj.adatbank.ro\/lexikon\/termek\/tollas-ferenc\/"},"modified":"2025-08-01T17:20:11","modified_gmt":"2025-08-01T15:20:11","slug":"tollas-ferenc","status":"publish","type":"product","link":"https:\/\/uj.adatbank.ro\/lexikon\/termek\/tollas-ferenc\/","title":{"rendered":"TOLLAS Ferenc"},"content":{"rendered":"<p>Ilencfalva, 1870., \u2020 1926.: f\u00f6ldbirtokos. \u2013 Gyermekei: J\u00f3zsef, K\u00e1rolyJen\u0151, \u00c1rp\u00e1d. \u2013 A sz\u00fclei h\u00e1zn\u00e1l tanult meg gazd\u00e1lkodni, majd \u00f6n\u00e1ll\u00f3 lett Sz\u00e9kelyvaj\u00e1ban (1900\u2013). Az els\u0151 vh.-ban tizedes a 62. gy. ezredben szolg\u00e1lt. Volt k\u00f6zs\u00e9gi b\u00edr\u00f3, r\u00e9szt vett a k\u00f6z\u00fcgyek ir\u00e1ny\u00edt\u00e1s\u00e1ban, vezet\u00e9s\u00e9ben, a kultur\u00e1lis \u00e9s szoci\u00e1lis egyes\u00fcletek t\u00e1mogat\u00f3ja volt. Feles\u00e9ge folytatta tev\u00e9kenys\u00e9g\u00e9t. <br \/><strong>\u2013 Irod.:<\/strong> Sz\u00e9kelyf\u00f6ld \u00ed. k.<\/br><\/p>\n","protected":false},"excerpt":{"rendered":"<p>Ilencfalva, 1870., \u2020 1926.: f\u00f6ldbirtokos. \u2013 Gyermekei: J\u00f3zsef, K\u00e1rolyJen\u0151, \u00c1rp\u00e1d. \u2013 A sz\u00fclei h\u00e1zn\u00e1l tanult meg gazd\u00e1lkodni, majd \u00f6n\u00e1ll\u00f3 lett Sz\u00e9kelyvaj\u00e1ban (1900\u2013). Az els\u0151 vh.-ban tizedes a 62. gy. ezredben szolg\u00e1lt. Volt k\u00f6zs\u00e9gi b\u00edr\u00f3, r\u00e9szt vett a k\u00f6z\u00fcgyek ir\u00e1ny\u00edt\u00e1s\u00e1ban, vezet\u00e9s\u00e9ben, a kultur\u00e1lis \u00e9s szoci\u00e1lis egyes\u00fcletek t\u00e1mogat\u00f3ja volt. Feles\u00e9ge folytatta tev\u00e9kenys\u00e9g\u00e9t. \u2013 Irod.: Sz\u00e9kelyf\u00f6ld \u00ed. k.<\/p>\n","protected":false},"featured_media":0,"comment_status":"open","ping_status":"closed","template":"","meta":[],"product_brand":[],"product_cat":[137],"product_tag":[],"class_list":{"0":"post-23265","1":"product","2":"type-product","3":"status-publish","5":"product_cat-maros-megyei-eletrajzi-lexikon","7":"first","8":"instock","9":"shipping-taxable","10":"product-type-simple"},"_links":{"self":[{"href":"https:\/\/uj.adatbank.ro\/lexikon\/wp-json\/wp\/v2\/product\/23265","targetHints":{"allow":["GET"]}}],"collection":[{"href":"https:\/\/uj.adatbank.ro\/lexikon\/wp-json\/wp\/v2\/product"}],"about":[{"href":"https:\/\/uj.adatbank.ro\/lexikon\/wp-json\/wp\/v2\/types\/product"}],"replies":[{"embeddable":true,"href":"https:\/\/uj.adatbank.ro\/lexikon\/wp-json\/wp\/v2\/comments?post=23265"}],"wp:attachment":[{"href":"https:\/\/uj.adatbank.ro\/lexikon\/wp-json\/wp\/v2\/media?parent=23265"}],"wp:term":[{"taxonomy":"product_brand","embeddable":true,"href":"https:\/\/uj.adatbank.ro\/lexikon\/wp-json\/wp\/v2\/product_brand?post=23265"},{"taxonomy":"product_cat","embeddable":true,"href":"https:\/\/uj.adatbank.ro\/lexikon\/wp-json\/wp\/v2\/product_cat?post=23265"},{"taxonomy":"product_tag","embeddable":true,"href":"https:\/\/uj.adatbank.ro\/lexikon\/wp-json\/wp\/v2\/product_tag?post=23265"}],"curies":[{"name":"wp","href":"https:\/\/api.w.org\/{rel}","templated":true}]}}

<p>Ilencfalva, 1870., † 1926.: földbirtokos. – Gyermekei: József, KárolyJenő, Árpád. – A szülei háznál tanult meg gazdálkodni, majd önálló lett Székelyvajában (1900–). Az első vh.-ban tizedes a 62. gy. ezredben szolgált. Volt községi bíró, részt vett a közügyek irányításában, vezetésében, a kulturális és szociális egyesületek támogatója volt. Felesége folytatta tevékenységét. <br /><strong>– Irod.:</strong> Székelyföld í. k.</br></p>

<p>Ilencfalva, 1870., † 1926.: földbirtokos. – Gyermekei: József, KárolyJenő, Árpád. – A szülei háznál tanult meg gazdálkodni, majd önálló lett Székelyvajában (1900–). Az első vh.-ban tizedes a 62. gy. ezredben szolgált. Volt községi bíró, részt vett a közügyek irányításában, vezetésében, a kulturális és szociális egyesületek támogatója volt. Felesége folytatta tevékenységét. – Irod.: Székelyföld í. k.</p>
