{"id":23279,"date":"2025-08-01T17:20:46","date_gmt":"2025-08-01T15:20:46","guid":{"rendered":"https:\/\/uj.adatbank.ro\/lexikon\/termek\/tolnay-selyei-es-szentlaszloi-csalad\/"},"modified":"2025-08-01T17:20:46","modified_gmt":"2025-08-01T15:20:46","slug":"tolnay-selyei-es-szentlaszloi-csalad","status":"publish","type":"product","link":"https:\/\/uj.adatbank.ro\/lexikon\/termek\/tolnay-selyei-es-szentlaszloi-csalad\/","title":{"rendered":"TOLNAY, selyei \u00e9s szentl\u00e1szl\u00f3i csal\u00e1d"},"content":{"rendered":"<p>Lehet, hogy \u0151seinek egyike azon Tolnay Mikl\u00f3s, akit a kolozsmonostori conventben requisitornak neveztek (1591). Azonban a selyei Tolnai csal\u00e1dnak alap\u00edt\u00f3ja Literati Tolnai Imre, aki c\u00edmeres nemes levelet kapott (1609). C\u00edmere a v\u00e9rtben h\u00e1tuls\u00f3 l\u00e1bain \u00e1ll\u00f3 oroszl\u00e1n, h\u00e1rom tollat tartva. A v\u00e9rt f\u00f6l\u00f6tti sisak koron\u00e1j\u00e1b\u00f3l szint\u00e9n oroszl\u00e1n emelkedik, els\u0151 jobb l\u00e1b\u00e1val kardot villogtatva. Imr\u00e9nek fia J\u00e1nos, ennek fia Istv\u00e1n, ki a k\u00fclf\u00f6ldi akad\u00e9mi\u00e1kr\u00f3l 1660-ban haza j\u00f6tt \u00e9s tan\u00e1r lett, mit 1680-ban elhagyott, \u00e9s a csal\u00e1d f\u00e9szk\u00e9be Folyfalv\u00e1ra vonult; P\u00e1l a zernyesti csat\u00e1ban esett el (1690-ben). Fia J\u00e1nos, \u00e1rva a jezsuit\u00e1kn\u00e1l nevekedett \u00e9s katoliz\u00e1lt, 1765-ben fiscalis director \u00e9s kincst\u00e1ri tan\u00e1csos lett, (meghalt 1770. m\u00e1rc. 16-\u00e1n.) Unok\u00e1ja J\u00e1nos orsz. gy\u0171l. k\u00f6vet (1834), ut\u00f3bb megyei hivatalnok, (meghalt 1846. nov. 10-\u00e9n.); A csal\u00e1d sz\u00e9p birtokait \u2013 \u00edrja K\u0151v\u00e1ri \u2013 \u00f6nmag\u00e1nak k\u00f6sz\u00f6nheti. K\u00fck\u00fcll\u0151 megy\u00e9ben szint\u00e9n tal\u00e1lunk selyei Tolnay nev\u0171 csal\u00e1dot, t\u00e1n a fennebbinek egyik \u00e1g\u00e1t, melyb\u0151l ifj. J\u00e1nos 1836. k\u00f6r\u00fcl K\u00fck\u00fcll\u0151 v\u00e1rm. szolgab\u00edr\u00e1ja volt. Elek el\u0151bb aljegyz\u0151, ut\u00f3bb ott szolgab\u00edr\u00f3. Gy\u0151rfy Roz\u00e1lia \u00f6zvegy Tolnain\u00e9 birtokos K\u00fck\u00fcll\u0151 megyei N.-Csergeden s t\u00f6bb helyen. Folyfalv\u00e1n is volt birtokuk. Egyik \u0151s\u00fck az 1848\u201349 forradalomban h\u00edres t\u00edzes husz\u00e1roknak volt a parancsnoka. Az 1920-as \u00e9vek v\u00e9g\u00e9n Tolnay Regin\u00e1ld az akkori birtokos a kisaj\u00e1t\u00edt\u00e1s ut\u00e1n megmaradt r\u00e9sz\u00e9t Beregi Oszk\u00e1r sz\u00edn\u00e9sznek adta el. Beregi Oszk\u00e1r Kv.-on \u00e9s Bp.-en j\u00e1tszott \u00e9s filmekben is szerepelt, Amikor Amerik\u00e1ba (1931) ment a Telegdy testv\u00e9rek vett\u00e9k meg t\u0151le a birtokot Telegdy Istv\u00e1n M\u00e1rta nev\u0171 l\u00e1nya lakott Folyfalv\u00e1n f\u00e9rj\u00e9vel Konya Istv\u00e1n \u00fcgyv\u00e9ddel. Magyarorsz\u00e1gon a prot. papi p\u00e1ly\u00e1n t\u00f6bb Tolnait tal\u00e1lunk, \u00edgy T. Istv\u00e1n a veszpr\u00e9mi egyh\u00e1z seniora, fia szint\u00e9n Istv\u00e1n s\u00e1rospataki igazgat\u00f3 tan\u00e1r, tud\u00f3s \u00e9s \u00edr\u00f3. Mag\u00e1t Steph. Pastorius Tholnensis \u00edrta (meghalt 1642-ben.) Tolnai S\u00e1ndor nemes, pesti egyetemi \u00e1llatorvos tan\u00e1r s t\u00f6bb munka szerz\u0151je (1787\u20131804). Tolnai Dali J\u00e1nos szint\u00e9n k\u00fclf\u00f6ld\u00f6n tanult, el\u0151bb R\u00e1k\u00f3czi t\u00e1bori papja, majd s\u00e1ros-pataki tan\u00e1r (1659-ig.) T\u00f6bb vall\u00e1sos munk\u00e1t \u00edrt. <br \/><strong>\u2013 Irod.:<\/strong> Nagy Iv\u00e1n; P\u00e1lmay; Sipos.<\/br><\/p>\n","protected":false},"excerpt":{"rendered":"<p>Lehet, hogy \u0151seinek egyike azon Tolnay Mikl\u00f3s, akit a kolozsmonostori conventben requisitornak neveztek (1591). Azonban a selyei Tolnai csal\u00e1dnak alap\u00edt\u00f3ja Literati Tolnai Imre, aki c\u00edmeres nemes levelet kapott (1609). C\u00edmere a v\u00e9rtben h\u00e1tuls\u00f3 l\u00e1bain \u00e1ll\u00f3 oroszl\u00e1n, h\u00e1rom tollat tartva. A v\u00e9rt f\u00f6l\u00f6tti sisak koron\u00e1j\u00e1b\u00f3l szint\u00e9n oroszl\u00e1n emelkedik, els\u0151 jobb l\u00e1b\u00e1val kardot villogtatva. Imr\u00e9nek fia J\u00e1nos, [&hellip;]<\/p>\n","protected":false},"featured_media":0,"comment_status":"open","ping_status":"closed","template":"","meta":[],"product_brand":[],"product_cat":[137],"product_tag":[],"class_list":{"0":"post-23279","1":"product","2":"type-product","3":"status-publish","5":"product_cat-maros-megyei-eletrajzi-lexikon","7":"first","8":"instock","9":"shipping-taxable","10":"product-type-simple"},"_links":{"self":[{"href":"https:\/\/uj.adatbank.ro\/lexikon\/wp-json\/wp\/v2\/product\/23279","targetHints":{"allow":["GET"]}}],"collection":[{"href":"https:\/\/uj.adatbank.ro\/lexikon\/wp-json\/wp\/v2\/product"}],"about":[{"href":"https:\/\/uj.adatbank.ro\/lexikon\/wp-json\/wp\/v2\/types\/product"}],"replies":[{"embeddable":true,"href":"https:\/\/uj.adatbank.ro\/lexikon\/wp-json\/wp\/v2\/comments?post=23279"}],"wp:attachment":[{"href":"https:\/\/uj.adatbank.ro\/lexikon\/wp-json\/wp\/v2\/media?parent=23279"}],"wp:term":[{"taxonomy":"product_brand","embeddable":true,"href":"https:\/\/uj.adatbank.ro\/lexikon\/wp-json\/wp\/v2\/product_brand?post=23279"},{"taxonomy":"product_cat","embeddable":true,"href":"https:\/\/uj.adatbank.ro\/lexikon\/wp-json\/wp\/v2\/product_cat?post=23279"},{"taxonomy":"product_tag","embeddable":true,"href":"https:\/\/uj.adatbank.ro\/lexikon\/wp-json\/wp\/v2\/product_tag?post=23279"}],"curies":[{"name":"wp","href":"https:\/\/api.w.org\/{rel}","templated":true}]}}

TOLNAY, selyei és szentlászlói család

<p>Lehet, hogy őseinek egyike azon Tolnay Miklós, akit a kolozsmonostori conventben requisitornak neveztek (1591). Azonban a selyei Tolnai családnak alapítója Literati Tolnai Imre, aki címeres nemes levelet kapott (1609). Címere a vértben hátulsó lábain álló oroszlán, három tollat tartva. A vért fölötti sisak koronájából szintén oroszlán emelkedik, első jobb lábával kardot villogtatva. Imrének fia János, ennek fia István, ki a külföldi akadémiákról 1660-ban haza jött és tanár lett, mit 1680-ban elhagyott, és a család fészkébe Folyfalvára vonult; Pál a zernyesti csatában esett el (1690-ben). Fia János, árva a jezsuitáknál nevekedett és katolizált, 1765-ben fiscalis director és kincstári tanácsos lett, (meghalt 1770. márc. 16-án.) Unokája János orsz. gyűl. követ (1834), utóbb megyei hivatalnok, (meghalt 1846. nov. 10-én.); A család szép birtokait – írja Kővári – önmagának köszönheti. Küküllő megyében szintén találunk selyei Tolnay nevű családot, tán a fennebbinek egyik ágát, melyből ifj. János 1836. körül Küküllő várm. szolgabírája volt. Elek előbb aljegyző, utóbb ott szolgabíró. Győrfy Rozália özvegy Tolnainé birtokos Küküllő megyei N.-Csergeden s több helyen. Folyfalván is volt birtokuk. Egyik ősük az 1848–49 forradalomban híres tízes huszároknak volt a parancsnoka. Az 1920-as évek végén Tolnay Regináld az akkori birtokos a kisajátítás után megmaradt részét Beregi Oszkár színésznek adta el. Beregi Oszkár Kv.-on és Bp.-en játszott és filmekben is szerepelt, Amikor Amerikába (1931) ment a Telegdy testvérek vették meg tőle a birtokot Telegdy István Márta nevű lánya lakott Folyfalván férjével Konya István ügyvéddel. Magyarországon a prot. papi pályán több Tolnait találunk, így T. István a veszprémi egyház seniora, fia szintén István sárospataki igazgató tanár, tudós és író. Magát Steph. Pastorius Tholnensis írta (meghalt 1642-ben.) Tolnai Sándor nemes, pesti egyetemi állatorvos tanár s több munka szerzője (1787–1804). Tolnai Dali János szintén külföldön tanult, előbb Rákóczi tábori papja, majd sáros-pataki tanár (1659-ig.) Több vallásos munkát írt. <br /><strong>– Irod.:</strong> Nagy Iván; Pálmay; Sipos.</br></p>

<p>Lehet, hogy őseinek egyike azon Tolnay Miklós, akit a kolozsmonostori conventben requisitornak neveztek (1591). Azonban a selyei Tolnai családnak alapítója Literati Tolnai Imre, aki címeres nemes levelet kapott (1609). Címere a vértben hátulsó lábain álló oroszlán, három tollat tartva. A vért fölötti sisak koronájából szintén oroszlán emelkedik, első jobb lábával kardot villogtatva. Imrének fia János, [&hellip;]</p>
