{"id":23282,"date":"2025-08-01T17:20:54","date_gmt":"2025-08-01T15:20:54","guid":{"rendered":"https:\/\/uj.adatbank.ro\/lexikon\/termek\/tolnay-gabor-selyei-es-szentlaszloi\/"},"modified":"2025-08-01T17:20:54","modified_gmt":"2025-08-01T15:20:54","slug":"tolnay-gabor-selyei-es-szentlaszloi","status":"publish","type":"product","link":"https:\/\/uj.adatbank.ro\/lexikon\/termek\/tolnay-gabor-selyei-es-szentlaszloi\/","title":{"rendered":"TOLNAY G\u00e1bor, selyei \u00e9s szentl\u00e1szl\u00f3i"},"content":{"rendered":"<p>Folyfalva, 1821, \u2020 Bp., 1895. m\u00e1j. 24.: birtokos, k\u00e9pvisel\u0151. \u2013 Kor\u00e1n k\u00e9sz\u00fclt a katonai p\u00e1ly\u00e1ra \u00e9s el\u0151bb a szebeni, majd a k\u00e9zdiv\u00e1s\u00e1rhelyi katonai iskol\u00e1ban tanult. Mv.-en b\u00f6lcseleti \u00e9s jogi tanulm\u00e1nyokat folytatott, majd a k. t\u00e1bl\u00e1n\u00e1l mint kancellista m\u0171k\u00f6d\u00f6tt s miut\u00e1n a vizsg\u00e1t letette a guberniumn\u00e1l, egy \u00e9vig Nagyszebenben a kincst\u00e1ri hivataln\u00e1l szolg\u00e1lt. Egy \u00e9vi gazd\u00e1lkod\u00e1s ut\u00e1n k\u00fclf\u00f6ldre utazott. 1848\/49-as szabads\u00e1gharcban honv\u00e9d \u0151rnagy, majd m. kir. honv\u00e9d alezredes volt. Bem t\u00e1bornok a feketehalmi csat\u00e1ban tan\u00fas\u00edtott h\u0151sies\u00e9g\u00e9\u00e9rt kit\u00fcntette. A forradalom lever\u00e9se ut\u00e1n \u00f6t h\u00f3napig fogs\u00e1gban volt Nagyszebenben \u00e9s K\u00e9zdiv\u00e1s\u00e1rhelyt. Kiszabadulva gazdas\u00e1g\u00e1ra vonult. Az \u00fajonnan szervezett honv\u00e9ds\u00e9g k\u00f6tel\u00e9k\u00e9be l\u00e9pett (1869) \u00e9s mint alezredes a gyulafeh\u00e9rv\u00e1ri 20. honv\u00e9dz\u00e1szl\u00f3alj parancsnoka lett, k\u00e9s\u0151bb J\u00f3zsef f\u0151herceg seg\u00e9dtisztje volt. Leszerelt (1874) \u00e9s a gazdas\u00e1ggal \u00e9s katonai szakirodalommal foglalkozott. \u00c1kosfalv\u00e1n v\u00e1lasztott\u00e1k orsz\u00e1ggy\u0171l\u00e9si k\u00e9pvisel\u0151v\u00e9 (1884) m\u00e9rs\u00e9kelt ellenz\u00e9kik\u00e9nt, a Nemzeti P\u00e1rt aleln\u00f6ke volt. Folyfalv\u00e1n volt birtoka, udvarh\u00e1za, amit lebontottak a II. vh. ut\u00e1n. <br \/><strong>\u2013 Irod.:<\/strong> Erd\u00e9lyi unit. 1848\u201349.; Maros megye; P\u00e1lmay, \u00daj orsz\u00e1ggy\u0171l\u00e9si almanach 1887\u201392 (Bp., 1888).<\/br><\/p>\n","protected":false},"excerpt":{"rendered":"<p>Folyfalva, 1821, \u2020 Bp., 1895. m\u00e1j. 24.: birtokos, k\u00e9pvisel\u0151. \u2013 Kor\u00e1n k\u00e9sz\u00fclt a katonai p\u00e1ly\u00e1ra \u00e9s el\u0151bb a szebeni, majd a k\u00e9zdiv\u00e1s\u00e1rhelyi katonai iskol\u00e1ban tanult. Mv.-en b\u00f6lcseleti \u00e9s jogi tanulm\u00e1nyokat folytatott, majd a k. t\u00e1bl\u00e1n\u00e1l mint kancellista m\u0171k\u00f6d\u00f6tt s miut\u00e1n a vizsg\u00e1t letette a guberniumn\u00e1l, egy \u00e9vig Nagyszebenben a kincst\u00e1ri hivataln\u00e1l szolg\u00e1lt. Egy \u00e9vi gazd\u00e1lkod\u00e1s [&hellip;]<\/p>\n","protected":false},"featured_media":0,"comment_status":"open","ping_status":"closed","template":"","meta":[],"product_brand":[],"product_cat":[137],"product_tag":[],"class_list":{"0":"post-23282","1":"product","2":"type-product","3":"status-publish","5":"product_cat-maros-megyei-eletrajzi-lexikon","7":"first","8":"instock","9":"shipping-taxable","10":"product-type-simple"},"_links":{"self":[{"href":"https:\/\/uj.adatbank.ro\/lexikon\/wp-json\/wp\/v2\/product\/23282","targetHints":{"allow":["GET"]}}],"collection":[{"href":"https:\/\/uj.adatbank.ro\/lexikon\/wp-json\/wp\/v2\/product"}],"about":[{"href":"https:\/\/uj.adatbank.ro\/lexikon\/wp-json\/wp\/v2\/types\/product"}],"replies":[{"embeddable":true,"href":"https:\/\/uj.adatbank.ro\/lexikon\/wp-json\/wp\/v2\/comments?post=23282"}],"wp:attachment":[{"href":"https:\/\/uj.adatbank.ro\/lexikon\/wp-json\/wp\/v2\/media?parent=23282"}],"wp:term":[{"taxonomy":"product_brand","embeddable":true,"href":"https:\/\/uj.adatbank.ro\/lexikon\/wp-json\/wp\/v2\/product_brand?post=23282"},{"taxonomy":"product_cat","embeddable":true,"href":"https:\/\/uj.adatbank.ro\/lexikon\/wp-json\/wp\/v2\/product_cat?post=23282"},{"taxonomy":"product_tag","embeddable":true,"href":"https:\/\/uj.adatbank.ro\/lexikon\/wp-json\/wp\/v2\/product_tag?post=23282"}],"curies":[{"name":"wp","href":"https:\/\/api.w.org\/{rel}","templated":true}]}}

TOLNAY Gábor, selyei és szentlászlói

<p>Folyfalva, 1821, † Bp., 1895. máj. 24.: birtokos, képviselő. – Korán készült a katonai pályára és előbb a szebeni, majd a kézdivásárhelyi katonai iskolában tanult. Mv.-en bölcseleti és jogi tanulmányokat folytatott, majd a k. táblánál mint kancellista működött s miután a vizsgát letette a guberniumnál, egy évig Nagyszebenben a kincstári hivatalnál szolgált. Egy évi gazdálkodás után külföldre utazott. 1848/49-as szabadságharcban honvéd őrnagy, majd m. kir. honvéd alezredes volt. Bem tábornok a feketehalmi csatában tanúsított hősieségéért kitüntette. A forradalom leverése után öt hónapig fogságban volt Nagyszebenben és Kézdivásárhelyt. Kiszabadulva gazdaságára vonult. Az újonnan szervezett honvédség kötelékébe lépett (1869) és mint alezredes a gyulafehérvári 20. honvédzászlóalj parancsnoka lett, később József főherceg segédtisztje volt. Leszerelt (1874) és a gazdasággal és katonai szakirodalommal foglalkozott. Ákosfalván választották országgyűlési képviselővé (1884) mérsékelt ellenzékiként, a Nemzeti Párt alelnöke volt. Folyfalván volt birtoka, udvarháza, amit lebontottak a II. vh. után. <br /><strong>– Irod.:</strong> Erdélyi unit. 1848–49.; Maros megye; Pálmay, Új országgyűlési almanach 1887–92 (Bp., 1888).</br></p>

<p>Folyfalva, 1821, † Bp., 1895. máj. 24.: birtokos, képviselő. – Korán készült a katonai pályára és előbb a szebeni, majd a kézdivásárhelyi katonai iskolában tanult. Mv.-en bölcseleti és jogi tanulmányokat folytatott, majd a k. táblánál mint kancellista működött s miután a vizsgát letette a guberniumnál, egy évig Nagyszebenben a kincstári hivatalnál szolgált. Egy évi gazdálkodás [&hellip;]</p>
