{"id":23284,"date":"2025-08-01T17:21:00","date_gmt":"2025-08-01T15:21:00","guid":{"rendered":"https:\/\/uj.adatbank.ro\/lexikon\/termek\/tolnay-janos-selyei-es-szentlaszoi\/"},"modified":"2025-08-01T17:21:00","modified_gmt":"2025-08-01T15:21:00","slug":"tolnay-janos-selyei-es-szentlaszoi","status":"publish","type":"product","link":"https:\/\/uj.adatbank.ro\/lexikon\/termek\/tolnay-janos-selyei-es-szentlaszoi\/","title":{"rendered":"TOLNAY J\u00e1nos; selyei \u00e9s szentl\u00e1sz\u00f3i"},"content":{"rendered":"<p>? \u2020 ? 1770. m\u00e1rc. 16: v\u00e1rosi \u00edt\u00e9l\u0151mester, fisk\u00e1lis direktor, kincst\u00e1ri tan\u00e1csos. \u2013 Tolnai P\u00e1l (aki 1690-ben a zernyesti csat\u00e1ban esett el) \u00e9s Mikl\u00f3si Bora fia. \u2013 A jezsuit\u00e1kn\u00e1l nevelkedett \u00e9s katoliz\u00e1lt. Mv.-en polg\u00e1ri esk\u00fct tett (1765. aug. 7.) fisk\u00e1lis direktor \u00e9s kincst\u00e1ri tan\u00e1csos lett (1765\u2013); vele a csal\u00e1d katoliz\u00e1lt. A mv.-i Tolnay-h\u00e1z \u00e9p\u00edttet\u0151je (Bolyai u. 12. sz.), majd a P\u00e1lffy csal\u00e1d tulajdon\u00e1ba ker\u00fclt (1885\u2013), utols\u00f3 tulajdonosa P. Lenke (\u20131948). \u201eB\u201d kateg\u00f3ri\u00e1ba tartoz\u00f3 m\u0171eml\u00e9k, aminek a fel\u00faj\u00edt\u00e1s\u00e1t, \u00e1talak\u00edt\u00e1s\u00e1t a mv.-i Sz\u00ednm\u0171v\u00e9szeti Egyetem v\u00e1llalta (1997\u20132005). Neje: somogyomi Tordai Kl\u00e1ra. Gyermekei: Zsuzsanna (R\u00f3h\u00e1sz J\u00e1nosn\u00e9), Gy\u00f6rgy (nejei K\u00f6k\u00f6si Krisztina \u00e9s P\u00e9chyn\u00e9). <br \/><strong>\u2013 Irod.:<\/strong> Keresztes Gyula: \u00d6reg h\u00e1z (N\u00fa., 1990. m\u00e1rc. 10.); Keresztes Gyula: Tolnai-h\u00e1z (N\u00fa., 1990. j\u00fal. 20.); Keresztese Gyula: A hajdani Mv. 5.: A v\u00e1ros r\u00e9gi \u00e9p\u00fcletei (N\u00fa., 1995. okt. 28.); Kr\u00f3n. F\u00fcz. (1940. 4\/10); Man: Tg. M.; Maros megye; Nagy Iv\u00e1n; Orb\u00e1n J\u00e1nos: T\u00e1blab\u00edr\u00e1k, f\u0151nemesek, pall\u00e9rok \u00e9s h\u00e1zak: V\u00e1rosk\u00e9p \u00e9s t\u00e1rsadalom v\u00e1ltoz\u00e1sai Mv.-en a Kir\u00e1lyi T\u00e1bla bek\u00f6lt\u00f6z\u00e9se ut\u00e1n [1754] = K\u00f6nyvek \u00e1ltal\u2026; P\u00e1lmay (Kr\u00f3nika, 2005. okt. 5.); Valori mure\u015fene de patrimoniu; Vitus K. Gy\u00f6rgy: \u201eBagolyv\u00e1r\u201d (N\u00fa., 1997. szept. 9.).<\/br><\/p>\n","protected":false},"excerpt":{"rendered":"<p>? \u2020 ? 1770. m\u00e1rc. 16: v\u00e1rosi \u00edt\u00e9l\u0151mester, fisk\u00e1lis direktor, kincst\u00e1ri tan\u00e1csos. \u2013 Tolnai P\u00e1l (aki 1690-ben a zernyesti csat\u00e1ban esett el) \u00e9s Mikl\u00f3si Bora fia. \u2013 A jezsuit\u00e1kn\u00e1l nevelkedett \u00e9s katoliz\u00e1lt. Mv.-en polg\u00e1ri esk\u00fct tett (1765. aug. 7.) fisk\u00e1lis direktor \u00e9s kincst\u00e1ri tan\u00e1csos lett (1765\u2013); vele a csal\u00e1d katoliz\u00e1lt. A mv.-i Tolnay-h\u00e1z \u00e9p\u00edttet\u0151je (Bolyai [&hellip;]<\/p>\n","protected":false},"featured_media":0,"comment_status":"open","ping_status":"closed","template":"","meta":[],"product_brand":[],"product_cat":[137],"product_tag":[],"class_list":{"0":"post-23284","1":"product","2":"type-product","3":"status-publish","5":"product_cat-maros-megyei-eletrajzi-lexikon","7":"first","8":"instock","9":"shipping-taxable","10":"product-type-simple"},"_links":{"self":[{"href":"https:\/\/uj.adatbank.ro\/lexikon\/wp-json\/wp\/v2\/product\/23284","targetHints":{"allow":["GET"]}}],"collection":[{"href":"https:\/\/uj.adatbank.ro\/lexikon\/wp-json\/wp\/v2\/product"}],"about":[{"href":"https:\/\/uj.adatbank.ro\/lexikon\/wp-json\/wp\/v2\/types\/product"}],"replies":[{"embeddable":true,"href":"https:\/\/uj.adatbank.ro\/lexikon\/wp-json\/wp\/v2\/comments?post=23284"}],"wp:attachment":[{"href":"https:\/\/uj.adatbank.ro\/lexikon\/wp-json\/wp\/v2\/media?parent=23284"}],"wp:term":[{"taxonomy":"product_brand","embeddable":true,"href":"https:\/\/uj.adatbank.ro\/lexikon\/wp-json\/wp\/v2\/product_brand?post=23284"},{"taxonomy":"product_cat","embeddable":true,"href":"https:\/\/uj.adatbank.ro\/lexikon\/wp-json\/wp\/v2\/product_cat?post=23284"},{"taxonomy":"product_tag","embeddable":true,"href":"https:\/\/uj.adatbank.ro\/lexikon\/wp-json\/wp\/v2\/product_tag?post=23284"}],"curies":[{"name":"wp","href":"https:\/\/api.w.org\/{rel}","templated":true}]}}

TOLNAY János; selyei és szentlászói

<p>? † ? 1770. márc. 16: városi ítélőmester, fiskális direktor, kincstári tanácsos. – Tolnai Pál (aki 1690-ben a zernyesti csatában esett el) és Miklósi Bora fia. – A jezsuitáknál nevelkedett és katolizált. Mv.-en polgári esküt tett (1765. aug. 7.) fiskális direktor és kincstári tanácsos lett (1765–); vele a család katolizált. A mv.-i Tolnay-ház építtetője (Bolyai u. 12. sz.), majd a Pálffy család tulajdonába került (1885–), utolsó tulajdonosa P. Lenke (–1948). „B” kategóriába tartozó műemlék, aminek a felújítását, átalakítását a mv.-i Színművészeti Egyetem vállalta (1997–2005). Neje: somogyomi Tordai Klára. Gyermekei: Zsuzsanna (Róhász Jánosné), György (nejei Kökösi Krisztina és Péchyné). <br /><strong>– Irod.:</strong> Keresztes Gyula: Öreg ház (Nú., 1990. márc. 10.); Keresztes Gyula: Tolnai-ház (Nú., 1990. júl. 20.); Keresztese Gyula: A hajdani Mv. 5.: A város régi épületei (Nú., 1995. okt. 28.); Krón. Füz. (1940. 4/10); Man: Tg. M.; Maros megye; Nagy Iván; Orbán János: Táblabírák, főnemesek, pallérok és házak: Városkép és társadalom változásai Mv.-en a Királyi Tábla beköltözése után [1754] = Könyvek által…; Pálmay (Krónika, 2005. okt. 5.); Valori mureşene de patrimoniu; Vitus K. György: „Bagolyvár” (Nú., 1997. szept. 9.).</br></p>

<p>? † ? 1770. márc. 16: városi ítélőmester, fiskális direktor, kincstári tanácsos. – Tolnai Pál (aki 1690-ben a zernyesti csatában esett el) és Miklósi Bora fia. – A jezsuitáknál nevelkedett és katolizált. Mv.-en polgári esküt tett (1765. aug. 7.) fiskális direktor és kincstári tanácsos lett (1765–); vele a család katolizált. A mv.-i Tolnay-ház építtetője (Bolyai [&hellip;]</p>
