{"id":23285,"date":"2025-08-01T17:21:04","date_gmt":"2025-08-01T15:21:04","guid":{"rendered":"https:\/\/uj.adatbank.ro\/lexikon\/termek\/tolnay-janos-selyei-es-szentlaszloi\/"},"modified":"2025-08-01T17:21:04","modified_gmt":"2025-08-01T15:21:04","slug":"tolnay-janos-selyei-es-szentlaszloi","status":"publish","type":"product","link":"https:\/\/uj.adatbank.ro\/lexikon\/termek\/tolnay-janos-selyei-es-szentlaszloi\/","title":{"rendered":"TOLNAY J\u00e1nos; selyei \u00e9s szentl\u00e1szl\u00f3i"},"content":{"rendered":"<p>? \u2020 ? 1846. nov. 10.: orsz\u00e1ggy\u0171l\u00e9si k\u00f6vet. \u2013 Tolnai Gy\u00f6rgy \u00e9s K\u00f6k\u00f6si Krisztina, fia, orsz\u00e1ggy\u0171l\u00e9si k\u00f6vet (1834) \u00e9s megyei tisztvisel\u0151. Feles\u00e9ge: Szentiv\u00e1nyi Zsuzsa. Gyermekei: G\u00e1bor honv\u00e9d alezredes \u00e9s S\u00e1ndor. <br \/><strong>\u2013 Irod.:<\/strong> Kr\u00f3n F\u00fcz. (1939 4\/6), P\u00e1lmay.<\/br><\/p>\n","protected":false},"excerpt":{"rendered":"<p>? \u2020 ? 1846. nov. 10.: orsz\u00e1ggy\u0171l\u00e9si k\u00f6vet. \u2013 Tolnai Gy\u00f6rgy \u00e9s K\u00f6k\u00f6si Krisztina, fia, orsz\u00e1ggy\u0171l\u00e9si k\u00f6vet (1834) \u00e9s megyei tisztvisel\u0151. Feles\u00e9ge: Szentiv\u00e1nyi Zsuzsa. Gyermekei: G\u00e1bor honv\u00e9d alezredes \u00e9s S\u00e1ndor. \u2013 Irod.: Kr\u00f3n F\u00fcz. (1939 4\/6), P\u00e1lmay.<\/p>\n","protected":false},"featured_media":0,"comment_status":"open","ping_status":"closed","template":"","meta":[],"product_brand":[],"product_cat":[137],"product_tag":[],"class_list":{"0":"post-23285","1":"product","2":"type-product","3":"status-publish","5":"product_cat-maros-megyei-eletrajzi-lexikon","7":"first","8":"instock","9":"shipping-taxable","10":"product-type-simple"},"_links":{"self":[{"href":"https:\/\/uj.adatbank.ro\/lexikon\/wp-json\/wp\/v2\/product\/23285","targetHints":{"allow":["GET"]}}],"collection":[{"href":"https:\/\/uj.adatbank.ro\/lexikon\/wp-json\/wp\/v2\/product"}],"about":[{"href":"https:\/\/uj.adatbank.ro\/lexikon\/wp-json\/wp\/v2\/types\/product"}],"replies":[{"embeddable":true,"href":"https:\/\/uj.adatbank.ro\/lexikon\/wp-json\/wp\/v2\/comments?post=23285"}],"wp:attachment":[{"href":"https:\/\/uj.adatbank.ro\/lexikon\/wp-json\/wp\/v2\/media?parent=23285"}],"wp:term":[{"taxonomy":"product_brand","embeddable":true,"href":"https:\/\/uj.adatbank.ro\/lexikon\/wp-json\/wp\/v2\/product_brand?post=23285"},{"taxonomy":"product_cat","embeddable":true,"href":"https:\/\/uj.adatbank.ro\/lexikon\/wp-json\/wp\/v2\/product_cat?post=23285"},{"taxonomy":"product_tag","embeddable":true,"href":"https:\/\/uj.adatbank.ro\/lexikon\/wp-json\/wp\/v2\/product_tag?post=23285"}],"curies":[{"name":"wp","href":"https:\/\/api.w.org\/{rel}","templated":true}]}}