{"id":23290,"date":"2025-08-01T17:21:15","date_gmt":"2025-08-01T15:21:15","guid":{"rendered":"https:\/\/uj.adatbank.ro\/lexikon\/termek\/tolnay-roza-gerendi-istvanne\/"},"modified":"2025-08-01T17:21:15","modified_gmt":"2025-08-01T15:21:15","slug":"tolnay-roza-gerendi-istvanne","status":"publish","type":"product","link":"https:\/\/uj.adatbank.ro\/lexikon\/termek\/tolnay-roza-gerendi-istvanne\/","title":{"rendered":"TOLNAY R\u00f3za; Gerendi Istv\u00e1nn\u00e9"},"content":{"rendered":"<p>? \u2020. ?: dics\u0151szentm\u00e1rtoni iparos <br \/><strong>\u2013 Irod.:<\/strong> Mo. K\u00f6zgazdas\u00e1gi \u00e9s k\u00f6zm\u0171vel\u0151d\u00e9si \u00e1llapota ezer\u00e9ves fenn\u00e1ll\u00e1sakor \u00e9s az 1896 \u00e9vi ezred\u00e9ves ki\u00e1ll\u00edt\u00e1s eredm\u00e9nye 8. (Bp., 1897\u201398).<\/br><\/p>\n","protected":false},"excerpt":{"rendered":"<p>? \u2020. ?: dics\u0151szentm\u00e1rtoni iparos \u2013 Irod.: Mo. K\u00f6zgazdas\u00e1gi \u00e9s k\u00f6zm\u0171vel\u0151d\u00e9si \u00e1llapota ezer\u00e9ves fenn\u00e1ll\u00e1sakor \u00e9s az 1896 \u00e9vi ezred\u00e9ves ki\u00e1ll\u00edt\u00e1s eredm\u00e9nye 8. (Bp., 1897\u201398).<\/p>\n","protected":false},"featured_media":0,"comment_status":"open","ping_status":"closed","template":"","meta":[],"product_brand":[],"product_cat":[137],"product_tag":[],"class_list":{"0":"post-23290","1":"product","2":"type-product","3":"status-publish","5":"product_cat-maros-megyei-eletrajzi-lexikon","7":"first","8":"instock","9":"shipping-taxable","10":"product-type-simple"},"_links":{"self":[{"href":"https:\/\/uj.adatbank.ro\/lexikon\/wp-json\/wp\/v2\/product\/23290","targetHints":{"allow":["GET"]}}],"collection":[{"href":"https:\/\/uj.adatbank.ro\/lexikon\/wp-json\/wp\/v2\/product"}],"about":[{"href":"https:\/\/uj.adatbank.ro\/lexikon\/wp-json\/wp\/v2\/types\/product"}],"replies":[{"embeddable":true,"href":"https:\/\/uj.adatbank.ro\/lexikon\/wp-json\/wp\/v2\/comments?post=23290"}],"wp:attachment":[{"href":"https:\/\/uj.adatbank.ro\/lexikon\/wp-json\/wp\/v2\/media?parent=23290"}],"wp:term":[{"taxonomy":"product_brand","embeddable":true,"href":"https:\/\/uj.adatbank.ro\/lexikon\/wp-json\/wp\/v2\/product_brand?post=23290"},{"taxonomy":"product_cat","embeddable":true,"href":"https:\/\/uj.adatbank.ro\/lexikon\/wp-json\/wp\/v2\/product_cat?post=23290"},{"taxonomy":"product_tag","embeddable":true,"href":"https:\/\/uj.adatbank.ro\/lexikon\/wp-json\/wp\/v2\/product_tag?post=23290"}],"curies":[{"name":"wp","href":"https:\/\/api.w.org\/{rel}","templated":true}]}}