{"id":23305,"date":"2025-08-01T17:21:58","date_gmt":"2025-08-01T15:21:58","guid":{"rendered":"https:\/\/uj.adatbank.ro\/lexikon\/termek\/tolvaly-ferenc-2\/"},"modified":"2025-08-01T17:21:58","modified_gmt":"2025-08-01T15:21:58","slug":"tolvaly-ferenc-2","status":"publish","type":"product","link":"https:\/\/uj.adatbank.ro\/lexikon\/termek\/tolvaly-ferenc-2\/","title":{"rendered":"TOLVALY Ferenc"},"content":{"rendered":"<p>P\u00f3ka, 1929., \u2020 ?: k\u00f6zgazd\u00e1sz. \u2013 A k\u00f6z\u00e9piskol\u00e1t a mv.-i Ref. Koll.-ban (1940\u201348), a k\u00f6zgazdas\u00e1gi akad\u00e9mi\u00e1t Buk.-ben v\u00e9gezte, \u00e1llamvizsg\u00e1zott (1961). N\u00e9meto.-ban telepedett le (1974\u2013). \u2013  <strong>F. m..:<\/strong>  <strong>t\u00e1rssz.:<\/strong> P\u00f3ka: Egy mez\u0151s\u00e9gi falu a t\u00f6rt\u00e9nelem sodr\u00e1ban, (1323\u20132000): (Rendhagy\u00f3 monogr\u00e1fia) (Kv., 2000.). <br \/><strong>\u2013 Irod.:<\/strong> Erd\u00e9lyi Lajos: Ami megt\u00e9r\u00fcl \u2013 nagyobb t\u00e1von. Tolvaly Ferenccel, az MTM Kommunik\u00e1ci\u00f3 RT, eln\u00f6k-vez\u00e9rigazgat\u00f3val Erd\u00e9lyi Lajos besz\u00e9lget. <br \/><strong>\u2013 Irod.:<\/strong> Korunk; MMK.<\/br><\/p>\n","protected":false},"excerpt":{"rendered":"<p>P\u00f3ka, 1929., \u2020 ?: k\u00f6zgazd\u00e1sz. \u2013 A k\u00f6z\u00e9piskol\u00e1t a mv.-i Ref. Koll.-ban (1940\u201348), a k\u00f6zgazdas\u00e1gi akad\u00e9mi\u00e1t Buk.-ben v\u00e9gezte, \u00e1llamvizsg\u00e1zott (1961). N\u00e9meto.-ban telepedett le (1974\u2013). \u2013 F. m..: t\u00e1rssz.: P\u00f3ka: Egy mez\u0151s\u00e9gi falu a t\u00f6rt\u00e9nelem sodr\u00e1ban, (1323\u20132000): (Rendhagy\u00f3 monogr\u00e1fia) (Kv., 2000.). \u2013 Irod.: Erd\u00e9lyi Lajos: Ami megt\u00e9r\u00fcl \u2013 nagyobb t\u00e1von. Tolvaly Ferenccel, az MTM Kommunik\u00e1ci\u00f3 RT, [&hellip;]<\/p>\n","protected":false},"featured_media":0,"comment_status":"open","ping_status":"closed","template":"","meta":[],"product_brand":[],"product_cat":[137],"product_tag":[],"class_list":{"0":"post-23305","1":"product","2":"type-product","3":"status-publish","5":"product_cat-maros-megyei-eletrajzi-lexikon","7":"first","8":"instock","9":"shipping-taxable","10":"product-type-simple"},"_links":{"self":[{"href":"https:\/\/uj.adatbank.ro\/lexikon\/wp-json\/wp\/v2\/product\/23305","targetHints":{"allow":["GET"]}}],"collection":[{"href":"https:\/\/uj.adatbank.ro\/lexikon\/wp-json\/wp\/v2\/product"}],"about":[{"href":"https:\/\/uj.adatbank.ro\/lexikon\/wp-json\/wp\/v2\/types\/product"}],"replies":[{"embeddable":true,"href":"https:\/\/uj.adatbank.ro\/lexikon\/wp-json\/wp\/v2\/comments?post=23305"}],"wp:attachment":[{"href":"https:\/\/uj.adatbank.ro\/lexikon\/wp-json\/wp\/v2\/media?parent=23305"}],"wp:term":[{"taxonomy":"product_brand","embeddable":true,"href":"https:\/\/uj.adatbank.ro\/lexikon\/wp-json\/wp\/v2\/product_brand?post=23305"},{"taxonomy":"product_cat","embeddable":true,"href":"https:\/\/uj.adatbank.ro\/lexikon\/wp-json\/wp\/v2\/product_cat?post=23305"},{"taxonomy":"product_tag","embeddable":true,"href":"https:\/\/uj.adatbank.ro\/lexikon\/wp-json\/wp\/v2\/product_tag?post=23305"}],"curies":[{"name":"wp","href":"https:\/\/api.w.org\/{rel}","templated":true}]}}

<p>Póka, 1929., † ?: közgazdász. – A középiskolát a mv.-i Ref. Koll.-ban (1940–48), a közgazdasági akadémiát Buk.-ben végezte, államvizsgázott (1961). Németo.-ban telepedett le (1974–). –  <strong>F. m..:</strong>  <strong>társsz.:</strong> Póka: Egy mezőségi falu a történelem sodrában, (1323–2000): (Rendhagyó monográfia) (Kv., 2000.). <br /><strong>– Irod.:</strong> Erdélyi Lajos: Ami megtérül – nagyobb távon. Tolvaly Ferenccel, az MTM Kommunikáció RT, elnök-vezérigazgatóval Erdélyi Lajos beszélget. <br /><strong>– Irod.:</strong> Korunk; MMK.</br></p>

<p>Póka, 1929., † ?: közgazdász. – A középiskolát a mv.-i Ref. Koll.-ban (1940–48), a közgazdasági akadémiát Buk.-ben végezte, államvizsgázott (1961). Németo.-ban telepedett le (1974–). – F. m..: társsz.: Póka: Egy mezőségi falu a történelem sodrában, (1323–2000): (Rendhagyó monográfia) (Kv., 2000.). – Irod.: Erdélyi Lajos: Ami megtérül – nagyobb távon. Tolvaly Ferenccel, az MTM Kommunikáció RT, [&hellip;]</p>
