{"id":23307,"date":"2025-08-01T17:22:03","date_gmt":"2025-08-01T15:22:03","guid":{"rendered":"https:\/\/uj.adatbank.ro\/lexikon\/termek\/tolvaly-ferenc-jobbagytelki-2\/"},"modified":"2025-08-01T17:22:03","modified_gmt":"2025-08-01T15:22:03","slug":"tolvaly-ferenc-jobbagytelki-2","status":"publish","type":"product","link":"https:\/\/uj.adatbank.ro\/lexikon\/termek\/tolvaly-ferenc-jobbagytelki-2\/","title":{"rendered":"TOLVALY Ferenc, jobb\u00e1gytelki"},"content":{"rendered":"<p>Mez\u0151cs\u00e1v\u00e1s, 1821, \u2020 1893. m\u00e1j. 28.: f\u00f6ldbirtokos, \u00fcgyv\u00e9d, k\u00f6rjegyz\u0151, szolgab\u00edr\u00f3. \u2013 Zsigmond fia. Gyermekei: M\u00e1ria, Ferenc, S\u00e1ndor, Katalin, Benedek \u2013 A mv-i Ref. Koll.-ban tanult. Az 1848\/49-es szabads\u00e1gharcban honv\u00e9dhadnagyk\u00e9nt vett r\u00e9szt, Maros-Torda vm. f\u0151szolgab\u00edr\u00f3ja (21 \u00e9vig, 1880 k.), t\u00f6rv\u00e9nyhat\u00f3s\u00e1gi virilis bizotts\u00e1gi tag, egyh\u00e1zmegyei k\u00e9pvisel\u0151. Egy hold f\u00f6ldet adom\u00e1nyozott az iskola fenntart\u00e1s\u00e1ra. S\u00edreml\u00e9ke a p\u00f3kai temet\u0151ben tal\u00e1lhat\u00f3. Az EMKE alap\u00edt\u00f3 \u00e9s v\u00e1lasztott v\u00e1lasztm\u00e1nyi tagja (1885\u2013). <br \/><strong>\u2013 Irod.:<\/strong> Berekm\u00e9ri Edmond: \u201eHiszem, hogy az emberi \u00e9rt\u00e9keknek felj\u00f6n m\u00e9g a csillaga\u201d (V\u00e1s\u00e1rhelyi H\u00edrlap, 2009. m\u00e1j. 29.); [Gy\u00e1szh\u00edr] (Marosv\u00e1s\u00e1rhely, 1893. m\u00e1j. 31.); P\u00f3ka; S\u00e1ndor.<\/br><\/p>\n","protected":false},"excerpt":{"rendered":"<p>Mez\u0151cs\u00e1v\u00e1s, 1821, \u2020 1893. m\u00e1j. 28.: f\u00f6ldbirtokos, \u00fcgyv\u00e9d, k\u00f6rjegyz\u0151, szolgab\u00edr\u00f3. \u2013 Zsigmond fia. Gyermekei: M\u00e1ria, Ferenc, S\u00e1ndor, Katalin, Benedek \u2013 A mv-i Ref. Koll.-ban tanult. Az 1848\/49-es szabads\u00e1gharcban honv\u00e9dhadnagyk\u00e9nt vett r\u00e9szt, Maros-Torda vm. f\u0151szolgab\u00edr\u00f3ja (21 \u00e9vig, 1880 k.), t\u00f6rv\u00e9nyhat\u00f3s\u00e1gi virilis bizotts\u00e1gi tag, egyh\u00e1zmegyei k\u00e9pvisel\u0151. Egy hold f\u00f6ldet adom\u00e1nyozott az iskola fenntart\u00e1s\u00e1ra. S\u00edreml\u00e9ke a p\u00f3kai temet\u0151ben [&hellip;]<\/p>\n","protected":false},"featured_media":0,"comment_status":"open","ping_status":"closed","template":"","meta":[],"product_brand":[],"product_cat":[137],"product_tag":[],"class_list":{"0":"post-23307","1":"product","2":"type-product","3":"status-publish","5":"product_cat-maros-megyei-eletrajzi-lexikon","7":"first","8":"instock","9":"shipping-taxable","10":"product-type-simple"},"_links":{"self":[{"href":"https:\/\/uj.adatbank.ro\/lexikon\/wp-json\/wp\/v2\/product\/23307","targetHints":{"allow":["GET"]}}],"collection":[{"href":"https:\/\/uj.adatbank.ro\/lexikon\/wp-json\/wp\/v2\/product"}],"about":[{"href":"https:\/\/uj.adatbank.ro\/lexikon\/wp-json\/wp\/v2\/types\/product"}],"replies":[{"embeddable":true,"href":"https:\/\/uj.adatbank.ro\/lexikon\/wp-json\/wp\/v2\/comments?post=23307"}],"wp:attachment":[{"href":"https:\/\/uj.adatbank.ro\/lexikon\/wp-json\/wp\/v2\/media?parent=23307"}],"wp:term":[{"taxonomy":"product_brand","embeddable":true,"href":"https:\/\/uj.adatbank.ro\/lexikon\/wp-json\/wp\/v2\/product_brand?post=23307"},{"taxonomy":"product_cat","embeddable":true,"href":"https:\/\/uj.adatbank.ro\/lexikon\/wp-json\/wp\/v2\/product_cat?post=23307"},{"taxonomy":"product_tag","embeddable":true,"href":"https:\/\/uj.adatbank.ro\/lexikon\/wp-json\/wp\/v2\/product_tag?post=23307"}],"curies":[{"name":"wp","href":"https:\/\/api.w.org\/{rel}","templated":true}]}}

TOLVALY Ferenc, jobbágytelki

<p>Mezőcsávás, 1821, † 1893. máj. 28.: földbirtokos, ügyvéd, körjegyző, szolgabíró. – Zsigmond fia. Gyermekei: Mária, Ferenc, Sándor, Katalin, Benedek – A mv-i Ref. Koll.-ban tanult. Az 1848/49-es szabadságharcban honvédhadnagyként vett részt, Maros-Torda vm. főszolgabírója (21 évig, 1880 k.), törvényhatósági virilis bizottsági tag, egyházmegyei képviselő. Egy hold földet adományozott az iskola fenntartására. Síremléke a pókai temetőben található. Az EMKE alapító és választott választmányi tagja (1885–). <br /><strong>– Irod.:</strong> Berekméri Edmond: „Hiszem, hogy az emberi értékeknek feljön még a csillaga” (Vásárhelyi Hírlap, 2009. máj. 29.); [Gyászhír] (Marosvásárhely, 1893. máj. 31.); Póka; Sándor.</br></p>

<p>Mezőcsávás, 1821, † 1893. máj. 28.: földbirtokos, ügyvéd, körjegyző, szolgabíró. – Zsigmond fia. Gyermekei: Mária, Ferenc, Sándor, Katalin, Benedek – A mv-i Ref. Koll.-ban tanult. Az 1848/49-es szabadságharcban honvédhadnagyként vett részt, Maros-Torda vm. főszolgabírója (21 évig, 1880 k.), törvényhatósági virilis bizottsági tag, egyházmegyei képviselő. Egy hold földet adományozott az iskola fenntartására. Síremléke a pókai temetőben [&hellip;]</p>
