{"id":23308,"date":"2025-08-01T17:22:06","date_gmt":"2025-08-01T15:22:06","guid":{"rendered":"https:\/\/uj.adatbank.ro\/lexikon\/termek\/tolvaly-ferenc-menyoi-es-hareklenyi\/"},"modified":"2025-08-01T17:22:06","modified_gmt":"2025-08-01T15:22:06","slug":"tolvaly-ferenc-menyoi-es-hareklenyi","status":"publish","type":"product","link":"https:\/\/uj.adatbank.ro\/lexikon\/termek\/tolvaly-ferenc-menyoi-es-hareklenyi\/","title":{"rendered":"TOLVALY Ferenc, meny\u0151i \u00e9s harekl\u00e9nyi"},"content":{"rendered":"<p>? 1871., \u2020 ?: f\u00f6ldbirtokos. \u2013 A kv.-i Kereskedelmi Akad\u00e9mi\u00e1n v\u00e9gezte tanulm\u00e1nyait, \u00f6n\u00e1ll\u00f3an gazd\u00e1lkodott Nagyteremiben (1922\u2013). Dr. juris, kir. alj\u00e1r\u00e1sb\u00edr\u00f3 Mv.-en. Minden magyar hazafias \u00e9s kultur\u00e1lis egyes\u00fcletet t\u00e1mogatott. <br \/><strong>\u2013 Irod.:<\/strong> P\u00e1lmay; Sz\u00e9kelyf\u00f6ld \u00ed. k.<\/br><\/p>\n","protected":false},"excerpt":{"rendered":"<p>? 1871., \u2020 ?: f\u00f6ldbirtokos. \u2013 A kv.-i Kereskedelmi Akad\u00e9mi\u00e1n v\u00e9gezte tanulm\u00e1nyait, \u00f6n\u00e1ll\u00f3an gazd\u00e1lkodott Nagyteremiben (1922\u2013). Dr. juris, kir. alj\u00e1r\u00e1sb\u00edr\u00f3 Mv.-en. Minden magyar hazafias \u00e9s kultur\u00e1lis egyes\u00fcletet t\u00e1mogatott. \u2013 Irod.: P\u00e1lmay; Sz\u00e9kelyf\u00f6ld \u00ed. k.<\/p>\n","protected":false},"featured_media":0,"comment_status":"open","ping_status":"closed","template":"","meta":[],"product_brand":[],"product_cat":[137],"product_tag":[],"class_list":{"0":"post-23308","1":"product","2":"type-product","3":"status-publish","5":"product_cat-maros-megyei-eletrajzi-lexikon","7":"first","8":"instock","9":"shipping-taxable","10":"product-type-simple"},"_links":{"self":[{"href":"https:\/\/uj.adatbank.ro\/lexikon\/wp-json\/wp\/v2\/product\/23308","targetHints":{"allow":["GET"]}}],"collection":[{"href":"https:\/\/uj.adatbank.ro\/lexikon\/wp-json\/wp\/v2\/product"}],"about":[{"href":"https:\/\/uj.adatbank.ro\/lexikon\/wp-json\/wp\/v2\/types\/product"}],"replies":[{"embeddable":true,"href":"https:\/\/uj.adatbank.ro\/lexikon\/wp-json\/wp\/v2\/comments?post=23308"}],"wp:attachment":[{"href":"https:\/\/uj.adatbank.ro\/lexikon\/wp-json\/wp\/v2\/media?parent=23308"}],"wp:term":[{"taxonomy":"product_brand","embeddable":true,"href":"https:\/\/uj.adatbank.ro\/lexikon\/wp-json\/wp\/v2\/product_brand?post=23308"},{"taxonomy":"product_cat","embeddable":true,"href":"https:\/\/uj.adatbank.ro\/lexikon\/wp-json\/wp\/v2\/product_cat?post=23308"},{"taxonomy":"product_tag","embeddable":true,"href":"https:\/\/uj.adatbank.ro\/lexikon\/wp-json\/wp\/v2\/product_tag?post=23308"}],"curies":[{"name":"wp","href":"https:\/\/api.w.org\/{rel}","templated":true}]}}