{"id":23309,"date":"2025-08-01T17:22:09","date_gmt":"2025-08-01T15:22:09","guid":{"rendered":"https:\/\/uj.adatbank.ro\/lexikon\/termek\/tolvaly-ferenc-jobbagytelki-3\/"},"modified":"2025-08-01T17:22:09","modified_gmt":"2025-08-01T15:22:09","slug":"tolvaly-ferenc-jobbagytelki-3","status":"publish","type":"product","link":"https:\/\/uj.adatbank.ro\/lexikon\/termek\/tolvaly-ferenc-jobbagytelki-3\/","title":{"rendered":"TOLVALY Ferenc, jobb\u00e1gytelki"},"content":{"rendered":"<p>P\u00f3ka, 1873., \u2020 P\u00f3ka. 1942: k\u00f6rjegyz\u0151, gazd\u00e1lkod\u00f3, ornitol\u00f3gus. \u2013 Tanulm\u00e1nyait elv\u00e9gezve, a k\u00f6zigazgat\u00e1si p\u00e1ly\u00e1n m\u0171k\u00f6d\u00f6tt, 22 \u00e9v k\u00f6rjegyz\u0151s\u00e9g ut\u00e1n nyugd\u00edjazt\u00e1k, azut\u00e1n P\u00f3k\u00e1n gazd\u00e1lkodott \u00e9s mad\u00e1rtani megfigyel\u00e9seket v\u00e9gzett. Tev\u00e9kenys\u00e9g\u00e9t a madarak gy\u0171r\u0171z\u00e9s\u00e9vel kezdte, rendszeres feljegyz\u00e9seket k\u00e9sz\u00edtett r\u00f3luk. Tudatosan telep\u00edtette a hasznos madarakat, od\u00fakat \u00e9s \u00e9lelmet biztos\u00edtott sz\u00e1mukra (1903\u20131904). \u0150 volt az els\u0151, aki Erd\u00e9lyben a t\u00e9li mad\u00e1rtelep\u00edt\u00e9ssel foglalkozott; eredm\u00e9nyesen m\u0171k\u00f6d\u0151 ver\u00e9bfog\u00f3kat szerkesztett. Cikkei, tanulm\u00e1nyai a \u201eVad\u00e1sz\u00fajs\u00e1g\u201d-ban jelentek meg. Koholt v\u00e1dakkal hadit\u00f6rv\u00e9nysz\u00e9k el\u00e9 \u00e1ll\u00edtott\u00e1k (1918), majd Ia\u015fiban beb\u00f6rt\u00f6n\u00f6zt\u00e9k, csak hajsz\u00e1lon m\u00falott, h. nem v\u00e9gezt\u00e9k ki. Hazat\u00e9r\u00e9se ut\u00e1n folytatta mad\u00e1rtani kutat\u00f3munk\u00e1j\u00e1t. Brehm: Az \u00e1llatok vil\u00e1ga c. magyarul kiadott v\u00e1ltozat\u00e1ba is bevett\u00e9k (1930). Hans Salmen: \u201eDie Ornis Siebenb\u00fcrgens\u201dc. munk\u00e1j\u00e1ban Erd\u00e9ly legkit\u0171n\u0151bb mad\u00e1rv\u00e9d\u0151jek\u00e9nt eml\u00edti. Az Ornitol\u00f3giai Int\u00e9zet levelez\u0151 tagja, nev\u00e9r\u0151l elnevezett ornitol\u00f3giai szabadalma van, melyet Eur\u00f3pa szerte haszn\u00e1ltak. <br \/><strong>\u2013 Irod.:<\/strong> Sz\u00e9kelyf\u00f6ld \u00ed. k.; P\u00f3ka.<\/br><\/p>\n","protected":false},"excerpt":{"rendered":"<p>P\u00f3ka, 1873., \u2020 P\u00f3ka. 1942: k\u00f6rjegyz\u0151, gazd\u00e1lkod\u00f3, ornitol\u00f3gus. \u2013 Tanulm\u00e1nyait elv\u00e9gezve, a k\u00f6zigazgat\u00e1si p\u00e1ly\u00e1n m\u0171k\u00f6d\u00f6tt, 22 \u00e9v k\u00f6rjegyz\u0151s\u00e9g ut\u00e1n nyugd\u00edjazt\u00e1k, azut\u00e1n P\u00f3k\u00e1n gazd\u00e1lkodott \u00e9s mad\u00e1rtani megfigyel\u00e9seket v\u00e9gzett. Tev\u00e9kenys\u00e9g\u00e9t a madarak gy\u0171r\u0171z\u00e9s\u00e9vel kezdte, rendszeres feljegyz\u00e9seket k\u00e9sz\u00edtett r\u00f3luk. Tudatosan telep\u00edtette a hasznos madarakat, od\u00fakat \u00e9s \u00e9lelmet biztos\u00edtott sz\u00e1mukra (1903\u20131904). \u0150 volt az els\u0151, aki Erd\u00e9lyben a t\u00e9li [&hellip;]<\/p>\n","protected":false},"featured_media":0,"comment_status":"open","ping_status":"closed","template":"","meta":[],"product_brand":[],"product_cat":[137],"product_tag":[],"class_list":{"0":"post-23309","1":"product","2":"type-product","3":"status-publish","5":"product_cat-maros-megyei-eletrajzi-lexikon","7":"first","8":"instock","9":"shipping-taxable","10":"product-type-simple"},"_links":{"self":[{"href":"https:\/\/uj.adatbank.ro\/lexikon\/wp-json\/wp\/v2\/product\/23309","targetHints":{"allow":["GET"]}}],"collection":[{"href":"https:\/\/uj.adatbank.ro\/lexikon\/wp-json\/wp\/v2\/product"}],"about":[{"href":"https:\/\/uj.adatbank.ro\/lexikon\/wp-json\/wp\/v2\/types\/product"}],"replies":[{"embeddable":true,"href":"https:\/\/uj.adatbank.ro\/lexikon\/wp-json\/wp\/v2\/comments?post=23309"}],"wp:attachment":[{"href":"https:\/\/uj.adatbank.ro\/lexikon\/wp-json\/wp\/v2\/media?parent=23309"}],"wp:term":[{"taxonomy":"product_brand","embeddable":true,"href":"https:\/\/uj.adatbank.ro\/lexikon\/wp-json\/wp\/v2\/product_brand?post=23309"},{"taxonomy":"product_cat","embeddable":true,"href":"https:\/\/uj.adatbank.ro\/lexikon\/wp-json\/wp\/v2\/product_cat?post=23309"},{"taxonomy":"product_tag","embeddable":true,"href":"https:\/\/uj.adatbank.ro\/lexikon\/wp-json\/wp\/v2\/product_tag?post=23309"}],"curies":[{"name":"wp","href":"https:\/\/api.w.org\/{rel}","templated":true}]}}

TOLVALY Ferenc, jobbágytelki

<p>Póka, 1873., † Póka. 1942: körjegyző, gazdálkodó, ornitológus. – Tanulmányait elvégezve, a közigazgatási pályán működött, 22 év körjegyzőség után nyugdíjazták, azután Pókán gazdálkodott és madártani megfigyeléseket végzett. Tevékenységét a madarak gyűrűzésével kezdte, rendszeres feljegyzéseket készített róluk. Tudatosan telepítette a hasznos madarakat, odúkat és élelmet biztosított számukra (1903–1904). Ő volt az első, aki Erdélyben a téli madártelepítéssel foglalkozott; eredményesen működő verébfogókat szerkesztett. Cikkei, tanulmányai a „Vadászújság”-ban jelentek meg. Koholt vádakkal haditörvényszék elé állították (1918), majd Iaşiban bebörtönözték, csak hajszálon múlott, h. nem végezték ki. Hazatérése után folytatta madártani kutatómunkáját. Brehm: Az állatok világa c. magyarul kiadott változatába is bevették (1930). Hans Salmen: „Die Ornis Siebenbürgens”c. munkájában Erdély legkitűnőbb madárvédőjeként említi. Az Ornitológiai Intézet levelező tagja, nevéről elnevezett ornitológiai szabadalma van, melyet Európa szerte használtak. <br /><strong>– Irod.:</strong> Székelyföld í. k.; Póka.</br></p>

<p>Póka, 1873., † Póka. 1942: körjegyző, gazdálkodó, ornitológus. – Tanulmányait elvégezve, a közigazgatási pályán működött, 22 év körjegyzőség után nyugdíjazták, azután Pókán gazdálkodott és madártani megfigyeléseket végzett. Tevékenységét a madarak gyűrűzésével kezdte, rendszeres feljegyzéseket készített róluk. Tudatosan telepítette a hasznos madarakat, odúkat és élelmet biztosított számukra (1903–1904). Ő volt az első, aki Erdélyben a téli [&hellip;]</p>
